{"id":3385,"date":"2020-12-09T09:03:04","date_gmt":"2020-12-09T05:03:04","guid":{"rendered":"http:\/\/lycee-bellepierre.ac-reunion.fr\/?p=3385"},"modified":"2023-11-06T07:21:24","modified_gmt":"2023-11-06T03:21:24","slug":"cpge-ect","status":"publish","type":"page","link":"https:\/\/etab.ac-reunion.fr\/lyc-bellepierre\/cpge-ect\/","title":{"rendered":"La CPGE Economiques et Commerciales voie Technologique (ECT)"},"content":{"rendered":"\n<p><\/p>\n\n\n\n<p>Acc\u00e9der au blog de la pr\u00e9pa ECT : <a rel=\"noreferrer noopener\" href=\"https:\/\/prepa-ect-lycee-bellepierre.re\/\" target=\"_blank\">lien vers le blog CPGE_ECT<\/a><\/p>\n\n\n\n<p><\/p>\n\n\n\n<p><\/p>\n\n\n\n<p>Cette Classes Pr\u00e9paratoire aux Grandes <strong>\u00c9coles<\/strong> technologique ECT permet de conduire les <strong>bacheliers STMG<\/strong> aux <strong>concours d\u2019entr\u00e9e aux Grandes \u00c9coles de Management<\/strong>, qui se trouvent toutes en m\u00e9tropole.<\/p>\n\n\n\n<p>Si le programme est commun aux deux autres options en culture g\u00e9n\u00e9rale et en langues, les autres mati\u00e8res sont sp\u00e9cifiques \u00e0 cette option, dans la lign\u00e9e de la terminale STMG, avec du management, de la gestion, du droit, mais aussi de l\u2019\u00e9conomie et des math\u00e9matiques.<\/p>\n\n\n\n<p>Il est \u00e0 souligner que la voie T est la seule Classe Pr\u00e9paratoire proposant aux \u00e9tudiants les mati\u00e8res enseign\u00e9es au sein des Grandes \u00c9coles<strong> de Management avec le management, la gestion et l\u2019\u00e9conomie-droit.<\/strong><\/p>\n\n\n\n<p>La CPGE ECT (classes pr\u00e9paratoires \u00e9conomique et commerciale, option Technologique) des permet d\u2019entrer dans les m\u00eames Grandes \u00c9coles<strong> de management<\/strong> que la voie g\u00e9n\u00e9rale ECG.<\/p>\n\n\n\n<p><strong>Au programme &#8230;<\/strong><\/p>\n\n\n<div class=\"wp-block-image\">\n<figure class=\"aligncenter size-full\"><img loading=\"lazy\" decoding=\"async\" width=\"283\" height=\"300\" src=\"https:\/\/etab.ac-reunion.fr\/lyc-bellepierre\/wp-content\/uploads\/sites\/78\/2023\/08\/Volume-horaire.png\" alt=\"\" class=\"wp-image-7377\" \/><\/figure>\n<\/div>\n\n\n<p>La premi\u00e8re ann\u00e9e commence&nbsp;par une remise \u00e0 niveau en&nbsp;culture g\u00e9n\u00e9rale&nbsp;et en&nbsp;langues,&nbsp;o\u00f9 le programme est le m\u00eame que dans la voie g\u00e9n\u00e9rale (ECG).<\/p>\n\n\n\n<p>Le reste de l\u2019emploi du temps est occup\u00e9 par les&nbsp;math\u00e9matiques,&nbsp;qui p\u00e8sent un peu moins dans cette option, les cours de management et gestion dans le prolongement de la terminale STMG,&nbsp;&nbsp;le droit&nbsp;et l\u2019\u00e9conomie.<\/p>\n\n\n\n<p><strong>Quels concours apr\u00e8s ?<\/strong><\/p>\n\n\n\n<p>Les \u00e9tudiants peuvent acc\u00e9der \u00e0 <strong>38 Grandes \u00c9coles de Management en France.<\/strong> Deux concours communs rassemblent la plupart des \u00e9coles de commerce qui recrutent \u00e0 l\u2019issue des classes pr\u00e9paratoires&nbsp;:<\/p>\n\n\n\n<ul class=\"wp-block-list\">\n<li>Le&nbsp;<strong>concours BCE<\/strong> (20 \u00e9coles en 2023) ;<\/li>\n\n\n\n<li>Le&nbsp;<strong>concours Ecricome<\/strong> (5 \u00e9coles en 2023).<\/li>\n<\/ul>\n\n\n\n<p>Autres concours via la concours BCE :<\/p>\n\n\n\n<ul class=\"wp-block-list\">\n<li>\u00c9cole normale sup\u00e9rieure&nbsp;<a href=\"http:\/\/www.onisep.fr\/Ressources\/Univers-Postbac\/Postbac\/Ile-de-France\/Val-de-Marne\/Ecole-normale-superieure-de-Cachan\">(ENS) Cachan<\/a>, d\u00e9partement \u00e9conomie gestion.<\/li>\n<\/ul>\n\n\n\n<p><a href=\"https:\/\/etab.ac-reunion.fr\/lyc-bellepierre\/wp-content\/uploads\/sites\/78\/2019\/03\/Fiche_CPGE_ECT.pdf\" target=\"_blank\" rel=\"noreferrer noopener\">Fiche compl\u00e8te pr\u00e9pa CPGE ECT<\/a><\/p>\n\n\n\n<hr class=\"wp-block-separator has-css-opacity\" \/>\n\n\n\n<p>Acc\u00e9der au blog de la pr\u00e9pa ECT : <a rel=\"noreferrer noopener\" href=\"https:\/\/prepa-ect-lycee-bellepierre.re\/\" target=\"_blank\">lien vers le blog CPGE_ECT<\/a><\/p>\n\n\n\n<p>Acc\u00e9der \u00e0&nbsp; la page facebook de la pr\u00e9pa ECT : <a rel=\"noreferrer noopener\" href=\"https:\/\/www.facebook.com\/prepaECTBellepierre\/\" target=\"_blank\">Lien vers le facebook CPGE_ECT<\/a><\/p>\n<!-- AddThis Advanced Settings generic via filter on the_content --><!-- AddThis Share Buttons generic via filter on the_content -->","protected":false},"excerpt":{"rendered":"<p>Acc\u00e9der au blog de la pr\u00e9pa ECT : lien vers le blog CPGE_ECT Cette Classes Pr\u00e9paratoire aux Grandes \u00c9coles technologique ECT permet de conduire les bacheliers STMG aux concours d\u2019entr\u00e9e aux Grandes \u00c9coles de Management, qui se trouvent toutes en m\u00e9tropole. Si le programme est commun aux deux autres options en culture g\u00e9n\u00e9rale et en [&hellip;]<!-- AddThis Advanced Settings generic via filter on get_the_excerpt --><!-- AddThis Share Buttons generic via filter on get_the_excerpt --><\/p>\n","protected":false},"author":24138,"featured_media":0,"parent":0,"menu_order":0,"comment_status":"closed","ping_status":"closed","template":"","meta":{"footnotes":""},"class_list":["post-3385","page","type-page","status-publish","hentry"],"_links":{"self":[{"href":"https:\/\/etab.ac-reunion.fr\/lyc-bellepierre\/wp-json\/wp\/v2\/pages\/3385","targetHints":{"allow":["GET"]}}],"collection":[{"href":"https:\/\/etab.ac-reunion.fr\/lyc-bellepierre\/wp-json\/wp\/v2\/pages"}],"about":[{"href":"https:\/\/etab.ac-reunion.fr\/lyc-bellepierre\/wp-json\/wp\/v2\/types\/page"}],"author":[{"embeddable":true,"href":"https:\/\/etab.ac-reunion.fr\/lyc-bellepierre\/wp-json\/wp\/v2\/users\/24138"}],"replies":[{"embeddable":true,"href":"https:\/\/etab.ac-reunion.fr\/lyc-bellepierre\/wp-json\/wp\/v2\/comments?post=3385"}],"version-history":[{"count":12,"href":"https:\/\/etab.ac-reunion.fr\/lyc-bellepierre\/wp-json\/wp\/v2\/pages\/3385\/revisions"}],"predecessor-version":[{"id":7531,"href":"https:\/\/etab.ac-reunion.fr\/lyc-bellepierre\/wp-json\/wp\/v2\/pages\/3385\/revisions\/7531"}],"wp:attachment":[{"href":"https:\/\/etab.ac-reunion.fr\/lyc-bellepierre\/wp-json\/wp\/v2\/media?parent=3385"}],"curies":[{"name":"wp","href":"https:\/\/api.w.org\/{rel}","templated":true}]}}