{"id":6599,"date":"2022-12-15T11:44:34","date_gmt":"2022-12-15T07:44:34","guid":{"rendered":"https:\/\/etab.ac-reunion.fr\/lyc-bellepierre\/?page_id=6599"},"modified":"2022-12-15T11:44:34","modified_gmt":"2022-12-15T07:44:34","slug":"bts-gpme-gestion-des-petites-et-moyennes-entreprises","status":"publish","type":"page","link":"https:\/\/etab.ac-reunion.fr\/lyc-bellepierre\/bts-gpme-gestion-des-petites-et-moyennes-entreprises\/","title":{"rendered":"BTS GPME &#8211; Gestion des Petites et Moyennes Entreprises"},"content":{"rendered":"\n<hr class=\"wp-block-separator has-alpha-channel-opacity is-style-wide\" \/>\n\n\n\n<div style=\"height:20px\" aria-hidden=\"true\" class=\"wp-block-spacer\"><\/div>\n\n\n<div class=\"wp-block-image\">\n<figure class=\"aligncenter size-full\"><img loading=\"lazy\" decoding=\"async\" width=\"640\" height=\"404\" src=\"https:\/\/etab.ac-reunion.fr\/lyc-bellepierre\/wp-content\/uploads\/sites\/78\/2022\/12\/teamwork-gb3457e6e2_640.jpg\" alt=\"\" class=\"wp-image-6620\" srcset=\"https:\/\/etab.ac-reunion.fr\/lyc-bellepierre\/wp-content\/uploads\/sites\/78\/2022\/12\/teamwork-gb3457e6e2_640.jpg 640w, https:\/\/etab.ac-reunion.fr\/lyc-bellepierre\/wp-content\/uploads\/sites\/78\/2022\/12\/teamwork-gb3457e6e2_640-512x323.jpg 512w\" sizes=\"auto, (max-width: 640px) 100vw, 640px\" \/><\/figure>\n<\/div>\n\n\n<blockquote class=\"wp-block-quote is-style-default is-layout-flow wp-block-quote-is-layout-flow\" style=\"font-style:normal;font-weight:600\">\n<h3 class=\"wp-block-heading\"><strong><em>Acc\u00e8s \u00e0 la formation<\/em><\/strong><\/h3>\n<\/blockquote>\n\n\n\n<p class=\"has-small-font-size\">La formation est ouverte en priorit\u00e9 aux titulaires du baccalaur\u00e9at STMG et \u00e0 ceux du baccalaur\u00e9at professionnel (Gestion-administration, Commerce, Vente, Accueil-relation clients usagers\u2026) mais tous les titulaires d&rsquo;un baccalaur\u00e9at g\u00e9n\u00e9ral peuvent s&rsquo;y pr\u00e9senter.<\/p>\n\n\n\n<p class=\"has-small-font-size\">L&rsquo;acc\u00e8s au BTS se fait sur dossier.<\/p>\n\n\n\n<p class=\"has-small-font-size\">A noter que les titulaires d&rsquo;un bac technologique ou professionnel du champ professionnel correspondant \u00e0 celui du BTS ayant obtenu la mention bien ou tr\u00e8s bien au baccalaur\u00e9at sont admissibles de droit.<\/p>\n\n\n\n<p><\/p>\n\n\n\n<blockquote class=\"wp-block-quote is-layout-flow wp-block-quote-is-layout-flow\">\n<h3 class=\"wp-block-heading\"><strong><em>R\u00e9f\u00e9rentiel<\/em><\/strong><\/h3>\n<\/blockquote>\n\n\n\n<div class=\"wp-block-buttons is-layout-flex wp-block-buttons-is-layout-flex\">\n<div class=\"wp-block-button aligncenter has-custom-font-size has-small-font-size\"><a class=\"wp-block-button__link wp-element-button\" href=\"\" target=\"_blank\" rel=\"noreferrer noopener\">T\u00e9l\u00e9charger le R\u00e9f\u00e9rentiel du BTS GPME<\/a><\/div>\n<\/div>\n\n\n\n<blockquote class=\"wp-block-quote is-layout-flow wp-block-quote-is-layout-flow\">\n<h3 class=\"wp-block-heading\"><strong><em>Horaire Hebdomadaire<\/em><\/strong><\/h3>\n<\/blockquote>\n\n\n\n<figure class=\"wp-block-image size-full\"><img loading=\"lazy\" decoding=\"async\" width=\"791\" height=\"768\" src=\"https:\/\/etab.ac-reunion.fr\/lyc-bellepierre\/wp-content\/uploads\/sites\/78\/2022\/12\/image-12.png\" alt=\"\" class=\"wp-image-6612\" srcset=\"https:\/\/etab.ac-reunion.fr\/lyc-bellepierre\/wp-content\/uploads\/sites\/78\/2022\/12\/image-12.png 791w, https:\/\/etab.ac-reunion.fr\/lyc-bellepierre\/wp-content\/uploads\/sites\/78\/2022\/12\/image-12-512x497.png 512w, https:\/\/etab.ac-reunion.fr\/lyc-bellepierre\/wp-content\/uploads\/sites\/78\/2022\/12\/image-12-768x746.png 768w, https:\/\/etab.ac-reunion.fr\/lyc-bellepierre\/wp-content\/uploads\/sites\/78\/2022\/12\/image-12-40x40.png 40w\" sizes=\"auto, (max-width: 791px) 100vw, 791px\" \/><\/figure>\n\n\n\n<blockquote class=\"wp-block-quote is-layout-flow wp-block-quote-is-layout-flow\">\n<h3 class=\"wp-block-heading\"><strong><em>R\u00e8glement d&rsquo;examen<\/em><\/strong><\/h3>\n<\/blockquote>\n\n\n<div class=\"wp-block-image\">\n<figure class=\"aligncenter size-full is-resized\"><img loading=\"lazy\" decoding=\"async\" src=\"https:\/\/etab.ac-reunion.fr\/lyc-bellepierre\/wp-content\/uploads\/sites\/78\/2022\/12\/image-13.png\" alt=\"\" class=\"wp-image-6614\" width=\"647\" height=\"864\" srcset=\"https:\/\/etab.ac-reunion.fr\/lyc-bellepierre\/wp-content\/uploads\/sites\/78\/2022\/12\/image-13.png 579w, https:\/\/etab.ac-reunion.fr\/lyc-bellepierre\/wp-content\/uploads\/sites\/78\/2022\/12\/image-13-384x512.png 384w\" sizes=\"auto, (max-width: 647px) 100vw, 647px\" \/><\/figure>\n<\/div><!-- AddThis Advanced Settings generic via filter on the_content --><!-- AddThis Share Buttons generic via filter on the_content -->","protected":false},"excerpt":{"rendered":"<p>Acc\u00e8s \u00e0 la formation La formation est ouverte en priorit\u00e9 aux titulaires du baccalaur\u00e9at STMG et \u00e0 ceux du baccalaur\u00e9at professionnel (Gestion-administration, Commerce, Vente, Accueil-relation clients usagers\u2026) mais tous les titulaires d&rsquo;un baccalaur\u00e9at g\u00e9n\u00e9ral peuvent s&rsquo;y pr\u00e9senter. L&rsquo;acc\u00e8s au BTS se fait sur dossier. A noter que les titulaires d&rsquo;un bac technologique ou professionnel du [&hellip;]<!-- AddThis Advanced Settings generic via filter on get_the_excerpt --><!-- AddThis Share Buttons generic via filter on get_the_excerpt --><\/p>\n","protected":false},"author":19703,"featured_media":6620,"parent":0,"menu_order":0,"comment_status":"closed","ping_status":"closed","template":"","meta":{"footnotes":""},"class_list":["post-6599","page","type-page","status-publish","has-post-thumbnail","hentry"],"_links":{"self":[{"href":"https:\/\/etab.ac-reunion.fr\/lyc-bellepierre\/wp-json\/wp\/v2\/pages\/6599","targetHints":{"allow":["GET"]}}],"collection":[{"href":"https:\/\/etab.ac-reunion.fr\/lyc-bellepierre\/wp-json\/wp\/v2\/pages"}],"about":[{"href":"https:\/\/etab.ac-reunion.fr\/lyc-bellepierre\/wp-json\/wp\/v2\/types\/page"}],"author":[{"embeddable":true,"href":"https:\/\/etab.ac-reunion.fr\/lyc-bellepierre\/wp-json\/wp\/v2\/users\/19703"}],"replies":[{"embeddable":true,"href":"https:\/\/etab.ac-reunion.fr\/lyc-bellepierre\/wp-json\/wp\/v2\/comments?post=6599"}],"version-history":[{"count":18,"href":"https:\/\/etab.ac-reunion.fr\/lyc-bellepierre\/wp-json\/wp\/v2\/pages\/6599\/revisions"}],"predecessor-version":[{"id":6621,"href":"https:\/\/etab.ac-reunion.fr\/lyc-bellepierre\/wp-json\/wp\/v2\/pages\/6599\/revisions\/6621"}],"wp:featuredmedia":[{"embeddable":true,"href":"https:\/\/etab.ac-reunion.fr\/lyc-bellepierre\/wp-json\/wp\/v2\/media\/6620"}],"wp:attachment":[{"href":"https:\/\/etab.ac-reunion.fr\/lyc-bellepierre\/wp-json\/wp\/v2\/media?parent=6599"}],"curies":[{"name":"wp","href":"https:\/\/api.w.org\/{rel}","templated":true}]}}