{"id":7171,"date":"2023-06-16T17:13:13","date_gmt":"2023-06-16T13:13:13","guid":{"rendered":"https:\/\/etab.ac-reunion.fr\/lyc-bellepierre\/?page_id=7171"},"modified":"2023-06-17T11:11:41","modified_gmt":"2023-06-17T07:11:41","slug":"les-journees-europeennes-du-patrimoine","status":"publish","type":"page","link":"https:\/\/etab.ac-reunion.fr\/lyc-bellepierre\/les-journees-europeennes-du-patrimoine\/","title":{"rendered":"Les Journ\u00e9es Europ\u00e9ennes du Patrimoine"},"content":{"rendered":"\n<div style=\"height:25px\" aria-hidden=\"true\" class=\"wp-block-spacer\"><\/div>\n\n\n\n<hr class=\"wp-block-separator has-alpha-channel-opacity\" \/>\n\n\n\n<div style=\"height:25px\" aria-hidden=\"true\" class=\"wp-block-spacer\"><\/div>\n\n\n\n<p style=\"font-size:16px\">Chaque ann\u00e9e les Journ\u00e9es Europ\u00e9ennes du Patrimoine &#8211; JEP &#8211; sont l&rsquo;occasion pour le lyc\u00e9e Bellepierre de pr\u00e9senter toutes les actions r\u00e9aliser autour du D\u00e9veloppement Durable par l&rsquo;\u00e9tablissement.<\/p>\n\n\n\n<p style=\"font-size:16px\">C&rsquo;est l&rsquo;occasion de d\u00e9couvrir et de visiter :<\/p>\n\n\n\n<ul class=\"wp-block-list\" style=\"font-size:16px\">\n<li>L&rsquo;arboretum ;<\/li>\n<\/ul>\n\n\n\n<ul class=\"wp-block-list\" style=\"font-size:16px\">\n<li>Les Ruches de Bellepierre ;<\/li>\n<\/ul>\n\n\n\n<ul class=\"wp-block-list\" style=\"font-size:16px\">\n<li>Des expositions dur le th\u00e8me du d\u00e9veloppement durable ;<\/li>\n<\/ul>\n\n\n\n<ul class=\"wp-block-list\" style=\"font-size:16px\">\n<li>Des ateliers &#8230;<\/li>\n<\/ul>\n\n\n<div class=\"wp-block-image\">\n<figure class=\"aligncenter size-full\"><img loading=\"lazy\" decoding=\"async\" width=\"678\" height=\"407\" src=\"https:\/\/etab.ac-reunion.fr\/lyc-bellepierre\/wp-content\/uploads\/sites\/78\/2023\/06\/JEP_Presentation.png\" alt=\"\" class=\"wp-image-7175\" srcset=\"https:\/\/etab.ac-reunion.fr\/lyc-bellepierre\/wp-content\/uploads\/sites\/78\/2023\/06\/JEP_Presentation.png 678w, https:\/\/etab.ac-reunion.fr\/lyc-bellepierre\/wp-content\/uploads\/sites\/78\/2023\/06\/JEP_Presentation-512x307.png 512w\" sizes=\"auto, (max-width: 678px) 100vw, 678px\" \/><\/figure>\n<\/div>\n\n\n<div style=\"height:25px\" aria-hidden=\"true\" class=\"wp-block-spacer\"><\/div>\n\n\n\n<hr class=\"wp-block-separator has-alpha-channel-opacity\" \/>\n\n\n\n<div style=\"height:25px\" aria-hidden=\"true\" class=\"wp-block-spacer\"><\/div>\n\n\n\n<h2 class=\"wp-block-heading\">Retrouver ci-dessous tous nos articles sur les JEP de Bellepierre : <\/h2>\n\n\n\n<p><\/p>\n\n\n<ul style=\"font-size:16px;\" class=\"wp-block-latest-posts__list alignleft wp-block-latest-posts\"><li><div class=\"wp-block-latest-posts__featured-image alignleft\"><img loading=\"lazy\" decoding=\"async\" width=\"150\" height=\"150\" src=\"https:\/\/etab.ac-reunion.fr\/lyc-bellepierre\/wp-content\/uploads\/sites\/78\/2025\/10\/JEP2025_Bilan-150x150.png\" class=\"attachment-thumbnail size-thumbnail wp-post-image\" alt=\"\" style=\"max-width:75px;max-height:75px;\" srcset=\"https:\/\/etab.ac-reunion.fr\/lyc-bellepierre\/wp-content\/uploads\/sites\/78\/2025\/10\/JEP2025_Bilan-150x150.png 150w, https:\/\/etab.ac-reunion.fr\/lyc-bellepierre\/wp-content\/uploads\/sites\/78\/2025\/10\/JEP2025_Bilan-200x200.png 200w, https:\/\/etab.ac-reunion.fr\/lyc-bellepierre\/wp-content\/uploads\/sites\/78\/2025\/10\/JEP2025_Bilan-130x130.png 130w, https:\/\/etab.ac-reunion.fr\/lyc-bellepierre\/wp-content\/uploads\/sites\/78\/2025\/10\/JEP2025_Bilan-67x67.png 67w, https:\/\/etab.ac-reunion.fr\/lyc-bellepierre\/wp-content\/uploads\/sites\/78\/2025\/10\/JEP2025_Bilan-40x40.png 40w, https:\/\/etab.ac-reunion.fr\/lyc-bellepierre\/wp-content\/uploads\/sites\/78\/2025\/10\/JEP2025_Bilan-184x184.png 184w\" sizes=\"auto, (max-width: 150px) 100vw, 150px\" \/><\/div><a class=\"wp-block-latest-posts__post-title\" href=\"https:\/\/etab.ac-reunion.fr\/lyc-bellepierre\/bilan-des-jep-2025\/\">Bilan des JEP 2025<\/a><div class=\"wp-block-latest-posts__post-excerpt\">Le samedi 20 septembre 2025, le lyc\u00e9e Marguerite Jauzelon a ouvert ses portes Pour la journ\u00e9e Europ\u00e9enne du Patrimoine Circuit [&hellip;]<!-- AddThis Advanced Settings generic via filter on get_the_excerpt --><!-- AddThis Share Buttons generic via filter on get_the_excerpt --><\/div><\/li>\n<li><div class=\"wp-block-latest-posts__featured-image alignleft\"><img loading=\"lazy\" decoding=\"async\" width=\"150\" height=\"150\" src=\"https:\/\/etab.ac-reunion.fr\/lyc-bellepierre\/wp-content\/uploads\/sites\/78\/2025\/09\/JPE2025-Slider-150x150.png\" class=\"attachment-thumbnail size-thumbnail wp-post-image\" alt=\"\" style=\"max-width:75px;max-height:75px;\" srcset=\"https:\/\/etab.ac-reunion.fr\/lyc-bellepierre\/wp-content\/uploads\/sites\/78\/2025\/09\/JPE2025-Slider-150x150.png 150w, https:\/\/etab.ac-reunion.fr\/lyc-bellepierre\/wp-content\/uploads\/sites\/78\/2025\/09\/JPE2025-Slider-200x200.png 200w, https:\/\/etab.ac-reunion.fr\/lyc-bellepierre\/wp-content\/uploads\/sites\/78\/2025\/09\/JPE2025-Slider-130x130.png 130w, https:\/\/etab.ac-reunion.fr\/lyc-bellepierre\/wp-content\/uploads\/sites\/78\/2025\/09\/JPE2025-Slider-67x67.png 67w, https:\/\/etab.ac-reunion.fr\/lyc-bellepierre\/wp-content\/uploads\/sites\/78\/2025\/09\/JPE2025-Slider-40x40.png 40w, https:\/\/etab.ac-reunion.fr\/lyc-bellepierre\/wp-content\/uploads\/sites\/78\/2025\/09\/JPE2025-Slider-184x184.png 184w\" sizes=\"auto, (max-width: 150px) 100vw, 150px\" \/><\/div><a class=\"wp-block-latest-posts__post-title\" href=\"https:\/\/etab.ac-reunion.fr\/lyc-bellepierre\/journees-europeennes-du-patrimoine-2025\/\">Journ\u00e9es Europ\u00e9ennes du Patrimoine 2025<\/a><div class=\"wp-block-latest-posts__post-excerpt\">Samedi 20 septembre 2025, vous fa\u00eetes quelques choses ? &#8212; OUI, je vais, comme tous les ans, \u00e0 la Journ\u00e9e [&hellip;]<!-- AddThis Advanced Settings generic via filter on get_the_excerpt --><!-- AddThis Share Buttons generic via filter on get_the_excerpt --><\/div><\/li>\n<li><div class=\"wp-block-latest-posts__featured-image alignleft\"><img loading=\"lazy\" decoding=\"async\" width=\"150\" height=\"150\" src=\"https:\/\/etab.ac-reunion.fr\/lyc-bellepierre\/wp-content\/uploads\/sites\/78\/2024\/09\/Slider_JEP2024-Bilan-1-150x150.png\" class=\"attachment-thumbnail size-thumbnail wp-post-image\" alt=\"\" style=\"max-width:75px;max-height:75px;\" srcset=\"https:\/\/etab.ac-reunion.fr\/lyc-bellepierre\/wp-content\/uploads\/sites\/78\/2024\/09\/Slider_JEP2024-Bilan-1-150x150.png 150w, https:\/\/etab.ac-reunion.fr\/lyc-bellepierre\/wp-content\/uploads\/sites\/78\/2024\/09\/Slider_JEP2024-Bilan-1-200x200.png 200w, https:\/\/etab.ac-reunion.fr\/lyc-bellepierre\/wp-content\/uploads\/sites\/78\/2024\/09\/Slider_JEP2024-Bilan-1-130x130.png 130w, https:\/\/etab.ac-reunion.fr\/lyc-bellepierre\/wp-content\/uploads\/sites\/78\/2024\/09\/Slider_JEP2024-Bilan-1-67x67.png 67w, https:\/\/etab.ac-reunion.fr\/lyc-bellepierre\/wp-content\/uploads\/sites\/78\/2024\/09\/Slider_JEP2024-Bilan-1-40x40.png 40w, https:\/\/etab.ac-reunion.fr\/lyc-bellepierre\/wp-content\/uploads\/sites\/78\/2024\/09\/Slider_JEP2024-Bilan-1-184x184.png 184w\" sizes=\"auto, (max-width: 150px) 100vw, 150px\" \/><\/div><a class=\"wp-block-latest-posts__post-title\" href=\"https:\/\/etab.ac-reunion.fr\/lyc-bellepierre\/bilan-des-jep-2024\/\">Bilan des JEP 2024<\/a><div class=\"wp-block-latest-posts__post-excerpt\">Ce samedi 21 septembre 2024, le lyc\u00e9e Marguerite Jauzelon a ouvert ses portes Pour la journ\u00e9e Europ\u00e9enne du Patrimoine Circuit [&hellip;]<!-- AddThis Advanced Settings generic via filter on get_the_excerpt --><!-- AddThis Share Buttons generic via filter on get_the_excerpt --><\/div><\/li>\n<li><div class=\"wp-block-latest-posts__featured-image alignleft\"><img loading=\"lazy\" decoding=\"async\" width=\"150\" height=\"150\" src=\"https:\/\/etab.ac-reunion.fr\/lyc-bellepierre\/wp-content\/uploads\/sites\/78\/2024\/09\/Slider_JEP2024-150x150.png\" class=\"attachment-thumbnail size-thumbnail wp-post-image\" alt=\"\" style=\"max-width:75px;max-height:75px;\" srcset=\"https:\/\/etab.ac-reunion.fr\/lyc-bellepierre\/wp-content\/uploads\/sites\/78\/2024\/09\/Slider_JEP2024-150x150.png 150w, https:\/\/etab.ac-reunion.fr\/lyc-bellepierre\/wp-content\/uploads\/sites\/78\/2024\/09\/Slider_JEP2024-200x200.png 200w, https:\/\/etab.ac-reunion.fr\/lyc-bellepierre\/wp-content\/uploads\/sites\/78\/2024\/09\/Slider_JEP2024-130x130.png 130w, https:\/\/etab.ac-reunion.fr\/lyc-bellepierre\/wp-content\/uploads\/sites\/78\/2024\/09\/Slider_JEP2024-67x67.png 67w, https:\/\/etab.ac-reunion.fr\/lyc-bellepierre\/wp-content\/uploads\/sites\/78\/2024\/09\/Slider_JEP2024-40x40.png 40w, https:\/\/etab.ac-reunion.fr\/lyc-bellepierre\/wp-content\/uploads\/sites\/78\/2024\/09\/Slider_JEP2024-184x184.png 184w\" sizes=\"auto, (max-width: 150px) 100vw, 150px\" \/><\/div><a class=\"wp-block-latest-posts__post-title\" href=\"https:\/\/etab.ac-reunion.fr\/lyc-bellepierre\/journees-europeennes-du-patrimoine-2024\/\">Journ\u00e9es Europ\u00e9ennes du Patrimoine 2024<\/a><div class=\"wp-block-latest-posts__post-excerpt\">Samedi 21 septembre 2024 ? J&rsquo;peux pas, j&rsquo;ai JEP au lyc\u00e9e Marguerite Jauzelon \ud83d\ude42 !! S&rsquo;ajouteront au programme la pr\u00e9sence [&hellip;]<!-- AddThis Advanced Settings generic via filter on get_the_excerpt --><!-- AddThis Share Buttons generic via filter on get_the_excerpt --><\/div><\/li>\n<li><div class=\"wp-block-latest-posts__featured-image alignleft\"><img loading=\"lazy\" decoding=\"async\" width=\"150\" height=\"150\" src=\"https:\/\/etab.ac-reunion.fr\/lyc-bellepierre\/wp-content\/uploads\/sites\/78\/2023\/09\/JEP-Slider-2023-150x150.png\" class=\"attachment-thumbnail size-thumbnail wp-post-image\" alt=\"\" style=\"max-width:75px;max-height:75px;\" srcset=\"https:\/\/etab.ac-reunion.fr\/lyc-bellepierre\/wp-content\/uploads\/sites\/78\/2023\/09\/JEP-Slider-2023-150x150.png 150w, https:\/\/etab.ac-reunion.fr\/lyc-bellepierre\/wp-content\/uploads\/sites\/78\/2023\/09\/JEP-Slider-2023-200x200.png 200w, https:\/\/etab.ac-reunion.fr\/lyc-bellepierre\/wp-content\/uploads\/sites\/78\/2023\/09\/JEP-Slider-2023-130x130.png 130w, https:\/\/etab.ac-reunion.fr\/lyc-bellepierre\/wp-content\/uploads\/sites\/78\/2023\/09\/JEP-Slider-2023-67x67.png 67w, https:\/\/etab.ac-reunion.fr\/lyc-bellepierre\/wp-content\/uploads\/sites\/78\/2023\/09\/JEP-Slider-2023-40x40.png 40w, https:\/\/etab.ac-reunion.fr\/lyc-bellepierre\/wp-content\/uploads\/sites\/78\/2023\/09\/JEP-Slider-2023-184x184.png 184w\" sizes=\"auto, (max-width: 150px) 100vw, 150px\" \/><\/div><a class=\"wp-block-latest-posts__post-title\" href=\"https:\/\/etab.ac-reunion.fr\/lyc-bellepierre\/bilan-des-jep-2023\/\">Bilan des JEP 2023<\/a><div class=\"wp-block-latest-posts__post-excerpt\">Comme chaque ann\u00e9e depuis 2018, Le lyc\u00e9e Bellepierre participe aux Journ\u00e9es Europ\u00e9ennes du Patrimoine\u00a0 ! Et comme chaque ann\u00e9e apr\u00e8s [&hellip;]<!-- AddThis Advanced Settings generic via filter on get_the_excerpt --><!-- AddThis Share Buttons generic via filter on get_the_excerpt --><\/div><\/li>\n<li><div class=\"wp-block-latest-posts__featured-image alignleft\"><img loading=\"lazy\" decoding=\"async\" width=\"150\" height=\"150\" src=\"https:\/\/etab.ac-reunion.fr\/lyc-bellepierre\/wp-content\/uploads\/sites\/78\/2023\/09\/JEP-Slider-2023-150x150.png\" class=\"attachment-thumbnail size-thumbnail wp-post-image\" alt=\"\" style=\"max-width:75px;max-height:75px;\" srcset=\"https:\/\/etab.ac-reunion.fr\/lyc-bellepierre\/wp-content\/uploads\/sites\/78\/2023\/09\/JEP-Slider-2023-150x150.png 150w, https:\/\/etab.ac-reunion.fr\/lyc-bellepierre\/wp-content\/uploads\/sites\/78\/2023\/09\/JEP-Slider-2023-200x200.png 200w, https:\/\/etab.ac-reunion.fr\/lyc-bellepierre\/wp-content\/uploads\/sites\/78\/2023\/09\/JEP-Slider-2023-130x130.png 130w, https:\/\/etab.ac-reunion.fr\/lyc-bellepierre\/wp-content\/uploads\/sites\/78\/2023\/09\/JEP-Slider-2023-67x67.png 67w, https:\/\/etab.ac-reunion.fr\/lyc-bellepierre\/wp-content\/uploads\/sites\/78\/2023\/09\/JEP-Slider-2023-40x40.png 40w, https:\/\/etab.ac-reunion.fr\/lyc-bellepierre\/wp-content\/uploads\/sites\/78\/2023\/09\/JEP-Slider-2023-184x184.png 184w\" sizes=\"auto, (max-width: 150px) 100vw, 150px\" \/><\/div><a class=\"wp-block-latest-posts__post-title\" href=\"https:\/\/etab.ac-reunion.fr\/lyc-bellepierre\/journees-europeennes-du-patrimoine-2023\/\">Journ\u00e9es Europ\u00e9ennes du Patrimoine 2023<\/a><div class=\"wp-block-latest-posts__post-excerpt\">Comme chaque ann\u00e9e depuis 2018, Le lyc\u00e9e Bellepierre participe aux Journ\u00e9es Europ\u00e9ennes du Patrimoine\u00a0 ! Pour cette occasion, vous \u00eates [&hellip;]<!-- AddThis Advanced Settings generic via filter on get_the_excerpt --><!-- AddThis Share Buttons generic via filter on get_the_excerpt --><\/div><\/li>\n<li><div class=\"wp-block-latest-posts__featured-image alignleft\"><img loading=\"lazy\" decoding=\"async\" width=\"150\" height=\"150\" src=\"https:\/\/etab.ac-reunion.fr\/lyc-bellepierre\/wp-content\/uploads\/sites\/78\/2022\/09\/JEP2022-150x150.png\" class=\"attachment-thumbnail size-thumbnail wp-post-image\" alt=\"\" style=\"max-width:75px;max-height:75px;\" srcset=\"https:\/\/etab.ac-reunion.fr\/lyc-bellepierre\/wp-content\/uploads\/sites\/78\/2022\/09\/JEP2022-150x150.png 150w, https:\/\/etab.ac-reunion.fr\/lyc-bellepierre\/wp-content\/uploads\/sites\/78\/2022\/09\/JEP2022-200x200.png 200w, https:\/\/etab.ac-reunion.fr\/lyc-bellepierre\/wp-content\/uploads\/sites\/78\/2022\/09\/JEP2022-130x130.png 130w, https:\/\/etab.ac-reunion.fr\/lyc-bellepierre\/wp-content\/uploads\/sites\/78\/2022\/09\/JEP2022-67x67.png 67w, https:\/\/etab.ac-reunion.fr\/lyc-bellepierre\/wp-content\/uploads\/sites\/78\/2022\/09\/JEP2022-40x40.png 40w, https:\/\/etab.ac-reunion.fr\/lyc-bellepierre\/wp-content\/uploads\/sites\/78\/2022\/09\/JEP2022-184x184.png 184w\" sizes=\"auto, (max-width: 150px) 100vw, 150px\" \/><\/div><a class=\"wp-block-latest-posts__post-title\" href=\"https:\/\/etab.ac-reunion.fr\/lyc-bellepierre\/bilan-des-journees-europeennes-du-patrimoine-2022-du-lycee-bellepierre\/\">Bilan des Journ\u00e9es Europ\u00e9ennes du Patrimoine 2022 du lyc\u00e9e Bellepierre.<\/a><div class=\"wp-block-latest-posts__post-excerpt\">Le lyc\u00e9e Bellepierre adresse ses remerciements sinc\u00e8res \u00e0 toutes les personnes qui ont contribu\u00e9 \u00e0 la r\u00e9ussite de cette \u00e9v\u00e8nement, [&hellip;]<!-- AddThis Advanced Settings generic via filter on get_the_excerpt --><!-- AddThis Share Buttons generic via filter on get_the_excerpt --><\/div><\/li>\n<li><div class=\"wp-block-latest-posts__featured-image alignleft\"><img loading=\"lazy\" decoding=\"async\" width=\"150\" height=\"150\" src=\"https:\/\/etab.ac-reunion.fr\/lyc-bellepierre\/wp-content\/uploads\/sites\/78\/2022\/09\/JEP_2022-Slider-1-150x150.png\" class=\"attachment-thumbnail size-thumbnail wp-post-image\" alt=\"\" style=\"max-width:75px;max-height:75px;\" srcset=\"https:\/\/etab.ac-reunion.fr\/lyc-bellepierre\/wp-content\/uploads\/sites\/78\/2022\/09\/JEP_2022-Slider-1-150x150.png 150w, https:\/\/etab.ac-reunion.fr\/lyc-bellepierre\/wp-content\/uploads\/sites\/78\/2022\/09\/JEP_2022-Slider-1-200x200.png 200w, https:\/\/etab.ac-reunion.fr\/lyc-bellepierre\/wp-content\/uploads\/sites\/78\/2022\/09\/JEP_2022-Slider-1-130x130.png 130w, https:\/\/etab.ac-reunion.fr\/lyc-bellepierre\/wp-content\/uploads\/sites\/78\/2022\/09\/JEP_2022-Slider-1-67x67.png 67w, https:\/\/etab.ac-reunion.fr\/lyc-bellepierre\/wp-content\/uploads\/sites\/78\/2022\/09\/JEP_2022-Slider-1-40x40.png 40w, https:\/\/etab.ac-reunion.fr\/lyc-bellepierre\/wp-content\/uploads\/sites\/78\/2022\/09\/JEP_2022-Slider-1-184x184.png 184w\" sizes=\"auto, (max-width: 150px) 100vw, 150px\" \/><\/div><a class=\"wp-block-latest-posts__post-title\" href=\"https:\/\/etab.ac-reunion.fr\/lyc-bellepierre\/journee-europeenne-du-patrimoine-2022-au-lycee-bellepierre\/\">Journ\u00e9e Europ\u00e9enne du Patrimoine 2022 au lyc\u00e9e Bellepierre !<\/a><div class=\"wp-block-latest-posts__post-excerpt\">Le lyc\u00e9e Bellepierre est heureux, cette ann\u00e9e encore, de vous inviter \u00e0 la Journ\u00e9e Europ\u00e9enne du Patrimoine le samedi 17 [&hellip;]<!-- AddThis Advanced Settings generic via filter on get_the_excerpt --><!-- AddThis Share Buttons generic via filter on get_the_excerpt --><\/div><\/li>\n<\/ul>","protected":false},"excerpt":{"rendered":"<p>Chaque ann\u00e9e les Journ\u00e9es Europ\u00e9ennes du Patrimoine &#8211; JEP &#8211; sont l&rsquo;occasion pour le lyc\u00e9e Bellepierre de pr\u00e9senter toutes les actions r\u00e9aliser autour du D\u00e9veloppement Durable par l&rsquo;\u00e9tablissement. C&rsquo;est l&rsquo;occasion de d\u00e9couvrir et de visiter : Retrouver ci-dessous tous nos articles sur les JEP de Bellepierre :<!-- AddThis Advanced Settings generic via filter on get_the_excerpt --><!-- AddThis Share Buttons generic via filter on get_the_excerpt --><\/p>\n","protected":false},"author":19703,"featured_media":0,"parent":0,"menu_order":0,"comment_status":"closed","ping_status":"closed","template":"","meta":{"footnotes":""},"class_list":["post-7171","page","type-page","status-publish","hentry"],"_links":{"self":[{"href":"https:\/\/etab.ac-reunion.fr\/lyc-bellepierre\/wp-json\/wp\/v2\/pages\/7171","targetHints":{"allow":["GET"]}}],"collection":[{"href":"https:\/\/etab.ac-reunion.fr\/lyc-bellepierre\/wp-json\/wp\/v2\/pages"}],"about":[{"href":"https:\/\/etab.ac-reunion.fr\/lyc-bellepierre\/wp-json\/wp\/v2\/types\/page"}],"author":[{"embeddable":true,"href":"https:\/\/etab.ac-reunion.fr\/lyc-bellepierre\/wp-json\/wp\/v2\/users\/19703"}],"replies":[{"embeddable":true,"href":"https:\/\/etab.ac-reunion.fr\/lyc-bellepierre\/wp-json\/wp\/v2\/comments?post=7171"}],"version-history":[{"count":5,"href":"https:\/\/etab.ac-reunion.fr\/lyc-bellepierre\/wp-json\/wp\/v2\/pages\/7171\/revisions"}],"predecessor-version":[{"id":7199,"href":"https:\/\/etab.ac-reunion.fr\/lyc-bellepierre\/wp-json\/wp\/v2\/pages\/7171\/revisions\/7199"}],"wp:attachment":[{"href":"https:\/\/etab.ac-reunion.fr\/lyc-bellepierre\/wp-json\/wp\/v2\/media?parent=7171"}],"curies":[{"name":"wp","href":"https:\/\/api.w.org\/{rel}","templated":true}]}}