{"id":92,"date":"2014-06-17T17:18:19","date_gmt":"2014-06-17T13:18:19","guid":{"rendered":"http:\/\/lycee-bellepierre.ac-reunion.fr\/?page_id=92"},"modified":"2025-08-05T17:35:34","modified_gmt":"2025-08-05T13:35:34","slug":"mentions-legales","status":"publish","type":"page","link":"https:\/\/etab.ac-reunion.fr\/lyc-bellepierre\/mentions-legales\/","title":{"rendered":"Mentions L\u00e9gales &amp; Donn\u00e9es Personnelles"},"content":{"rendered":"\n<div style=\"height:25px\" aria-hidden=\"true\" class=\"wp-block-spacer\"><\/div>\n\n\n\n<hr class=\"wp-block-separator has-css-opacity is-style-wide\" \/>\n\n\n\n<div style=\"height:25px\" aria-hidden=\"true\" class=\"wp-block-spacer\"><\/div>\n\n\n\n<h3 class=\"wp-block-heading has-text-align-left\"><mark class=\"has-inline-color has-black-color\"><strong>Mentions relatives \u00e0 l&rsquo;\u00e9tablissement<\/strong><\/mark><\/h3>\n\n\n\n<div class=\"wp-block-group\"><div class=\"wp-block-group__inner-container is-layout-flow wp-block-group-is-layout-flow\">\n<p class=\"has-text-align-left\" style=\"font-size:18px\">Lyc\u00e9e G\u00e9n\u00e9ral et Technologique Marguerite JAUZELON,<\/p>\n\n\n\n<p class=\"has-text-align-left\" style=\"font-size:18px\">51, boulevard&nbsp; Gaston Monnerville<\/p>\n\n\n\n<p style=\"font-size:18px\">97475 Saint Denis Cedex<\/p>\n\n\n\n<p style=\"font-size:18px\">T\u00e9l. : +262 (0)262.90.73.00&nbsp; &#8211;&nbsp;&nbsp;Fax : +262 (0)262.90.73.39<\/p>\n<\/div><\/div>\n\n\n\n<p style=\"font-size:18px\">@&nbsp;<a href=\"https:\/\/etab.ac-reunion.fr\/lyc-bellepierre\/contact\/\">Contacter le lyc\u00e9e Bellepierre<\/a><\/p>\n\n\n\n<div style=\"height:25px\" aria-hidden=\"true\" class=\"wp-block-spacer\"><\/div>\n\n\n\n<h3 class=\"wp-block-heading\"><strong>Directeurs de la publication et responsables de la r\u00e9daction<\/strong><\/h3>\n\n\n\n<p style=\"font-size:18px\">M. Thierry BUSSY, Chef d&rsquo;\u00e9tablissement,<\/p>\n\n\n\n<p style=\"font-size:18px\">M. Eric HOARAU et M. Lionel PAYET, proviseurs adjoints.<\/p>\n\n\n\n<div style=\"height:25px\" aria-hidden=\"true\" class=\"wp-block-spacer\"><\/div>\n\n\n\n<h3 class=\"wp-block-heading\"><strong>Conception et r\u00e9alisation<\/strong><\/h3>\n\n\n\n<p style=\"font-size:18px\">R\u00e9alisation interne \u00e0 l&rsquo;\u00e9tablissement : Mme Sylvie KOSMALSKI, webmistress.<\/p>\n\n\n\n<div style=\"height:25px\" aria-hidden=\"true\" class=\"wp-block-spacer\"><\/div>\n\n\n\n<h3 class=\"wp-block-heading\"><strong>H\u00e9bergeur du site<\/strong><\/h3>\n\n\n\n<p style=\"font-size:18px\">Rectorat de l\u2019Acad\u00e9mie de La R\u00e9union<\/p>\n\n\n\n<p style=\"font-size:18px\">24, Avenue Georges Brassens<\/p>\n\n\n\n<p style=\"font-size:18px\">CS 71003<\/p>\n\n\n\n<p style=\"font-size:18px\">97743 St-Denis Cedex 9<\/p>\n\n\n\n<p style=\"font-size:18px\">T\u00e9l. +262 (0)2 62 48 10 10<\/p>\n\n\n\n<div style=\"height:25px\" aria-hidden=\"true\" class=\"wp-block-spacer\"><\/div>\n\n\n\n<h3 class=\"wp-block-heading\"><strong>Conditions d&rsquo;utilisation<\/strong><\/h3>\n\n\n\n<p style=\"font-size:18px\">Sur ce site, les photos ne sont pas libres de droit. Elles sont prot\u00e9g\u00e9es par le Code de la Propri\u00e9t\u00e9 Intellectuelle (CPI).<\/p>\n\n\n\n<p style=\"font-size:18px\">Sauf mentions contraire, les textes sont r\u00e9utilisables dans le respect de la licence Creative Commons Attribution &#8211; Pas d&rsquo;Utilisation Commerciale &#8211; Partage dans les m\u00eames Conditions (CC BY-NC-SA).<\/p>\n\n\n<div class=\"wp-block-image\">\n<figure class=\"aligncenter size-large\"><img loading=\"lazy\" decoding=\"async\" width=\"380\" height=\"133\" src=\"https:\/\/etab.ac-reunion.fr\/lyc-bellepierre\/wp-content\/uploads\/sites\/78\/2021\/06\/Creative-Commons.png\" alt=\"\" class=\"wp-image-4212\" \/><\/figure>\n<\/div>\n\n\n<div style=\"height:25px\" aria-hidden=\"true\" class=\"wp-block-spacer\"><\/div>\n\n\n\n<div style=\"height:50px\" aria-hidden=\"true\" class=\"wp-block-spacer\"><\/div>\n\n\n\n<h2 class=\"wp-block-heading has-text-align-center\"><strong>Donn\u00e9es Personnelles<\/strong><\/h2>\n\n\n\n<hr class=\"wp-block-separator has-css-opacity is-style-wide\" \/>\n\n\n\n<hr class=\"wp-block-separator has-css-opacity is-style-wide\" \/>\n\n\n\n<div style=\"height:25px\" aria-hidden=\"true\" class=\"wp-block-spacer\"><\/div>\n\n\n\n<p style=\"font-size:18px\">L&rsquo;\u00e9tablissement traite des donn\u00e9es personnelles conform\u00e9ment au R\u00e8glement G\u00e9n\u00e9ral sur le Protection des Donn\u00e9es (RGPD) et \u00e0 la loi Informatiques et Libert\u00e9s.<\/p>\n\n\n\n<div style=\"height:25px\" aria-hidden=\"true\" class=\"wp-block-spacer\"><\/div>\n\n\n\n<h3 class=\"wp-block-heading\"><strong>Politique de protection des donn\u00e9es<\/strong><\/h3>\n\n\n\n<p style=\"font-size:18px\">Les informations fournies via le formulaire de contact sont transmises par protocole s\u00e9curis\u00e9 au destinataire pour traitement.<\/p>\n\n\n\n<div style=\"height:25px\" aria-hidden=\"true\" class=\"wp-block-spacer\"><\/div>\n\n\n\n<h3 class=\"wp-block-heading\"><strong>Exercez vos droits<\/strong><\/h3>\n\n\n\n<p style=\"font-size:18px\">Pour toute information ou exercice de vos droites Informatique et Libert\u00e9s sur les traitements de donn\u00e9es personnelles g\u00e9r\u00e9s par l&rsquo;\u00e9tablissement, vous pouvez contacter l&rsquo;\u00e9tablissement :<\/p>\n\n\n\n<p style=\"font-size:18px\">Par courrier (avec copie de votre pi\u00e8ce d&rsquo;identit\u00e9 en cas d&rsquo;exercice de vos droits) \u00e0 l&rsquo;adresse suivante : Lyc\u00e9e Bellepierre, 51 boulevard Gaston Monnerville, 97 475 Saint-Denis, Cedex.<\/p>\n\n\n\n<div style=\"height:25px\" aria-hidden=\"true\" class=\"wp-block-spacer\"><\/div>\n\n\n\n<h3 class=\"wp-block-heading\"><strong>A propos des \u00ab\u00a0Cookies\u00a0\u00bb<\/strong><\/h3>\n\n\n\n<p style=\"font-size:18px\">Les \u00ab\u00a0cookies\u00a0\u00bb sont de petits fichiers qui collectent des donn\u00e9es lors de l&rsquo;usage de sites internet.<\/p>\n\n\n\n<div style=\"height:15px\" aria-hidden=\"true\" class=\"wp-block-spacer\"><\/div>\n\n\n\n<h4 class=\"wp-block-heading\"><strong>Cookies internes n\u00e9cessaires au site pour fonctionner<\/strong><\/h4>\n\n\n\n<div style=\"height:15px\" aria-hidden=\"true\" class=\"wp-block-spacer\"><\/div>\n\n\n\n<h4 class=\"wp-block-heading\"><strong>Cookies de mesure d&rsquo;audience<\/strong><\/h4>\n\n\n\n<p style=\"font-size:18px\">La mesure d&rsquo;audience se fait avec Matomo o\u00f9 l&rsquo;adresse IP est anonymis\u00e9e sur 2 octets, conform\u00e9ment aux pr\u00e9conisations de la CNIL.<\/p>\n\n\n\n<div style=\"height:15px\" aria-hidden=\"true\" class=\"wp-block-spacer\"><\/div>\n\n\n\n<h4 class=\"wp-block-heading\"><strong>Cookies tiers li\u00e9s \u00e0 des contenus tiers en ligne<\/strong><\/h4>\n\n\n\n<p style=\"font-size:18px\">Des services tiers n\u00e9cessitent l&rsquo;acceptation des cookies pour fonctionner :<\/p>\n\n\n\n<ul class=\"wp-block-list\">\n<li>Vid\u00e9os en ligne (YouTube) ;<\/li>\n\n\n\n<li>Boutons de partages sur les r\u00e9seaux sociaux (Twitter, Facebook) ;<\/li>\n<\/ul>\n<!-- AddThis Advanced Settings generic via filter on the_content --><!-- AddThis Share Buttons generic via filter on the_content -->","protected":false},"excerpt":{"rendered":"<p>Mentions relatives \u00e0 l&rsquo;\u00e9tablissement Lyc\u00e9e G\u00e9n\u00e9ral et Technologique Marguerite JAUZELON, 51, boulevard&nbsp; Gaston Monnerville 97475 Saint Denis Cedex T\u00e9l. : +262 (0)262.90.73.00&nbsp; &#8211;&nbsp;&nbsp;Fax : +262 (0)262.90.73.39 @&nbsp;Contacter le lyc\u00e9e Bellepierre Directeurs de la publication et responsables de la r\u00e9daction M. Thierry BUSSY, Chef d&rsquo;\u00e9tablissement, M. Eric HOARAU et M. Lionel PAYET, proviseurs adjoints. Conception et [&hellip;]<!-- AddThis Advanced Settings generic via filter on get_the_excerpt --><!-- AddThis Share Buttons generic via filter on get_the_excerpt --><\/p>\n","protected":false},"author":19703,"featured_media":0,"parent":0,"menu_order":1,"comment_status":"closed","ping_status":"closed","template":"page-full.php","meta":{"footnotes":""},"class_list":["post-92","page","type-page","status-publish","hentry"],"_links":{"self":[{"href":"https:\/\/etab.ac-reunion.fr\/lyc-bellepierre\/wp-json\/wp\/v2\/pages\/92","targetHints":{"allow":["GET"]}}],"collection":[{"href":"https:\/\/etab.ac-reunion.fr\/lyc-bellepierre\/wp-json\/wp\/v2\/pages"}],"about":[{"href":"https:\/\/etab.ac-reunion.fr\/lyc-bellepierre\/wp-json\/wp\/v2\/types\/page"}],"author":[{"embeddable":true,"href":"https:\/\/etab.ac-reunion.fr\/lyc-bellepierre\/wp-json\/wp\/v2\/users\/19703"}],"replies":[{"embeddable":true,"href":"https:\/\/etab.ac-reunion.fr\/lyc-bellepierre\/wp-json\/wp\/v2\/comments?post=92"}],"version-history":[{"count":79,"href":"https:\/\/etab.ac-reunion.fr\/lyc-bellepierre\/wp-json\/wp\/v2\/pages\/92\/revisions"}],"predecessor-version":[{"id":9013,"href":"https:\/\/etab.ac-reunion.fr\/lyc-bellepierre\/wp-json\/wp\/v2\/pages\/92\/revisions\/9013"}],"wp:attachment":[{"href":"https:\/\/etab.ac-reunion.fr\/lyc-bellepierre\/wp-json\/wp\/v2\/media?parent=92"}],"curies":[{"name":"wp","href":"https:\/\/api.w.org\/{rel}","templated":true}]}}