{"id":10264,"date":"2022-02-24T06:43:28","date_gmt":"2022-02-24T05:43:28","guid":{"rendered":"http:\/\/lycee-bois-d-olive.ac-reunion.fr\/?page_id=10264"},"modified":"2024-10-02T10:07:46","modified_gmt":"2024-10-02T06:07:46","slug":"sti2d-3","status":"publish","type":"page","link":"https:\/\/etab.ac-reunion.fr\/lyc-bois-d-olive\/sti2d-3\/","title":{"rendered":"STI2D"},"content":{"rendered":"<p><strong><span style=\"color: #008000;font-size: 1.4em\">Le Bac STI2D c&rsquo;est quoi ?<\/span><\/strong><\/p>\n<h2 style=\"text-align: center;font-size: 1.6em\">Sciences et Technologies de l\u2019Industrie et du D\u00e9veloppement Durable (STI2D)<\/h2>\n<h3>Sommaire<\/h3>\n<ol>\n<li style=\"text-align: left;font-size: 1.3em\"><strong><a style=\"color: #008000\" href=\"#resume\">En r\u00e9sum\u00e9\u2026<\/a><\/strong><\/li>\n<li style=\"text-align: left;font-size: 1.3em\"><strong><a style=\"color: #008000\" href=\"#objectifs\">Objectifs<\/a><\/strong><\/li>\n<li style=\"text-align: left;font-size: 1.3em\"><strong><a style=\"color: #008000\" href=\"#volumeho\">Volumes horaires<\/a><\/strong><\/li>\n<li style=\"text-align: left;font-size: 1.3em\"><strong><a style=\"color: #008000\" href=\"#enseigdet\">Les enseignements technologiques en d\u00e9tails<\/a><\/strong><\/li>\n<li style=\"text-align: left;font-size: 1.3em\"><strong><a style=\"color: #008000\" href=\"#spec\">Les sp\u00e9cialit\u00e9s propos\u00e9es par le lyc\u00e9e de Bois d\u2019Olive<\/a><\/strong><\/li>\n<li style=\"text-align: left;font-size: 1.3em\"><strong><a style=\"color: #008000\" href=\"#debouche\">D\u00e9bouch\u00e9s<\/a><\/strong><\/li>\n<li style=\"text-align: left;font-size: 1.3em\"><strong><a style=\"color: #008000\" href=\"#poursuite\">Poursuite d\u2019\u00e9tudes<\/a><\/strong><\/li>\n<li style=\"text-align: left;font-size: 1.3em\"><strong><a style=\"color: #008000\" href=\"#equipe\">L\u2019\u00e9quipe enseignante en technologie<\/a><\/strong><\/li>\n<li style=\"text-align: left;font-size: 1.4em\"><strong><a style=\"color: #008000\" href=\"#video\">La STI2D en vid\u00e9o<\/a><\/strong><\/li>\n<li style=\"text-align: left;font-size: 1.3em\"><strong><a style=\"color: #008000\" href=\"#plus\">Vous souhaitez en savoir plus<\/a><\/strong><\/li>\n<\/ol>\n<h4 id=\"resume\" style=\"font-size: 1.4em\"><strong style=\"color: #008000\">1 &#8211; En r\u00e9sum\u00e9\u2026<\/strong><\/h4>\n<h4 style=\"font-family: Yanone Kaffeesatz Light;font-weight: 400;font-size: 1.2em\">\u00ab Le bac technologique STI2D s\u2019adresse aux lyc\u00e9ens qui s\u2019int\u00e9ressent \u00e0 l\u2019innovation technologique dans le respect de l\u2019environnement et qui seront sensibles \u00e0 une approche concr\u00e8te de l\u2019enseignement des sciences. Plusieurs domaines dans les secteurs industriels sont abord\u00e9s comme l\u2019\u00e9lectronique, l\u2019\u00e9nergie durable, le num\u00e9rique ou encore l\u2019architecture et la construction.<br \/>\nLes m\u00e9thodes d\u2019enseignement s\u2019appuient essentiellement sur des activit\u00e9s pratiques en ilots et sur de la p\u00e9dagogie de projet, privil\u00e9giant ainsi l\u2019implication de l\u2019\u00e9l\u00e8ve dans son processus d\u2019apprentissage. Elles stimulent \u00e9galement la r\u00e9flexion de l\u2019\u00e9l\u00e8ve, l\u2019entra\u00eenent \u00e0 la prise de d\u00e9cision et l\u2019aident dans l\u2019appropriation des connaissances th\u00e9oriques. Accompagn\u00e9s par l\u2019\u00e9quipe p\u00e9dagogique, les lyc\u00e9ens sont soutenus dans leur parcours.<\/h4>\n<h4 id=\"objectifs\" style=\"margin-bottom: 2%;font-size: 1.4em\"><strong style=\"color: #008000\">2 &#8211; Objectifs<\/strong><\/h4>\n<p><a href=\"https:\/\/etab.ac-reunion.fr\/lyc-bois-d-olive\/wp-content\/uploads\/sites\/147\/2022\/02\/PresentationSTI2D_objectifs-1.png\"><img decoding=\"async\" style=\"width: 90%;height: auto\" src=\"https:\/\/etab.ac-reunion.fr\/lyc-bois-d-olive\/wp-content\/uploads\/sites\/147\/2022\/02\/PresentationSTI2D_objectifs-1.png\" alt=\"Objectifs\" \/><\/a><\/p>\n<h4 id=\"volumeho\" style=\"margin-bottom: 2%;font-size: 1.4em\"><strong style=\"color: #008000\">3 &#8211; Volumes horaires<\/strong><\/h4>\n<p><strong style=\"font-size: 1.2em\">Le tableau ci-apr\u00e8s d\u00e9taille l\u2019ensemble des enseignements prodigu\u00e9s en cycle terminal STI2D.<\/strong><br \/>\n<a style=\"width: 100%;height: auto\" href=\"https:\/\/etab.ac-reunion.fr\/lyc-bois-d-olive\/wp-content\/uploads\/sites\/147\/2022\/02\/Presentation-STI2D_volumeH.png\"><img decoding=\"async\" style=\"width: 80%;height: auto\" src=\"https:\/\/etab.ac-reunion.fr\/lyc-bois-d-olive\/wp-content\/uploads\/sites\/147\/2022\/02\/Presentation-STI2D_volumeH.png\" alt=\"Volumes horaires\" \/><\/a><\/p>\n<h4 id=\"enseigdet\" style=\"margin-bottom: 2%;font-size: 1.4em\"><strong style=\"color: #008000\">4 &#8211; Les enseignements technologiques en d\u00e9tails<\/strong><\/h4>\n<p><em style=\"font-size: 1.2em\"><strong style=\"text-decoration: underline\">En Premi\u00e8re<\/strong> : 2 enseignements technologiques<\/em><br \/>\n<a style=\"width: 100%;height: auto\" href=\"https:\/\/etab.ac-reunion.fr\/lyc-bois-d-olive\/wp-content\/uploads\/sites\/147\/2022\/02\/Presentation-STI2D_enseigTechno.png\"><img decoding=\"async\" style=\"width: 80%;height: auto\" src=\"https:\/\/etab.ac-reunion.fr\/lyc-bois-d-olive\/wp-content\/uploads\/sites\/147\/2022\/02\/Presentation-STI2D_enseigTechno.png\" alt=\"Enseignements technologiques - En premi\u00e8re\" \/><\/a><br \/>\n<em style=\"font-size: 1.2em\"><strong style=\"text-decoration: underline\">En Terminale<\/strong> : 1 enseignement sp\u00e9cifique technologique<\/em><br \/>\n<a style=\"margin-top: -1em\" href=\"https:\/\/etab.ac-reunion.fr\/lyc-bois-d-olive\/wp-content\/uploads\/sites\/147\/2022\/02\/Presentation-STI2D_enseigTechno_Term.png\"><img decoding=\"async\" style=\"width: 80%;height: auto\" src=\"https:\/\/etab.ac-reunion.fr\/lyc-bois-d-olive\/wp-content\/uploads\/sites\/147\/2022\/02\/Presentation-STI2D_enseigTechno_Term.png\" alt=\"Enseignements technologiques - En terminale\" \/><\/a><br \/>\n<em style=\"font-size: 1.2em\"><strong style=\"text-decoration: underline\">Th\u00e8mes abord\u00e9s en Premi\u00e8re et Terminale<\/strong> : la technologie et les sciences au c\u0153ur de la formation !<\/em><\/p>\n<ul style=\"margin-left: 2em;font-size: 1.2em\">\n<li style=\"list-style-type: none\">\n<ul>\n<li style=\"list-style-type: none\">\n<ul>\n<li>Description d\u2019un syst\u00e8me et analyse des besoins d\u2019un client<\/li>\n<li>Cr\u00e9ativit\u00e9 et innovation<\/li>\n<li>Conception durable<\/li>\n<li>Structure et fonctionnement d\u2019un syst\u00e8me<\/li>\n<li>Valider le comportement d\u2019un syst\u00e8me par la simulation<\/li>\n<li>Intelligence d\u2019un syst\u00e8me<\/li>\n<li>Transmission des informations sans l\u2019intervention humaine<\/li>\n<li>Am\u00e9lioration du comportement \u00e9nerg\u00e9tique d\u2019une maison<\/li>\n<li>Solutions \u00e9co-constructives<\/li>\n<li>Comportements \u00e9nerg\u00e9tiques d\u2019un produit<\/li>\n<li>Eco-conception des syst\u00e8mes<\/li>\n<li>Performances bioclimatiques<\/li>\n<li>Ma\u00eetrise des consommations \u00e9nerg\u00e9tiques d\u2019un syst\u00e8me<\/li>\n<li>Optimiser les \u00e9changes d\u2019information d\u2019un point de vue du d\u00e9veloppement durable<\/li>\n<li>Valider une solution par le prototypage<\/li>\n<\/ul>\n<\/li>\n<\/ul>\n<\/li>\n<\/ul>\n<p style=\"font-size: 1.2em\">Les \u00e9l\u00e8ves profitent de leur ann\u00e9e de premi\u00e8re pour d\u00e9couvrir l\u2019ensemble de sp\u00e9cialit\u00e9s propos\u00e9es par le lyc\u00e9e. En fin d\u2019ann\u00e9e, ils sont ainsi en mesure de choisir une sp\u00e9cialit\u00e9 pour leur ann\u00e9e de terminale.<\/p>\n<h4 id=\"spec\" style=\"font-size: 1.4em\"><strong style=\"color: #008000\">5 &#8211; Les sp\u00e9cialit\u00e9s propos\u00e9es par le lyc\u00e9e de Bois d\u2019Olive<\/strong><\/h4>\n<p style=\"font-size: 1.2em\">Au lyc\u00e9e de Bois d\u2019Olive, nous proposons 3 sp\u00e9cialit\u00e9s sur 4\u00a0:<\/p>\n<p><strong style=\"font-size: 1.3em\">\u2013 AC\u00a0: Architecture et Construction\u00a0<\/strong><br \/>\n<a style=\"margin-top: -1em\" href=\"https:\/\/etab.ac-reunion.fr\/lyc-bois-d-olive\/wp-content\/uploads\/sites\/147\/2022\/02\/Presentation-STI2D_ArchitecConstruct.png\"><img decoding=\"async\" style=\"margin-bottom: 1em;width: 90%;height: auto\" src=\"https:\/\/etab.ac-reunion.fr\/lyc-bois-d-olive\/wp-content\/uploads\/sites\/147\/2022\/02\/Presentation-STI2D_ArchitecConstruct.png\" alt=\"AC\u00a0: Architecture et Construction\" \/><\/a><br \/>\n<strong style=\"font-size: 1.3em\">\u2013 EE\u00a0: Energie et Environnement<\/strong><br \/>\n<a style=\"margin-top: -1em\" href=\"https:\/\/etab.ac-reunion.fr\/lyc-bois-d-olive\/wp-content\/uploads\/sites\/147\/2022\/02\/Presentation-STI2D_EnergieEnvironnement.png\"><img decoding=\"async\" style=\"margin-bottom: 1em;margin-top: 1em;width: 90%;height: auto\" src=\"https:\/\/etab.ac-reunion.fr\/lyc-bois-d-olive\/wp-content\/uploads\/sites\/147\/2022\/02\/Presentation-STI2D_EnergieEnvironnement.png\" alt=\"EE : Energie et Environnement\" \/><\/a><br \/>\n<strong style=\"font-size: 1.3em\">\u2013 SIN\u00a0: Syst\u00e8mes d\u2019information et num\u00e9rique<\/strong><br \/>\n<a style=\"margin-top: -1em\" href=\"https:\/\/etab.ac-reunion.fr\/lyc-bois-d-olive\/wp-content\/uploads\/sites\/147\/2022\/02\/Presentation-STI2D_SystemesInformationNumerique.png\"><img decoding=\"async\" style=\"margin-bottom: 1em;margin-top: 1em;width: 90%;height: auto\" src=\"https:\/\/etab.ac-reunion.fr\/lyc-bois-d-olive\/wp-content\/uploads\/sites\/147\/2022\/02\/Presentation-STI2D_SystemesInformationNumerique.png\" alt=\"SIN : Syst\u00e8mes d\u2019information et num\u00e9rique\" \/><\/a><\/p>\n<h4 id=\"debouche\" style=\"font-size: 1.4em\"><strong style=\"color: #008000\">6 &#8211; D\u00e9bouch\u00e9s<\/strong><\/h4>\n<p><a style=\"margin-top: -1em\" href=\"https:\/\/etab.ac-reunion.fr\/lyc-bois-d-olive\/wp-content\/uploads\/sites\/147\/2022\/02\/Presentation-STI2D_Debouches.png\"><img decoding=\"async\" style=\"margin-bottom: 1em;width: 85%;height: auto\" src=\"https:\/\/etab.ac-reunion.fr\/lyc-bois-d-olive\/wp-content\/uploads\/sites\/147\/2022\/02\/Presentation-STI2D_Debouches.png\" alt=\"D\u00e9bouch\u00e9s\" \/><\/a><\/p>\n<h4 id=\"poursuite\" style=\"font-size: 1.4em\"><strong style=\"color: #008000\">7 &#8211; Poursuite d\u2019\u00e9tudes<\/strong><\/h4>\n<p><a style=\"margin-top: -1em\" href=\"https:\/\/etab.ac-reunion.fr\/lyc-bois-d-olive\/wp-content\/uploads\/sites\/147\/2022\/02\/Presentation-STI2D_PoursuiteEtudes.png\"><img decoding=\"async\" style=\"margin-bottom: 1em;margin-top: 1em;width: 80%;height: auto\" src=\"https:\/\/etab.ac-reunion.fr\/lyc-bois-d-olive\/wp-content\/uploads\/sites\/147\/2022\/02\/Presentation-STI2D_PoursuiteEtudes.png\" alt=\"Poursuite d\u2019\u00e9tudes\" \/><\/a><\/p>\n<h4 id=\"equipe\" style=\"margin-bottom: 1em;font-size: 1.4em\"><strong style=\"color: #008000\">8 &#8211; L\u2019\u00e9quipe enseignante en technologie<\/strong><\/h4>\n<p style=\"font-size: 1.2em\">L\u2019\u00e9quipe est compos\u00e9e de 8 enseignants pour la partie technologique. La plupart d\u2019entre eux sont des professionnels qui ont int\u00e9gr\u00e9 l\u2019\u00e9ducation nationale apr\u00e8s plusieurs ann\u00e9es dans des entreprises priv\u00e9es (<em>bureau d\u2019\u00e9tude, bureau d\u2019architecture, industries, etc\u2026<\/em>). Les \u00e9l\u00e8ves sont ainsi mis face \u00e0 des situations r\u00e9elles au cours des enseignements qui leur sont prodigu\u00e9s.<\/p>\n<p style=\"font-size: 1.2em\">De plus, la plupart des professeurs enseigne aussi en \u00e9tudes post-bac\u00a0:<strong>\u00a0BTS FABCR<\/strong>,\u00a0<strong>BTS MEC<\/strong>,\u00a0<strong>BTS FED<\/strong>\u00a0au lyc\u00e9e et \u00e0 l\u2019universit\u00e9. Ils pourront donc aider les \u00e9l\u00e8ves \u00e0 s\u2019orienter apr\u00e8s le bac.<\/p>\n<p>Alexandre\u00a0<strong>CLAIN,<\/strong>\u00a0enseignant Architecture et Construction, enseignant en\u00a0<strong>BTS MEC<\/strong><br \/>\nGuillaume <strong>GUEGAN<\/strong>, enseignant Architecture et Construction, enseignant en\u00a0<strong>BTS FABCR<\/strong><br \/>\nArnold <strong>JAURES<\/strong>, enseignant Syst\u00e8me Information Num\u00e9rique, enseignant en\u00a0<strong>BTS FED<\/strong><br \/>\nDominique\u00a0<strong>LESPORT<\/strong>, enseignant Energie et Environnement, enseignant en\u00a0<strong>CPESIP<\/strong><br \/>\nDavid <strong>RAMALINGOM<\/strong>, enseignant Architecture et Construction, enseignant en\u00a0<strong>BTS MEC<\/strong><\/p>\n<h4 id=\"video\" style=\"margin-bottom: 1em;font-size: 1.4em\"><strong style=\"color: #008000\">9 &#8211; La STI2D en vid\u00e9o<\/strong><\/h4>\n<p style=\"font-size: 1.2em\">Le bac STI2D vu par des \u00e9l\u00e8ves et leurs enseignants\u00a0:<\/p>\n<div style=\"width: 640px;\" class=\"wp-video\"><video class=\"wp-video-shortcode\" id=\"video-10264-1\" width=\"640\" height=\"360\" preload=\"metadata\" controls=\"controls\"><source type=\"video\/mp4\" src=\"https:\/\/etab.ac-reunion.fr\/lyc-bois-d-olive\/wp-content\/uploads\/sites\/147\/2021\/11\/STI2D-FilmPromo-SD_1.mp4?_=1\" \/><a href=\"https:\/\/etab.ac-reunion.fr\/lyc-bois-d-olive\/wp-content\/uploads\/sites\/147\/2021\/11\/STI2D-FilmPromo-SD_1.mp4\">https:\/\/etab.ac-reunion.fr\/lyc-bois-d-olive\/wp-content\/uploads\/sites\/147\/2021\/11\/STI2D-FilmPromo-SD_1.mp4<\/a><\/video><\/div>\n<h4 id=\"plus\" style=\"margin-bottom: 1em;font-size: 1.4em\"><strong style=\"color: #008000\">10 &#8211; Vous souhaitez en savoir plus ?<\/strong><\/h4>\n<p style=\"font-size: 1.2em\">Vous pouvez nous envoyer un mail avec vos questions (<em>onglet contact) <\/em>ou appeler directement le DDFPT au 02 62 49 89 71. Nous y r\u00e9pondrons avec plaisir !<\/p>\n<p style=\"font-size: 1.2em\">Enfin, sachez que nous proposons des\u00a0<strong>demi-journ\u00e9es d\u2019immersion<\/strong>\u00a0au sein de nos classes sur simple demande. Vous serez invit\u00e9(e) \u00e0 travailler et discuter avec nos \u00e9l\u00e8ves de premi\u00e8re ou de terminale au cours d\u2019une s\u00e9ance d\u2019activit\u00e9s afin de vous renseigner davantage sur le bac STI2D et comprendre son fonctionnement.<\/p>\n<p style=\"font-size: 1.2em\">Pour consulter les actualit\u00e9s et les actions r\u00e9alis\u00e9es en STI2D, c\u2019est\u00a0<a href=\"https:\/\/etab.ac-reunion.fr\/lyc-bois-d-olive\/category\/sti2d\/\">ici<\/a>.<\/p>\n","protected":false},"excerpt":{"rendered":"<p>Le Bac STI2D c&rsquo;est quoi ? Sciences et Technologies de l\u2019Industrie et du D\u00e9veloppement Durable (STI2D) Sommaire En r\u00e9sum\u00e9\u2026 Objectifs\u2026<\/p>\n<p class=\"continue-reading-button\"> <a class=\"continue-reading-link\" href=\"https:\/\/etab.ac-reunion.fr\/lyc-bois-d-olive\/sti2d-3\/\">Lire la suite<i class=\"crycon-right-dir\"><\/i><\/a><\/p>\n","protected":false},"author":27589,"featured_media":0,"parent":0,"menu_order":0,"comment_status":"closed","ping_status":"closed","template":"","meta":{"footnotes":""},"class_list":["post-10264","page","type-page","status-publish","hentry"],"_links":{"self":[{"href":"https:\/\/etab.ac-reunion.fr\/lyc-bois-d-olive\/wp-json\/wp\/v2\/pages\/10264","targetHints":{"allow":["GET"]}}],"collection":[{"href":"https:\/\/etab.ac-reunion.fr\/lyc-bois-d-olive\/wp-json\/wp\/v2\/pages"}],"about":[{"href":"https:\/\/etab.ac-reunion.fr\/lyc-bois-d-olive\/wp-json\/wp\/v2\/types\/page"}],"author":[{"embeddable":true,"href":"https:\/\/etab.ac-reunion.fr\/lyc-bois-d-olive\/wp-json\/wp\/v2\/users\/27589"}],"replies":[{"embeddable":true,"href":"https:\/\/etab.ac-reunion.fr\/lyc-bois-d-olive\/wp-json\/wp\/v2\/comments?post=10264"}],"version-history":[{"count":318,"href":"https:\/\/etab.ac-reunion.fr\/lyc-bois-d-olive\/wp-json\/wp\/v2\/pages\/10264\/revisions"}],"predecessor-version":[{"id":15275,"href":"https:\/\/etab.ac-reunion.fr\/lyc-bois-d-olive\/wp-json\/wp\/v2\/pages\/10264\/revisions\/15275"}],"wp:attachment":[{"href":"https:\/\/etab.ac-reunion.fr\/lyc-bois-d-olive\/wp-json\/wp\/v2\/media?parent=10264"}],"curies":[{"name":"wp","href":"https:\/\/api.w.org\/{rel}","templated":true}]}}