{"id":11489,"date":"2022-09-30T15:05:35","date_gmt":"2022-09-30T14:05:35","guid":{"rendered":"https:\/\/etab.ac-reunion.fr\/lyc-bois-d-olive\/?page_id=11489"},"modified":"2025-05-30T14:46:29","modified_gmt":"2025-05-30T10:46:29","slug":"specialites","status":"publish","type":"page","link":"https:\/\/etab.ac-reunion.fr\/lyc-bois-d-olive\/formations\/specialites\/","title":{"rendered":"Les sp\u00e9cialit\u00e9s"},"content":{"rendered":"<blockquote><p>\u00a0Le lyc\u00e9e de Bois d&rsquo;Olive propose aux \u00e9l\u00e8ves diverses sp\u00e9cialit\u00e9s d&rsquo;enseignement g\u00e9n\u00e9ral qui s&rsquo;adaptent aux go\u00fbts et motivations de chacun. D\u00e9couvrez-les plus en d\u00e9tails ci-apr\u00e8s.<\/p><\/blockquote>\n<ul style=\"line-height: 2.5em\">\n<li><span style=\"font-size: 16pt;font-family: 'Raleway', Arial, sans-serif;color: #444444\"><strong><a style=\"text-decoration: auto\" href=\"https:\/\/etab.ac-reunion.fr\/lyc-bois-d-olive\/formations\/anglais-monde-contemporain\/\" target=\"_blank\" rel=\"noopener\">Anglais Monde Contemporain (AMC)<\/a><\/strong><\/span><\/li>\n<li><span style=\"font-size: 16pt;font-family: 'Raleway', Arial, sans-serif;color: #444444\"><strong>Histoire g\u00e9ographie, g\u00e9opolitique et sciences politiques (HGGSP)<\/strong><\/span><\/li>\n<li><span style=\"font-size: 16pt;font-family: 'Raleway', Arial, sans-serif;color: #444444\"><strong><a style=\"text-decoration: auto\" href=\"https:\/\/etab.ac-reunion.fr\/lyc-bois-d-olive\/formations\/humanite-litterature-et-philosophie\/\" target=\"_blank\" rel=\"noopener\">Humanit\u00e9, Litt\u00e9rature et Philosophie (HLP)<\/a><\/strong><\/span><\/li>\n<li><span style=\"font-size: 16pt;font-family: 'Raleway', Arial, sans-serif;color: #444444\"><strong><a style=\"text-decoration: auto\" href=\"https:\/\/etab.ac-reunion.fr\/lyc-bois-d-olive\/specialite-mathematiques\/\" target=\"_blank\" rel=\"noopener\">Math\u00e9matiques<\/a><\/strong><\/span><\/li>\n<li><span style=\"font-size: 16pt;font-family: 'Raleway', Arial, sans-serif;color: #444444\"><strong><a style=\"text-decoration: auto\" href=\"https:\/\/etab.ac-reunion.fr\/lyc-bois-d-olive\/formations\/specialites\/nsi-numerique-et-sciences-informatiques\/\" target=\"_blank\" rel=\"noopener\">Num\u00e9rique et Sciences Informatiques (NSI)<\/a><\/strong><\/span><\/li>\n<li><span style=\"font-size: 16pt;font-family: 'Raleway', Arial, sans-serif;color: #444444\"><strong><a style=\"text-decoration: auto\" href=\"https:\/\/etab.ac-reunion.fr\/lyc-bois-d-olive\/formations\/specialites\/specialite-physique-chimie\/\" target=\"_blank\" rel=\"noopener\">Physique-Chimie<\/a><\/strong><\/span><\/li>\n<li><span style=\"font-size: 16pt;font-family: 'Raleway', Arial, sans-serif;color: #444444\"><strong>Sciences \u00c9conomiques et Sociales (SES)<\/strong><\/span><\/li>\n<li><span style=\"font-size: 16pt;font-family: 'Raleway', Arial, sans-serif;color: #444444\"><strong><a style=\"text-decoration: auto\" href=\"https:\/\/etab.ac-reunion.fr\/lyc-bois-d-olive\/formations\/specialites\/sciences-de-lingenieur-si\/\" target=\"_blank\" rel=\"noopener\">Sciences de l&rsquo;ing\u00e9nieur (SI)<\/a><\/strong><\/span><\/li>\n<li><span style=\"font-size: 16pt;font-family: 'Raleway', Arial, sans-serif;color: #444444\"><strong><a style=\"text-decoration: auto\" href=\"https:\/\/etab.ac-reunion.fr\/lyc-bois-d-olive\/formations\/specialites\/specialite-svt\/\" target=\"_blank\" rel=\"noopener\">Sciences de la Vie et de la Terre (SVT)<\/a><\/strong><\/span><\/li>\n<\/ul>\n","protected":false},"excerpt":{"rendered":"<p>\u00a0Le lyc\u00e9e de Bois d&rsquo;Olive propose aux \u00e9l\u00e8ves diverses sp\u00e9cialit\u00e9s d&rsquo;enseignement g\u00e9n\u00e9ral qui s&rsquo;adaptent aux go\u00fbts et motivations de chacun.\u2026<\/p>\n<p class=\"continue-reading-button\"> <a class=\"continue-reading-link\" href=\"https:\/\/etab.ac-reunion.fr\/lyc-bois-d-olive\/formations\/specialites\/\">Lire la suite<i class=\"crycon-right-dir\"><\/i><\/a><\/p>\n","protected":false},"author":31373,"featured_media":0,"parent":88,"menu_order":0,"comment_status":"closed","ping_status":"closed","template":"","meta":{"footnotes":""},"class_list":["post-11489","page","type-page","status-publish","hentry"],"_links":{"self":[{"href":"https:\/\/etab.ac-reunion.fr\/lyc-bois-d-olive\/wp-json\/wp\/v2\/pages\/11489","targetHints":{"allow":["GET"]}}],"collection":[{"href":"https:\/\/etab.ac-reunion.fr\/lyc-bois-d-olive\/wp-json\/wp\/v2\/pages"}],"about":[{"href":"https:\/\/etab.ac-reunion.fr\/lyc-bois-d-olive\/wp-json\/wp\/v2\/types\/page"}],"author":[{"embeddable":true,"href":"https:\/\/etab.ac-reunion.fr\/lyc-bois-d-olive\/wp-json\/wp\/v2\/users\/31373"}],"replies":[{"embeddable":true,"href":"https:\/\/etab.ac-reunion.fr\/lyc-bois-d-olive\/wp-json\/wp\/v2\/comments?post=11489"}],"version-history":[{"count":22,"href":"https:\/\/etab.ac-reunion.fr\/lyc-bois-d-olive\/wp-json\/wp\/v2\/pages\/11489\/revisions"}],"predecessor-version":[{"id":16285,"href":"https:\/\/etab.ac-reunion.fr\/lyc-bois-d-olive\/wp-json\/wp\/v2\/pages\/11489\/revisions\/16285"}],"up":[{"embeddable":true,"href":"https:\/\/etab.ac-reunion.fr\/lyc-bois-d-olive\/wp-json\/wp\/v2\/pages\/88"}],"wp:attachment":[{"href":"https:\/\/etab.ac-reunion.fr\/lyc-bois-d-olive\/wp-json\/wp\/v2\/media?parent=11489"}],"curies":[{"name":"wp","href":"https:\/\/api.w.org\/{rel}","templated":true}]}}