{"id":14188,"date":"2024-04-02T08:06:48","date_gmt":"2024-04-02T04:06:48","guid":{"rendered":"https:\/\/etab.ac-reunion.fr\/lyc-bois-d-olive\/?page_id=14188"},"modified":"2026-04-02T14:20:58","modified_gmt":"2026-04-02T10:20:58","slug":"le-bureau-des-entreprises","status":"publish","type":"page","link":"https:\/\/etab.ac-reunion.fr\/lyc-bois-d-olive\/le-bureau-des-entreprises\/","title":{"rendered":"Le bureau des Entreprises"},"content":{"rendered":"<blockquote>\n<div><span style=\"font-size: large\">Le Bureau des Entreprises r\u00e9pond au besoin de l&rsquo;organisation et du d\u00e9veloppement de partenariats avec les acteurs professionnels. <\/span><span style=\"font-size: large\">Il est un point d&rsquo;entr\u00e9e pour les actions men\u00e9es\u00a0<\/span><span style=\"font-size: large\">avec les partenaires ext\u00e9rieurs\u00a0<\/span><span style=\"font-size: large\">en r\u00e9seau et dans le territoire. <\/span><span style=\"font-size: large\">Il est un lieu unique pour les publics accueillis dans le lyc\u00e9e: \u00e9l\u00e8ves, apprentis, stagiaires de la formation professionnelle continue.<\/span><\/div>\n<\/blockquote>\n<p><!--more--><\/p>\n<div><span style=\"font-size: large\"><strong>Contact<\/strong> du <strong>Bureau des Entreprises<\/strong> (BDE)<\/span><\/div>\n<div><span style=\"font-size: large\"><strong>Mme Am\u00e9lie MASSERON<\/strong> &#8211; responsable du bureau des entreprises<br \/>\n<\/span><\/div>\n<div><span style=\"font-size: large\">Courriel<em>:<\/em> <strong>bde-lpo-de-bois-d-olive@ac-reunion.fr<\/strong><\/span><\/div>\n<div><span style=\"font-size: large\">Tel<em>:<\/em> <strong>0262 49 89 69<\/strong><\/span><\/div>\n<p>Si le Bureau des Entreprises a pour vocation d&rsquo;\u00eatre le lien entre le lyc\u00e9e et les partenaires ext\u00e9rieurs, des actions men\u00e9es par les enseignants contribuent aussi \u00e0 renforcer la collaboration entre l&rsquo;\u00e9tablissement et les acteurs du monde professionnel, qu&rsquo;ils soient \u00e0 la R\u00e9union ou en Europe. En cliquant sur les liens ci dessous, vous pourrez d\u00e9couvrir plus en d\u00e9tails ces actions:<\/p>\n<p><a href=\"https:\/\/etab.ac-reunion.fr\/lyc-bois-d-olive\/les-2ndes-cdbtp-1-en-chantier-ecole-a-lehpad\/\" target=\"_blank\" rel=\"noopener\">Le chantier-\u00e9cole \u00e0 l&rsquo;EHPAD de Saint-Pierre<\/a><\/p>\n<p><a href=\"https:\/\/etab.ac-reunion.fr\/lyc-bois-d-olive\/category\/international\/projets-et-voyages\/voyages-deleves\/pfmp-en-belgique\/\" target=\"_blank\" rel=\"noopener\">Les PFMP en Belgique<\/a><\/p>\n","protected":false},"excerpt":{"rendered":"<p>Le Bureau des Entreprises r\u00e9pond au besoin de l&rsquo;organisation et du d\u00e9veloppement de partenariats avec les acteurs professionnels. Il est\u2026<\/p>\n<p class=\"continue-reading-button\"> <a class=\"continue-reading-link\" href=\"https:\/\/etab.ac-reunion.fr\/lyc-bois-d-olive\/le-bureau-des-entreprises\/\">Lire la suite<i class=\"crycon-right-dir\"><\/i><\/a><\/p>\n","protected":false},"author":31373,"featured_media":0,"parent":0,"menu_order":0,"comment_status":"closed","ping_status":"closed","template":"","meta":{"footnotes":""},"class_list":["post-14188","page","type-page","status-publish","hentry"],"_links":{"self":[{"href":"https:\/\/etab.ac-reunion.fr\/lyc-bois-d-olive\/wp-json\/wp\/v2\/pages\/14188","targetHints":{"allow":["GET"]}}],"collection":[{"href":"https:\/\/etab.ac-reunion.fr\/lyc-bois-d-olive\/wp-json\/wp\/v2\/pages"}],"about":[{"href":"https:\/\/etab.ac-reunion.fr\/lyc-bois-d-olive\/wp-json\/wp\/v2\/types\/page"}],"author":[{"embeddable":true,"href":"https:\/\/etab.ac-reunion.fr\/lyc-bois-d-olive\/wp-json\/wp\/v2\/users\/31373"}],"replies":[{"embeddable":true,"href":"https:\/\/etab.ac-reunion.fr\/lyc-bois-d-olive\/wp-json\/wp\/v2\/comments?post=14188"}],"version-history":[{"count":9,"href":"https:\/\/etab.ac-reunion.fr\/lyc-bois-d-olive\/wp-json\/wp\/v2\/pages\/14188\/revisions"}],"predecessor-version":[{"id":17533,"href":"https:\/\/etab.ac-reunion.fr\/lyc-bois-d-olive\/wp-json\/wp\/v2\/pages\/14188\/revisions\/17533"}],"wp:attachment":[{"href":"https:\/\/etab.ac-reunion.fr\/lyc-bois-d-olive\/wp-json\/wp\/v2\/media?parent=14188"}],"curies":[{"name":"wp","href":"https:\/\/api.w.org\/{rel}","templated":true}]}}

<blockquote>
<div><span style="font-size: large">Le Bureau des Entreprises répond au besoin de l&rsquo;organisation et du développement de partenariats avec les acteurs professionnels. </span><span style="font-size: large">Il est un point d&rsquo;entrée pour les actions menées </span><span style="font-size: large">avec les partenaires extérieurs </span><span style="font-size: large">en réseau et dans le territoire. </span><span style="font-size: large">Il est un lieu unique pour les publics accueillis dans le lycée: élèves, apprentis, stagiaires de la formation professionnelle continue.</span></div>
</blockquote>
<p><!--more--></p>
<div><span style="font-size: large"><strong>Contact</strong> du <strong>Bureau des Entreprises</strong> (BDE)</span></div>
<div><span style="font-size: large"><strong>Mme Amélie MASSERON</strong> &#8211; responsable du bureau des entreprises<br />
</span></div>
<div><span style="font-size: large">Courriel<em>:</em> <strong>bde-lpo-de-bois-d-olive@ac-reunion.fr</strong></span></div>
<div><span style="font-size: large">Tel<em>:</em> <strong>0262 49 89 69</strong></span></div>
<p>Si le Bureau des Entreprises a pour vocation d&rsquo;être le lien entre le lycée et les partenaires extérieurs, des actions menées par les enseignants contribuent aussi à renforcer la collaboration entre l&rsquo;établissement et les acteurs du monde professionnel, qu&rsquo;ils soient à la Réunion ou en Europe. En cliquant sur les liens ci dessous, vous pourrez découvrir plus en détails ces actions:</p>
<p><a href="https://etab.ac-reunion.fr/lyc-bois-d-olive/les-2ndes-cdbtp-1-en-chantier-ecole-a-lehpad/" target="_blank" rel="noopener">Le chantier-école à l&rsquo;EHPAD de Saint-Pierre</a></p>
<p><a href="https://etab.ac-reunion.fr/lyc-bois-d-olive/category/international/projets-et-voyages/voyages-deleves/pfmp-en-belgique/" target="_blank" rel="noopener">Les PFMP en Belgique</a></p>

<p>Le Bureau des Entreprises répond au besoin de l&rsquo;organisation et du développement de partenariats avec les acteurs professionnels. Il est…</p>
<p class="continue-reading-button"> <a class="continue-reading-link" href="https://etab.ac-reunion.fr/lyc-bois-d-olive/le-bureau-des-entreprises/">Lire la suite<i class="crycon-right-dir"></i></a></p>
