{"id":4048,"date":"2017-11-12T12:36:13","date_gmt":"2017-11-12T11:36:13","guid":{"rendered":"http:\/\/lycee-bois-d-olive.ac-reunion.fr\/?page_id=4048"},"modified":"2023-02-17T12:35:32","modified_gmt":"2023-02-17T08:35:32","slug":"cris","status":"publish","type":"page","link":"https:\/\/etab.ac-reunion.fr\/lyc-bois-d-olive\/vie-au-lycee\/cris\/","title":{"rendered":"CRIS"},"content":{"rendered":"<blockquote><p>Qu&rsquo;est-ce que le CRIS ? Quels projets m\u00e8ne-t-il au sein du lyc\u00e9e ? D\u00e9couvrez-en plus \u00e0 travers la vid\u00e9o et les articles qui suivent.<\/p><\/blockquote>\n<div class=\"su-dailymotion su-u-responsive-media-yes\"><iframe loading=\"lazy\" width=\"480\" height=\"320\" src=\"\/\/www.dailymotion.com\/embed\/video\/x68utcm?autoplay=0&amp;background=FFC300&amp;foreground=F7FFFD&amp;highlight=171D1B&amp;logo=1&amp;quality=720&amp;info=1\" frameborder=\"0\" allowfullscreen=\"true\" title=\"\"><\/iframe><\/div>\n<p>&nbsp;<\/p>\n<p>&nbsp;<\/p>\n","protected":false},"excerpt":{"rendered":"<p>Qu&rsquo;est-ce que le CRIS ? Quels projets m\u00e8ne-t-il au sein du lyc\u00e9e ? D\u00e9couvrez-en plus \u00e0 travers la vid\u00e9o et\u2026<\/p>\n<p class=\"continue-reading-button\"> <a class=\"continue-reading-link\" href=\"https:\/\/etab.ac-reunion.fr\/lyc-bois-d-olive\/vie-au-lycee\/cris\/\">Lire la suite<i class=\"crycon-right-dir\"><\/i><\/a><\/p>\n","protected":false},"author":11401,"featured_media":0,"parent":94,"menu_order":0,"comment_status":"closed","ping_status":"closed","template":"templates\/template-page-with-intro.php","meta":{"footnotes":""},"class_list":["post-4048","page","type-page","status-publish","hentry"],"_links":{"self":[{"href":"https:\/\/etab.ac-reunion.fr\/lyc-bois-d-olive\/wp-json\/wp\/v2\/pages\/4048","targetHints":{"allow":["GET"]}}],"collection":[{"href":"https:\/\/etab.ac-reunion.fr\/lyc-bois-d-olive\/wp-json\/wp\/v2\/pages"}],"about":[{"href":"https:\/\/etab.ac-reunion.fr\/lyc-bois-d-olive\/wp-json\/wp\/v2\/types\/page"}],"author":[{"embeddable":true,"href":"https:\/\/etab.ac-reunion.fr\/lyc-bois-d-olive\/wp-json\/wp\/v2\/users\/11401"}],"replies":[{"embeddable":true,"href":"https:\/\/etab.ac-reunion.fr\/lyc-bois-d-olive\/wp-json\/wp\/v2\/comments?post=4048"}],"version-history":[{"count":7,"href":"https:\/\/etab.ac-reunion.fr\/lyc-bois-d-olive\/wp-json\/wp\/v2\/pages\/4048\/revisions"}],"predecessor-version":[{"id":12173,"href":"https:\/\/etab.ac-reunion.fr\/lyc-bois-d-olive\/wp-json\/wp\/v2\/pages\/4048\/revisions\/12173"}],"up":[{"embeddable":true,"href":"https:\/\/etab.ac-reunion.fr\/lyc-bois-d-olive\/wp-json\/wp\/v2\/pages\/94"}],"wp:attachment":[{"href":"https:\/\/etab.ac-reunion.fr\/lyc-bois-d-olive\/wp-json\/wp\/v2\/media?parent=4048"}],"curies":[{"name":"wp","href":"https:\/\/api.w.org\/{rel}","templated":true}]}}