{"id":1534,"date":"2018-11-09T11:48:16","date_gmt":"2018-11-09T07:48:16","guid":{"rendered":"http:\/\/lycee-boisjoly-potier.ac-reunion.fr\/?page_id=1534"},"modified":"2021-11-25T15:52:08","modified_gmt":"2021-11-25T11:52:08","slug":"rencontres-sorties","status":"publish","type":"page","link":"https:\/\/etab.ac-reunion.fr\/lyc-boisjoly-potier\/rencontres-sorties\/","title":{"rendered":"EVENEMENTS"},"content":{"rendered":"\n<div class=\"wp-block-image\"><figure class=\"aligncenter size-large is-resized\"><img loading=\"lazy\" decoding=\"async\" src=\"https:\/\/etab.ac-reunion.fr\/lyc-boisjoly-potier\/wp-content\/uploads\/sites\/112\/2021\/10\/LBJP-CINEMA-04-2-1024x205.png\" alt=\"\" class=\"wp-image-4233\" width=\"837\" height=\"168\" srcset=\"https:\/\/etab.ac-reunion.fr\/lyc-boisjoly-potier\/wp-content\/uploads\/sites\/112\/2021\/10\/LBJP-CINEMA-04-2-1024x205.png 1024w, https:\/\/etab.ac-reunion.fr\/lyc-boisjoly-potier\/wp-content\/uploads\/sites\/112\/2021\/10\/LBJP-CINEMA-04-2-300x60.png 300w, https:\/\/etab.ac-reunion.fr\/lyc-boisjoly-potier\/wp-content\/uploads\/sites\/112\/2021\/10\/LBJP-CINEMA-04-2-768x154.png 768w, https:\/\/etab.ac-reunion.fr\/lyc-boisjoly-potier\/wp-content\/uploads\/sites\/112\/2021\/10\/LBJP-CINEMA-04-2-1536x307.png 1536w, https:\/\/etab.ac-reunion.fr\/lyc-boisjoly-potier\/wp-content\/uploads\/sites\/112\/2021\/10\/LBJP-CINEMA-04-2.png 1895w\" sizes=\"(max-width: 837px) 100vw, 837px\" \/><\/figure><\/div>\n\n\n\n<p class=\"has-text-align-center\"><blockquote class=\"wp-embedded-content\" data-secret=\"AdBN7R9koA\"><a href=\"https:\/\/etab.ac-reunion.fr\/lyc-boisjoly-potier\/rencontre-avec-une-realisatrice-lundi-25-10-2021\/\">RENCONTRE AVEC LA R\u00c9ALISATRICE MARIE FAGES<\/a><\/blockquote><iframe loading=\"lazy\" class=\"wp-embedded-content\" sandbox=\"allow-scripts\" security=\"restricted\" style=\"position: absolute; clip: rect(1px, 1px, 1px, 1px);\" title=\"\u00ab\u00a0RENCONTRE AVEC LA R\u00c9ALISATRICE MARIE FAGES\u00a0\u00bb &#8212; Lyc\u00e9e Boisjoly Potier\" src=\"https:\/\/etab.ac-reunion.fr\/lyc-boisjoly-potier\/rencontre-avec-une-realisatrice-lundi-25-10-2021\/embed\/#?secret=kNXI2mA3j0#?secret=AdBN7R9koA\" data-secret=\"AdBN7R9koA\" width=\"600\" height=\"338\" frameborder=\"0\" marginwidth=\"0\" marginheight=\"0\" scrolling=\"no\"><\/iframe><\/p>\n\n\n\n<p><\/p>\n\n\n\n<h2 class=\"has-text-align-center wp-block-heading\">RENCONTRE AVEC UN REALISATEUR (Mardi 10\/10\/2019)<\/h2>\n\n\n\n<div class=\"wp-block-image\"><figure class=\"aligncenter size-large\"><a href=\"https:\/\/etab.ac-reunion.fr\/lyc-boisjoly-potier\/wp-content\/uploads\/sites\/112\/2021\/10\/Capture-de\u0301cran-2021-10-04-a\u0300-10.58.44.png\"><img loading=\"lazy\" decoding=\"async\" width=\"1024\" height=\"269\" src=\"https:\/\/etab.ac-reunion.fr\/lyc-boisjoly-potier\/wp-content\/uploads\/sites\/112\/2021\/10\/Capture-de\u0301cran-2021-10-04-a\u0300-10.58.44-1024x269.png\" alt=\"\" class=\"wp-image-4265\" srcset=\"https:\/\/etab.ac-reunion.fr\/lyc-boisjoly-potier\/wp-content\/uploads\/sites\/112\/2021\/10\/Capture-de\u0301cran-2021-10-04-a\u0300-10.58.44-1024x269.png 1024w, https:\/\/etab.ac-reunion.fr\/lyc-boisjoly-potier\/wp-content\/uploads\/sites\/112\/2021\/10\/Capture-de\u0301cran-2021-10-04-a\u0300-10.58.44-300x79.png 300w, https:\/\/etab.ac-reunion.fr\/lyc-boisjoly-potier\/wp-content\/uploads\/sites\/112\/2021\/10\/Capture-de\u0301cran-2021-10-04-a\u0300-10.58.44-768x202.png 768w, https:\/\/etab.ac-reunion.fr\/lyc-boisjoly-potier\/wp-content\/uploads\/sites\/112\/2021\/10\/Capture-de\u0301cran-2021-10-04-a\u0300-10.58.44-1536x403.png 1536w, https:\/\/etab.ac-reunion.fr\/lyc-boisjoly-potier\/wp-content\/uploads\/sites\/112\/2021\/10\/Capture-de\u0301cran-2021-10-04-a\u0300-10.58.44-2048x537.png 2048w\" sizes=\"(max-width: 1024px) 100vw, 1024px\" \/><\/a><figcaption>Vincent FONTANO dans BLAK\u00c9<\/figcaption><\/figure><\/div>\n\n\n\n<p>Les \u00e9l\u00e8ves de 1\u00e8re Cin\u00e9ma Facultatif on rencontr\u00e9 Monsieur <strong>Vincent FONTANO<\/strong>, r\u00e9alisateur de court m\u00e9trage . Il a partag\u00e9 avec eux son exp\u00e9rience sur la r\u00e9alisation de \u00ab\u00a0BLAK\u00c9\u00a0\u00bb. Une exp\u00e9rience enrichissante pour les \u00e9l\u00e8ves. Suite \u00e0 cette rencontre , les \u00e9l\u00e8ves de 1\u00e8re de Sp\u00e9cialit\u00e9 et Facultative on pu assist\u00e9 \u00e0 une projection de se court m\u00e9trage qui c&rsquo;est d\u00e9roul\u00e9 \u00e0 la M\u00e9diath\u00e8que du Tampon. <\/p>\n\n\n\n<p><\/p>\n\n\n\n<figure class=\"wp-block-embed aligncenter is-type-video is-provider-youtube wp-block-embed-youtube wp-embed-aspect-16-9 wp-has-aspect-ratio\"><div class=\"wp-block-embed__wrapper\">\n<script>document.addEventListener('DOMContentLoaded', function() {(tarteaucitron.job = tarteaucitron.job || []).push('youtube');});<\/script><div class=\"youtube_player\" videoID=\"jEwB9fSIaRY\" width=\"100%\" height=\"100%\" style=\"height:50vw\" theme=\"light\" rel=\"0\" controls=\"1\" showinfo=\"1\" autoplay=\"0\"><\/div>\n<\/div><\/figure>\n\n\n\n<p>sources : <a href=\"https:\/\/www.kwafilms.com\/les-carnets\/post\/les-premiers-claps-de-vincent-fontano\">https:\/\/www.kwafilms.com\/les-carnets\/post\/les-premiers-claps-de-vincent-fontano<\/a><\/p>\n\n\n\n<p><\/p>\n\n\n\n<h2 class=\"has-text-align-center wp-block-heading\">RENCONTRE AVEC UNE JOURNALISTE (Mercredi 07\/11\/2018)<\/h2>\n\n\n\n<div class=\"wp-block-image\"><figure class=\"aligncenter size-large\"><img loading=\"lazy\" decoding=\"async\" width=\"1024\" height=\"173\" src=\"https:\/\/etab.ac-reunion.fr\/lyc-boisjoly-potier\/wp-content\/uploads\/sites\/112\/2021\/10\/memona-soir3week-end-2-1-1024x173.jpg\" alt=\"\" class=\"wp-image-4264\" srcset=\"https:\/\/etab.ac-reunion.fr\/lyc-boisjoly-potier\/wp-content\/uploads\/sites\/112\/2021\/10\/memona-soir3week-end-2-1-1024x173.jpg 1024w, https:\/\/etab.ac-reunion.fr\/lyc-boisjoly-potier\/wp-content\/uploads\/sites\/112\/2021\/10\/memona-soir3week-end-2-1-300x51.jpg 300w, https:\/\/etab.ac-reunion.fr\/lyc-boisjoly-potier\/wp-content\/uploads\/sites\/112\/2021\/10\/memona-soir3week-end-2-1-768x130.jpg 768w, https:\/\/etab.ac-reunion.fr\/lyc-boisjoly-potier\/wp-content\/uploads\/sites\/112\/2021\/10\/memona-soir3week-end-2-1-1536x259.jpg 1536w, https:\/\/etab.ac-reunion.fr\/lyc-boisjoly-potier\/wp-content\/uploads\/sites\/112\/2021\/10\/memona-soir3week-end-2-1-2048x345.jpg 2048w\" sizes=\"(max-width: 1024px) 100vw, 1024px\" \/><figcaption>Memona HINTERMANN<\/figcaption><\/figure><\/div>\n\n\n<p>Le lyc\u00e9e a accueilli Madame <strong>Memona Hinterman- Affejee<\/strong> , membre du Conseil Sup\u00e9rieur de l&rsquo;Audiovisuel ( CSA) . Elle a \u00e9t\u00e9 choisie pour marraine du lyc\u00e9e Nord, le premier de l&rsquo;ile disposant d&rsquo;une fili\u00e8re BTS audiovisuel.<\/p>\n<p>La section Cin\u00e9ma Audiovisuel a eu l&rsquo;opportunit\u00e9 d&rsquo;\u00e9changer avec elle sur son parcours et a pu entendre le message que<strong> Memona Hinterman- Affejee<\/strong> a voulu leur faire passer . \u00ab\u00a0Pour r\u00e9ussir il n&rsquo;y a pas de secret , il faut bosser et ne jamais rien l\u00e2cher \u00a0\u00bb&nbsp; raconte-t-elle avec fiert\u00e9.<\/p>\n<div id=\"attachment_1535\" style=\"width: 5626px\" class=\"wp-caption alignnone\"><img loading=\"lazy\" decoding=\"async\" aria-describedby=\"caption-attachment-1535\" class=\"wp-image-1535 size-full\" src=\"https:\/\/etab.ac-reunion.fr\/lyc-boisjoly-potier\/wp-content\/uploads\/sites\/112\/2018\/11\/MG_9424.jpg\" alt=\"\" width=\"5616\" height=\"3744\"><p id=\"caption-attachment-1535\" class=\"wp-caption-text\">Tout les \u00e9l\u00e8ves et professeur de la section Ciav posant au cot\u00e9 de Memona Hiterman-Affejee avec le Proviseur M.Lallemand<\/p><\/div>","protected":false},"excerpt":{"rendered":"<p>RENCONTRE AVEC LA R\u00c9ALISATRICE MARIE FAGES RENCONTRE AVEC UN REALISATEUR (Mardi 10\/10\/2019) Les \u00e9l\u00e8ves de 1\u00e8re Cin\u00e9ma Facultatif on rencontr\u00e9 Monsieur Vincent FONTANO, r\u00e9alisateur de court m\u00e9trage . Il a partag\u00e9 avec eux son exp\u00e9rience sur la r\u00e9alisation de \u00ab\u00a0BLAK\u00c9\u00a0\u00bb. Une exp\u00e9rience enrichissante pour les \u00e9l\u00e8ves. Suite \u00e0 cette rencontre , les \u00e9l\u00e8ves de 1\u00e8re [&hellip;]<\/p>\n","protected":false},"author":30477,"featured_media":0,"parent":0,"menu_order":0,"comment_status":"closed","ping_status":"closed","template":"","meta":{"_et_pb_use_builder":"off","_et_pb_old_content":"<!-- wp:image {\"align\":\"center\",\"id\":4233,\"width\":837,\"height\":168,\"sizeSlug\":\"large\",\"linkDestination\":\"none\"} -->\n<div class=\"wp-block-image\"><figure class=\"aligncenter size-large is-resized\"><img src=\"https:\/\/etab.ac-reunion.fr\/lyc-boisjoly-potier\/wp-content\/uploads\/sites\/112\/2021\/10\/LBJP-CINEMA-04-2-1024x205.png\" alt=\"\" class=\"wp-image-4233\" width=\"837\" height=\"168\"\/><\/figure><\/div>\n<!-- \/wp:image -->\n\n<!-- wp:heading {\"textAlign\":\"center\"} -->\n<h2 class=\"has-text-align-center\">RENCONTRE AVEC UNE R\u00c9ALISATRICE (Lundi 25\/10\/2021)<\/h2>\n<!-- \/wp:heading -->\n\n<!-- wp:image {\"align\":\"center\",\"id\":4387,\"width\":840,\"height\":205,\"sizeSlug\":\"full\",\"linkDestination\":\"none\"} -->\n<div class=\"wp-block-image\"><figure class=\"aligncenter size-full is-resized\"><img src=\"https:\/\/etab.ac-reunion.fr\/lyc-boisjoly-potier\/wp-content\/uploads\/sites\/112\/2021\/11\/media-1-copie.jpg\" alt=\"\" class=\"wp-image-4387\" width=\"840\" height=\"205\"\/><\/figure><\/div>\n<!-- \/wp:image -->\n\n<!-- wp:image {\"align\":\"left\",\"id\":4385,\"width\":180,\"height\":224,\"sizeSlug\":\"full\",\"linkDestination\":\"none\"} -->\n<div class=\"wp-block-image\"><figure class=\"alignleft size-full is-resized\"><img src=\"https:\/\/etab.ac-reunion.fr\/lyc-boisjoly-potier\/wp-content\/uploads\/sites\/112\/2021\/11\/media.jpg\" alt=\"\" class=\"wp-image-4385\" width=\"180\" height=\"224\"\/><figcaption><strong>Marie Fages<\/strong> est une r\u00e9alisatrice, Sc\u00e9nariste, Directrice de la photo, Cadre, D\u00e9coratrice, Chef d\u00e9coratrice, Costumes<\/figcaption><\/figure><\/div>\n<!-- \/wp:image -->\n\n<!-- wp:paragraph -->\n<p>Les terminales avaient comme exercice de reprendre les rushs du court-m\u00e9trage \"Ater\" de <strong>Marie Fages<\/strong>, et de raconter leurs propres versions \u00e0 l'aide du logiciel de montage Adobe premiere pro, en rajoutant des effets sonores, des musiques et en fonction de la disposition des rushs.<\/p>\n<!-- \/wp:paragraph -->\n\n<!-- wp:image {\"id\":4342,\"width\":845,\"height\":501,\"sizeSlug\":\"large\",\"linkDestination\":\"none\"} -->\n<figure class=\"wp-block-image size-large is-resized\"><img src=\"https:\/\/etab.ac-reunion.fr\/lyc-boisjoly-potier\/wp-content\/uploads\/sites\/112\/2021\/11\/Marie-Fages-et-les-e\u0301le\u0300ves-de-Term-1024x606.jpeg\" alt=\"\" class=\"wp-image-4342\" width=\"845\" height=\"501\"\/><figcaption>La r\u00e9alisatrice Marie Fages avec les terminales en option cin\u00e9ma<\/figcaption><\/figure>\n<!-- \/wp:image -->\n\n<!-- wp:heading {\"textAlign\":\"center\"} -->\n<h2 class=\"has-text-align-center\">RENCONTRE AVEC UN REALISATEUR (Mardi 10\/10\/2019)<\/h2>\n<!-- \/wp:heading -->\n\n<!-- wp:image {\"align\":\"center\",\"id\":4265,\"sizeSlug\":\"large\",\"linkDestination\":\"media\"} -->\n<div class=\"wp-block-image\"><figure class=\"aligncenter size-large\"><a href=\"https:\/\/etab.ac-reunion.fr\/lyc-boisjoly-potier\/wp-content\/uploads\/sites\/112\/2021\/10\/Capture-de\u0301cran-2021-10-04-a\u0300-10.58.44.png\"><img src=\"https:\/\/etab.ac-reunion.fr\/lyc-boisjoly-potier\/wp-content\/uploads\/sites\/112\/2021\/10\/Capture-de\u0301cran-2021-10-04-a\u0300-10.58.44-1024x269.png\" alt=\"\" class=\"wp-image-4265\"\/><\/a><figcaption>Vincent FONTANO dans BLAK\u00c9<\/figcaption><\/figure><\/div>\n<!-- \/wp:image -->\n\n<!-- wp:paragraph -->\n<p>Les \u00e9l\u00e8ves de 1\u00e8re Cin\u00e9ma Facultatif on rencontr\u00e9 Monsieur <strong>Vincent FONTANO<\/strong>, r\u00e9alisateur de court m\u00e9trage . Il a partag\u00e9 avec eux son exp\u00e9rience sur la r\u00e9alisation de \"BLAK\u00c9\". Une exp\u00e9rience enrichissante pour les \u00e9l\u00e8ves. Suite \u00e0 cette rencontre , les \u00e9l\u00e8ves de 1\u00e8re de Sp\u00e9cialit\u00e9 et Facultative on pu assist\u00e9 \u00e0 une projection de se court m\u00e9trage qui c'est d\u00e9roul\u00e9 \u00e0 la M\u00e9diath\u00e8que du Tampon. <\/p>\n<!-- \/wp:paragraph -->\n\n<!-- wp:paragraph -->\n<p><\/p>\n<!-- \/wp:paragraph -->\n\n<!-- wp:embed {\"url\":\"https:\/\/www.youtube.com\/watch?v=jEwB9fSIaRY\",\"type\":\"video\",\"providerNameSlug\":\"youtube\",\"responsive\":true,\"align\":\"center\",\"className\":\"wp-embed-aspect-16-9 wp-has-aspect-ratio\"} -->\n<figure class=\"wp-block-embed aligncenter is-type-video is-provider-youtube wp-block-embed-youtube wp-embed-aspect-16-9 wp-has-aspect-ratio\"><div class=\"wp-block-embed__wrapper\">\nhttps:\/\/www.youtube.com\/watch?v=jEwB9fSIaRY\n<\/div><\/figure>\n<!-- \/wp:embed -->\n\n<!-- wp:paragraph -->\n<p>sources : <a href=\"https:\/\/www.kwafilms.com\/les-carnets\/post\/les-premiers-claps-de-vincent-fontano\">https:\/\/www.kwafilms.com\/les-carnets\/post\/les-premiers-claps-de-vincent-fontano<\/a><\/p>\n<!-- \/wp:paragraph -->\n\n<!-- wp:paragraph -->\n<p><\/p>\n<!-- \/wp:paragraph -->\n\n<!-- wp:heading {\"textAlign\":\"center\"} -->\n<h2 class=\"has-text-align-center\">RENCONTRE AVEC UNE JOURNALISTE (Mercredi 07\/11\/2018)<\/h2>\n<!-- \/wp:heading -->\n\n<!-- wp:image {\"align\":\"center\",\"id\":4264,\"sizeSlug\":\"large\",\"linkDestination\":\"none\"} -->\n<div class=\"wp-block-image\"><figure class=\"aligncenter size-large\"><img src=\"https:\/\/etab.ac-reunion.fr\/lyc-boisjoly-potier\/wp-content\/uploads\/sites\/112\/2021\/10\/memona-soir3week-end-2-1-1024x173.jpg\" alt=\"\" class=\"wp-image-4264\"\/><figcaption>Memona HINTERMANN<\/figcaption><\/figure><\/div>\n<!-- \/wp:image -->\n\n<p>Le lyc\u00e9e a accueilli Madame <strong>Memona Hinterman- Affejee<\/strong> , membre du Conseil Sup\u00e9rieur de l'Audiovisuel ( CSA) . Elle a \u00e9t\u00e9 choisie pour marraine du lyc\u00e9e Nord, le premier de l'ile disposant d'une fili\u00e8re BTS audiovisuel.<\/p>\n<p>La section Cin\u00e9ma Audiovisuel a eu l'opportunit\u00e9 d'\u00e9changer avec elle sur son parcours et a pu entendre le message que<strong> Memona Hinterman- Affejee<\/strong> a voulu leur faire passer . \"Pour r\u00e9ussir il n'y a pas de secret , il faut bosser et ne jamais rien l\u00e2cher \"&nbsp; raconte-t-elle avec fiert\u00e9.<\/p>\n<p>[caption id=\"attachment_1535\" align=\"alignnone\" width=\"5616\"]<img class=\"wp-image-1535 size-full\" src=\"https:\/\/etab.ac-reunion.fr\/lyc-boisjoly-potier\/wp-content\/uploads\/sites\/112\/2018\/11\/MG_9424.jpg\" alt=\"\" width=\"5616\" height=\"3744\"> Tout les \u00e9l\u00e8ves et professeur de la section Ciav posant au cot\u00e9 de Memona Hiterman-Affejee avec le Proviseur M.Lallemand[\/caption]<\/p>","_et_gb_content_width":"","footnotes":""},"class_list":["post-1534","page","type-page","status-publish","hentry"],"_links":{"self":[{"href":"https:\/\/etab.ac-reunion.fr\/lyc-boisjoly-potier\/wp-json\/wp\/v2\/pages\/1534","targetHints":{"allow":["GET"]}}],"collection":[{"href":"https:\/\/etab.ac-reunion.fr\/lyc-boisjoly-potier\/wp-json\/wp\/v2\/pages"}],"about":[{"href":"https:\/\/etab.ac-reunion.fr\/lyc-boisjoly-potier\/wp-json\/wp\/v2\/types\/page"}],"author":[{"embeddable":true,"href":"https:\/\/etab.ac-reunion.fr\/lyc-boisjoly-potier\/wp-json\/wp\/v2\/users\/30477"}],"replies":[{"embeddable":true,"href":"https:\/\/etab.ac-reunion.fr\/lyc-boisjoly-potier\/wp-json\/wp\/v2\/comments?post=1534"}],"version-history":[{"count":25,"href":"https:\/\/etab.ac-reunion.fr\/lyc-boisjoly-potier\/wp-json\/wp\/v2\/pages\/1534\/revisions"}],"predecessor-version":[{"id":4449,"href":"https:\/\/etab.ac-reunion.fr\/lyc-boisjoly-potier\/wp-json\/wp\/v2\/pages\/1534\/revisions\/4449"}],"wp:attachment":[{"href":"https:\/\/etab.ac-reunion.fr\/lyc-boisjoly-potier\/wp-json\/wp\/v2\/media?parent=1534"}],"curies":[{"name":"wp","href":"https:\/\/api.w.org\/{rel}","templated":true}]}}