{"id":1566,"date":"2018-12-10T08:42:31","date_gmt":"2018-12-10T04:42:31","guid":{"rendered":"http:\/\/lycee-boisjoly-potier.ac-reunion.fr\/?page_id=1566"},"modified":"2022-04-27T09:59:38","modified_gmt":"2022-04-27T05:59:38","slug":"cinema-audiovisuel","status":"publish","type":"page","link":"https:\/\/etab.ac-reunion.fr\/lyc-boisjoly-potier\/cinema-audiovisuel\/","title":{"rendered":"Vid\u00e9os Cin\u00e9ma Audiovisuel"},"content":{"rendered":"\n<p>Ici, vous pouvez retrouver les court-m\u00e9trages qu&rsquo;ont r\u00e9alis\u00e9s les anciens \u00e9l\u00e8ves en option cin\u00e9ma audiovisuel, et\/ou directement sur la chaine YouTube du lyc\u00e9e<\/p>\n\n\n\n<h3 class=\"has-text-align-center wp-block-heading\">PLAYLIST des court-m\u00e9trages<\/h3>\n\n\n\n<figure class=\"wp-block-embed is-type-video is-provider-youtube wp-block-embed-youtube wp-embed-aspect-16-9 wp-has-aspect-ratio\"><div class=\"wp-block-embed__wrapper\">\n<iframe loading=\"lazy\" title=\"CIN\u00c9MA AUDIOVISUEL\" width=\"1080\" height=\"608\" src=\"https:\/\/www.youtube.com\/embed\/videoseries?list=PLGc5jojnC27AL5n8x3KjXgtbEg9Pcpj6Y\"  allow=\"accelerometer; autoplay; clipboard-write; encrypted-media; gyroscope; picture-in-picture; web-share\" allowfullscreen><\/iframe>\n<\/div><\/figure>\n\n\n\n<p><\/p>\n","protected":false},"excerpt":{"rendered":"<p>Ici, vous pouvez retrouver les court-m\u00e9trages qu&rsquo;ont r\u00e9alis\u00e9s les anciens \u00e9l\u00e8ves en option cin\u00e9ma audiovisuel, et\/ou directement sur la chaine YouTube du lyc\u00e9e PLAYLIST des court-m\u00e9trages<\/p>\n","protected":false},"author":13029,"featured_media":4465,"parent":0,"menu_order":0,"comment_status":"closed","ping_status":"closed","template":"","meta":{"_et_pb_use_builder":"","_et_pb_old_content":"","_et_gb_content_width":"","footnotes":""},"class_list":["post-1566","page","type-page","status-publish","has-post-thumbnail","hentry"],"_links":{"self":[{"href":"https:\/\/etab.ac-reunion.fr\/lyc-boisjoly-potier\/wp-json\/wp\/v2\/pages\/1566","targetHints":{"allow":["GET"]}}],"collection":[{"href":"https:\/\/etab.ac-reunion.fr\/lyc-boisjoly-potier\/wp-json\/wp\/v2\/pages"}],"about":[{"href":"https:\/\/etab.ac-reunion.fr\/lyc-boisjoly-potier\/wp-json\/wp\/v2\/types\/page"}],"author":[{"embeddable":true,"href":"https:\/\/etab.ac-reunion.fr\/lyc-boisjoly-potier\/wp-json\/wp\/v2\/users\/13029"}],"replies":[{"embeddable":true,"href":"https:\/\/etab.ac-reunion.fr\/lyc-boisjoly-potier\/wp-json\/wp\/v2\/comments?post=1566"}],"version-history":[{"count":7,"href":"https:\/\/etab.ac-reunion.fr\/lyc-boisjoly-potier\/wp-json\/wp\/v2\/pages\/1566\/revisions"}],"predecessor-version":[{"id":6867,"href":"https:\/\/etab.ac-reunion.fr\/lyc-boisjoly-potier\/wp-json\/wp\/v2\/pages\/1566\/revisions\/6867"}],"wp:featuredmedia":[{"embeddable":true,"href":"https:\/\/etab.ac-reunion.fr\/lyc-boisjoly-potier\/wp-json\/wp\/v2\/media\/4465"}],"wp:attachment":[{"href":"https:\/\/etab.ac-reunion.fr\/lyc-boisjoly-potier\/wp-json\/wp\/v2\/media?parent=1566"}],"curies":[{"name":"wp","href":"https:\/\/api.w.org\/{rel}","templated":true}]}}