{"id":2183,"date":"2020-05-15T10:41:34","date_gmt":"2020-05-15T06:41:34","guid":{"rendered":"http:\/\/lycee-boisjoly-potier.ac-reunion.fr\/?page_id=2183"},"modified":"2020-06-12T12:31:23","modified_gmt":"2020-06-12T08:31:23","slug":"dechets","status":"publish","type":"page","link":"https:\/\/etab.ac-reunion.fr\/lyc-boisjoly-potier\/dechets\/","title":{"rendered":"D\u00e9chets"},"content":{"rendered":"\n<p style=\"color:#ffffff\" class=\"has-text-color\">$<\/p>\n\n\n\n<p class=\"has-text-color has-large-font-size has-luminous-vivid-orange-color\">World Clean-up Day 2019<\/p>\n\n\n\n<p class=\"has-text-color has-vivid-cyan-blue-color\"><em>Cliquez sur l&rsquo;image pour lire la vid\u00e9o<\/em><\/p>\n\n\n\n<figure class=\"wp-block-image size-large\"><a href=\"https:\/\/drive.google.com\/file\/d\/1xEoZeEtYO5jUwDWCDlKdKPvf9KEGrpN0\/view\"><img loading=\"lazy\" decoding=\"async\" width=\"1024\" height=\"577\" src=\"https:\/\/etab.ac-reunion.fr\/lyc-boisjoly-potier\/wp-content\/uploads\/sites\/112\/2020\/05\/Capture-d\u2019e\u0301cran-2020-05-26-a\u0300-09.52.46-1024x577.png\" alt=\"\" class=\"wp-image-2289\" srcset=\"https:\/\/etab.ac-reunion.fr\/lyc-boisjoly-potier\/wp-content\/uploads\/sites\/112\/2020\/05\/Capture-d\u2019e\u0301cran-2020-05-26-a\u0300-09.52.46-1024x577.png 1024w, https:\/\/etab.ac-reunion.fr\/lyc-boisjoly-potier\/wp-content\/uploads\/sites\/112\/2020\/05\/Capture-d\u2019e\u0301cran-2020-05-26-a\u0300-09.52.46-300x169.png 300w, https:\/\/etab.ac-reunion.fr\/lyc-boisjoly-potier\/wp-content\/uploads\/sites\/112\/2020\/05\/Capture-d\u2019e\u0301cran-2020-05-26-a\u0300-09.52.46-768x433.png 768w, https:\/\/etab.ac-reunion.fr\/lyc-boisjoly-potier\/wp-content\/uploads\/sites\/112\/2020\/05\/Capture-d\u2019e\u0301cran-2020-05-26-a\u0300-09.52.46-1536x866.png 1536w, https:\/\/etab.ac-reunion.fr\/lyc-boisjoly-potier\/wp-content\/uploads\/sites\/112\/2020\/05\/Capture-d\u2019e\u0301cran-2020-05-26-a\u0300-09.52.46-2048x1154.png 2048w, https:\/\/etab.ac-reunion.fr\/lyc-boisjoly-potier\/wp-content\/uploads\/sites\/112\/2020\/05\/Capture-d\u2019e\u0301cran-2020-05-26-a\u0300-09.52.46-95x54.png 95w\" sizes=\"(max-width: 1024px) 100vw, 1024px\" \/><\/a><\/figure>\n\n\n\n<p>Aujourd\u2019hui nous vous proposons un article sur notre journ\u00e9e d\u2019immersion avec la section de d\u00e9veloppement durable au lyc\u00e9e Boisjoly Potier pour la journ\u00e9e internationale du world clean up day, \u00e9dition 2019.<\/p>\n\n\n\n<div class=\"wp-block-image\"><figure class=\"alignright size-large\"><img loading=\"lazy\" decoding=\"async\" width=\"272\" height=\"186\" src=\"https:\/\/etab.ac-reunion.fr\/lyc-boisjoly-potier\/wp-content\/uploads\/sites\/112\/2020\/05\/logo-world-clean-up-day.jpg\" alt=\"\" class=\"wp-image-2293\" \/><\/figure><\/div>\n\n\n\n<p>&nbsp;Tout d\u2019abord, la world clean up day est une action devenue un mouvement mondial. Cr\u00e9\u00e9 en 2008 par \u00ab\u00a0let\u2019s do it foundation\u00a0\u00bb pr\u00e9sid\u00e9e par Rainer Nolvak . Cet homme participait \u00e0 des nettoyages citoyens avant la cr\u00e9ation de la let\u2019s do it foundation. Ce mouvement a motiv\u00e9 les estoniens \u00e0 nettoyer le 8 mai 2008 : plus de 10 000 tonnes de d\u00e9chets ont \u00e9t\u00e9 r\u00e9colt\u00e9es par 50 000 volontaires. Cette action a pour but de lutter contre la pollution avec l\u2019aide des citoyens qui &#8211; avec courage, d\u00e9termination et fiert\u00e9 &#8211; nettoient leur villes pour la rendre plus belle qu\u2019elle ne l\u2019a jamais \u00e9t\u00e9. La journ\u00e9e attribu\u00e9e \u00e0 cet \u00e9v\u00e9nement est le 21 septembre, ce mouvement international s\u2019est r\u00e9pandu aussi \u00e0 la Reunion et nous allons vous d\u00e9crire celle du lyc\u00e9e Boisjoly Potier situ\u00e9 au 14e km au Tampon. Des lyc\u00e9ens et des enseignants veulent d\u00e9fendre leur patrimoine, raviver la beaut\u00e9 de la nature cach\u00e9e, souill\u00e9e par la pollution et repr\u00e9senter dignement l\u2019\u00e9cologie de leur \u00e9tablissement. Nous \u00e9tions 35 personnes d\u00e9vou\u00e9es \u00e0 nettoyer les alentours de leur lyc\u00e9e dans l\u2019apr\u00e8s midi du samedi 21 septembre 2019. A l\u2019aide du site web&nbsp;<a href=\"http:\/\/www.bandecochon.re\/\" target=\"_blank\" rel=\"noreferrer noopener\">www.bandecochon.re<\/a>, nous avons \u00e9limin\u00e9 les d\u00e9chets dans les zones les plus pollu\u00e9es autour de notre lyc\u00e9e. Un total de 99.7 kilogrammes de d\u00e9chets a \u00e9t\u00e9 r\u00e9colt\u00e9 dont 26.7 kilogrammes de d\u00e9chets recyclable et 73 kilogrammes de d\u00e9chets non recyclables.&nbsp;<\/p>\n\n\n\n<p>En faisant cette action, certains ont eu des encouragements de la part des tamponnais, des personnes qui passaient en voiture comme des thumbs up ou \u00ab c\u2019est bien les jeunes \u00bb mais aussi quelques reproches comme \u00ab Si l\u00e9 sale c\u2019est zot faute m\u00eame \u00bb.&nbsp;<\/p>\n\n\n\n<p>Voici quelques photographies prises le jour m\u00eame pour vous donner un aper\u00e7u de cette apr\u00e8s-midi.<\/p>\n\n\n\n<p style=\"color:#ffffff\" class=\"has-text-color\">$<\/p>\n\n\n\n<figure class=\"wp-block-image size-large\"><img loading=\"lazy\" decoding=\"async\" width=\"715\" height=\"1024\" src=\"https:\/\/etab.ac-reunion.fr\/lyc-boisjoly-potier\/wp-content\/uploads\/sites\/112\/2020\/05\/IMG_1477-715x1024.jpg\" alt=\"\" class=\"wp-image-2124\" srcset=\"https:\/\/etab.ac-reunion.fr\/lyc-boisjoly-potier\/wp-content\/uploads\/sites\/112\/2020\/05\/IMG_1477-715x1024.jpg 715w, https:\/\/etab.ac-reunion.fr\/lyc-boisjoly-potier\/wp-content\/uploads\/sites\/112\/2020\/05\/IMG_1477-210x300.jpg 210w, https:\/\/etab.ac-reunion.fr\/lyc-boisjoly-potier\/wp-content\/uploads\/sites\/112\/2020\/05\/IMG_1477-768x1100.jpg 768w, https:\/\/etab.ac-reunion.fr\/lyc-boisjoly-potier\/wp-content\/uploads\/sites\/112\/2020\/05\/IMG_1477-1073x1536.jpg 1073w, https:\/\/etab.ac-reunion.fr\/lyc-boisjoly-potier\/wp-content\/uploads\/sites\/112\/2020\/05\/IMG_1477-1431x2048.jpg 1431w, https:\/\/etab.ac-reunion.fr\/lyc-boisjoly-potier\/wp-content\/uploads\/sites\/112\/2020\/05\/IMG_1477.jpg 1668w\" sizes=\"(max-width: 715px) 100vw, 715px\" \/><\/figure>\n\n\n\n<p class=\"has-text-align-center\"><strong>&#8212;&#8212;&#8212;&#8212;&#8212;&#8212;&#8212;&#8212;&#8212;&#8212;&#8212;&#8212;&#8212;&#8212;&#8212;&#8212;&#8212;&#8212;&#8212;&#8212;&#8212;&#8212;&#8212;&#8212;&#8212;&#8212;&#8212;&#8212;&#8212;&#8212;&#8212;&#8212;&#8212;&#8212;&#8212;&#8212;&#8212;&#8212;&#8212;&#8212;<\/strong><\/p>\n\n\n\n<p> <\/p>\n\n\n\n<p class=\"has-text-color has-large-font-size has-luminous-vivid-orange-color\">Go\u00fbter z\u00e9ro d\u00e9chets SERD 2019<\/p>\n\n\n\n<p style=\"color:#ffffff\" class=\"has-text-color\">$<\/p>\n\n\n\n<figure class=\"wp-block-image size-large\"><img loading=\"lazy\" decoding=\"async\" width=\"970\" height=\"250\" src=\"https:\/\/etab.ac-reunion.fr\/lyc-boisjoly-potier\/wp-content\/uploads\/sites\/112\/2020\/05\/bandeau-SERD-2019.jpg\" alt=\"\" class=\"wp-image-2299\" srcset=\"https:\/\/etab.ac-reunion.fr\/lyc-boisjoly-potier\/wp-content\/uploads\/sites\/112\/2020\/05\/bandeau-SERD-2019.jpg 970w, https:\/\/etab.ac-reunion.fr\/lyc-boisjoly-potier\/wp-content\/uploads\/sites\/112\/2020\/05\/bandeau-SERD-2019-300x77.jpg 300w, https:\/\/etab.ac-reunion.fr\/lyc-boisjoly-potier\/wp-content\/uploads\/sites\/112\/2020\/05\/bandeau-SERD-2019-768x198.jpg 768w\" sizes=\"(max-width: 970px) 100vw, 970px\" \/><\/figure>\n\n\n\n<p>Le vendredi 22\nnovembre au lyc\u00e9e Boisjoly Potier, les \u00e9l\u00e8ves de d\u00e9veloppement durable ont mis\nla main au c\u0153ur afin de pr\u00e9parer, d\u2019organiser et d\u2019ex\u00e9cuter un go\u00fbter z\u00e9ro\nd\u00e9chets.<\/p>\n\n\n\n<p>Un agr\u00e9able\nmoment de partage et de convivialit\u00e9 ces offert autour de g\u00e2teaux cr\u00eapes et\nboissons entre professeur et entre \u00e9l\u00e8ves. L\u2019objectif\nde cette journ\u00e9e \u00e9tant de faire d\u00e9couvrir qu\u2019un go\u00fbter pouvait se d\u00e9rouler sans\nque des d\u00e9chets soit jet\u00e9. Dans le bac d\u00e9chet on y a trouv\u00e9 qu\u2019\u00e0 la fin un\ncouvercle d\u2019un pot de Nutella, un emballage de papier mouchoirs et des petits\nmorceaux de papier aluminium. De la joie et des sourire ont \u00e9merg\u00e9 cette\njourn\u00e9e, elle est r\u00e9ussie. <\/p>\n\n\n\n<p>Merci \u00e0 tous ceux qui ont particip\u00e9 \u00e0 cette accomplissement de cette journ\u00e9e.<\/p>\n\n\n\n<p style=\"color:#ffffff\" class=\"has-text-color\">$<\/p>\n\n\n\n<figure class=\"wp-block-image\"><img loading=\"lazy\" decoding=\"async\" width=\"715\" height=\"1024\" src=\"https:\/\/etab.ac-reunion.fr\/lyc-boisjoly-potier\/wp-content\/uploads\/sites\/112\/2020\/05\/IMG_1487-715x1024.jpg\" alt=\"\" class=\"wp-image-2130\" srcset=\"https:\/\/etab.ac-reunion.fr\/lyc-boisjoly-potier\/wp-content\/uploads\/sites\/112\/2020\/05\/IMG_1487-715x1024.jpg 715w, https:\/\/etab.ac-reunion.fr\/lyc-boisjoly-potier\/wp-content\/uploads\/sites\/112\/2020\/05\/IMG_1487-210x300.jpg 210w, https:\/\/etab.ac-reunion.fr\/lyc-boisjoly-potier\/wp-content\/uploads\/sites\/112\/2020\/05\/IMG_1487-768x1100.jpg 768w, https:\/\/etab.ac-reunion.fr\/lyc-boisjoly-potier\/wp-content\/uploads\/sites\/112\/2020\/05\/IMG_1487-1073x1536.jpg 1073w, https:\/\/etab.ac-reunion.fr\/lyc-boisjoly-potier\/wp-content\/uploads\/sites\/112\/2020\/05\/IMG_1487-1431x2048.jpg 1431w, https:\/\/etab.ac-reunion.fr\/lyc-boisjoly-potier\/wp-content\/uploads\/sites\/112\/2020\/05\/IMG_1487.jpg 1668w\" sizes=\"(max-width: 715px) 100vw, 715px\" \/><\/figure>\n\n\n\n<p class=\"has-text-align-center\"><strong>&#8212;&#8212;&#8212;&#8212;&#8212;&#8212;&#8212;&#8212;&#8212;&#8212;&#8212;&#8212;&#8212;&#8212;&#8212;&#8212;&#8212;&#8212;&#8212;&#8212;&#8212;&#8212;&#8212;&#8212;&#8212;&#8212;&#8212;&#8212;&#8212;&#8212;&#8212;&#8212;&#8212;&#8212;&#8212;&#8212;&#8212;&#8212;&#8212;&#8212;<\/strong><\/p>\n\n\n\n<p class=\"has-text-color has-large-font-size has-luminous-vivid-orange-color\"> Poules <\/p>\n\n\n\n<p style=\"color:#ffffff\" class=\"has-text-color\">$<\/p>\n\n\n\n<p>Au lyc\u00e9e BoisJoly Potier, nous avons des <strong>poules<\/strong>.&nbsp;&nbsp;A quoi servent elles&nbsp;? Que faisons nous avec elles&nbsp;?&nbsp;Le lyc\u00e9e BoisJoly Potier a mis \u00e0 la disposition de quatre \u00e9l\u00e8ves, qui se nomment Dylan, Julien, Ana\u00eblle et Thibault, un parc pour pouvoir \u00e9lever des poules.<\/p>\n\n\n\n<p class=\"has-text-color has-vivid-cyan-blue-color\"><\/p>\n\n\n\n<div class=\"wp-block-image\"><figure class=\"aligncenter size-large\"><a href=\"https:\/\/etab.ac-reunion.fr\/lyc-boisjoly-potier\/wp-content\/uploads\/sites\/112\/2020\/05\/LES-POULETTES-BIS.pdf\"><img loading=\"lazy\" decoding=\"async\" width=\"397\" height=\"568\" src=\"https:\/\/etab.ac-reunion.fr\/lyc-boisjoly-potier\/wp-content\/uploads\/sites\/112\/2020\/05\/poule.jpg\" alt=\"\" class=\"wp-image-2253\" srcset=\"https:\/\/etab.ac-reunion.fr\/lyc-boisjoly-potier\/wp-content\/uploads\/sites\/112\/2020\/05\/poule.jpg 397w, https:\/\/etab.ac-reunion.fr\/lyc-boisjoly-potier\/wp-content\/uploads\/sites\/112\/2020\/05\/poule-210x300.jpg 210w\" sizes=\"(max-width: 397px) 100vw, 397px\" \/><\/a><\/figure><\/div>\n\n\n\n<div class=\"wp-block-group is-layout-flow wp-block-group-is-layout-flow\"><div class=\"wp-block-group__inner-container\"><\/div><\/div>\n\n\n\n<p style=\"color:#ffffff\" class=\"has-text-color\">$<\/p>\n\n\n\n<p>Avec les poules on fait plusieurs choses&nbsp;: Il y a les <strong>tests de croissance<\/strong>. Toutes les semaines elles sont <strong>pes\u00e9es et mesur\u00e9es<\/strong>. On mesure les ailes, les pattes et le bec.<\/p>\n\n\n\n<p>On cherche aussi \u00e0 contribuer \u00e0 la <strong>diminution du gaspillage alimentaire au lyc\u00e9e<\/strong>. Tous les jours nous partons au service du restaurant scolaire et nous allons prendre des restes de nourriture.<\/p>\n\n\n\n<p>Nous faisons tous ce travail en \u00e9quipe pour contribuer \u00e0 l\u2019arr\u00eat du gaspillage alimentaire.<\/p>\n\n\n\n<figure class=\"wp-block-image size-large\"><a href=\"https:\/\/etab.ac-reunion.fr\/lyc-boisjoly-potier\/wp-content\/uploads\/sites\/112\/2020\/05\/Illustration_sans_titre-6-1431x2048.jpg\"><img loading=\"lazy\" decoding=\"async\" width=\"715\" height=\"1024\" src=\"https:\/\/etab.ac-reunion.fr\/lyc-boisjoly-potier\/wp-content\/uploads\/sites\/112\/2020\/05\/Illustration_sans_titre-6-715x1024.jpg\" alt=\"\" class=\"wp-image-2374\" srcset=\"https:\/\/etab.ac-reunion.fr\/lyc-boisjoly-potier\/wp-content\/uploads\/sites\/112\/2020\/05\/Illustration_sans_titre-6-715x1024.jpg 715w, https:\/\/etab.ac-reunion.fr\/lyc-boisjoly-potier\/wp-content\/uploads\/sites\/112\/2020\/05\/Illustration_sans_titre-6-210x300.jpg 210w, https:\/\/etab.ac-reunion.fr\/lyc-boisjoly-potier\/wp-content\/uploads\/sites\/112\/2020\/05\/Illustration_sans_titre-6-768x1100.jpg 768w, https:\/\/etab.ac-reunion.fr\/lyc-boisjoly-potier\/wp-content\/uploads\/sites\/112\/2020\/05\/Illustration_sans_titre-6-1073x1536.jpg 1073w, https:\/\/etab.ac-reunion.fr\/lyc-boisjoly-potier\/wp-content\/uploads\/sites\/112\/2020\/05\/Illustration_sans_titre-6-1431x2048.jpg 1431w, https:\/\/etab.ac-reunion.fr\/lyc-boisjoly-potier\/wp-content\/uploads\/sites\/112\/2020\/05\/Illustration_sans_titre-6.jpg 1668w\" sizes=\"(max-width: 715px) 100vw, 715px\" \/><\/a><\/figure>\n\n\n\n<p style=\"color:#ffffff\" class=\"has-text-color\">$<\/p>\n\n\n\n<p class=\"has-text-align-center\"><strong>&#8212;&#8212;&#8212;&#8212;&#8212;&#8212;&#8212;&#8212;&#8212;&#8212;&#8212;&#8212;&#8212;&#8212;&#8212;&#8212;&#8212;&#8212;&#8212;&#8212;&#8212;&#8212;&#8212;&#8212;&#8212;&#8212;&#8212;&#8212;&#8212;&#8212;&#8212;&#8212;&#8212;&#8212;&#8212;&#8212;&#8212;&#8212;&#8212;&#8212;<\/strong><\/p>\n\n\n\n<p class=\"has-text-color has-large-font-size has-luminous-vivid-orange-color\"> Lombricomposteur <\/p>\n\n\n\n<p style=\"color:#ffffff\" class=\"has-text-color\">s<\/p>\n\n\n\n<p class=\"has-medium-font-size\"><strong> Transformation des d\u00e9chets :<\/strong><\/p>\n\n\n\n<p>La CASUD nous a mis \u00e0 notre disposition un lombricomposteur : bac sp\u00e9cifique pouvant accueillir certains d\u00e9chets organiques, dont la d\u00e9composition et la transformation en compost est assur\u00e9e et acc\u00e9l\u00e9r\u00e9e par des vers de terre.Les avantages en terme d&rsquo;\u00e9limination de d\u00e9chets et de production :&nbsp;&#8211; de compost solide d&rsquo;une part- d&rsquo;engrais liquide (lombrit\u00e9) d&rsquo;autre partsont flagrants.<\/p>\n\n\n\n<div class=\"wp-block-image\"><figure class=\"aligncenter size-large\"><img loading=\"lazy\" decoding=\"async\" width=\"1024\" height=\"768\" src=\"https:\/\/etab.ac-reunion.fr\/lyc-boisjoly-potier\/wp-content\/uploads\/sites\/112\/2020\/06\/IMG_20200604_121033-1024x768.jpg\" alt=\"\" class=\"wp-image-2419\" srcset=\"https:\/\/etab.ac-reunion.fr\/lyc-boisjoly-potier\/wp-content\/uploads\/sites\/112\/2020\/06\/IMG_20200604_121033-1024x768.jpg 1024w, https:\/\/etab.ac-reunion.fr\/lyc-boisjoly-potier\/wp-content\/uploads\/sites\/112\/2020\/06\/IMG_20200604_121033-300x225.jpg 300w, https:\/\/etab.ac-reunion.fr\/lyc-boisjoly-potier\/wp-content\/uploads\/sites\/112\/2020\/06\/IMG_20200604_121033-768x576.jpg 768w, https:\/\/etab.ac-reunion.fr\/lyc-boisjoly-potier\/wp-content\/uploads\/sites\/112\/2020\/06\/IMG_20200604_121033-1536x1152.jpg 1536w, https:\/\/etab.ac-reunion.fr\/lyc-boisjoly-potier\/wp-content\/uploads\/sites\/112\/2020\/06\/IMG_20200604_121033-2048x1536.jpg 2048w\" sizes=\"(max-width: 1024px) 100vw, 1024px\" \/><\/figure><\/div>\n\n\n\n<p>Les d\u00e9chets accept\u00e9s par le lombricomposteur sont par exemple : marc de caf\u00e9, \u00e9pluchures de fruits et l\u00e9gumes, restes de riz blanc, serviettes en papier, gobelets jetables sans plastiques, cartons &#8230; et proviennent de la cantine, de la salle des professeurs ou encore des bureaux.<br>Ainsi, certaines habitudes ont chang\u00e9, pour en citer un exemple : les timbales et capsules de caf\u00e9 en plastique \u00e0 usage unique ont disparu des \u00ab\u00a0pauses caf\u00e9\u00a0\u00bb de la salle des professeurs : \u00e0 la place, une nouvelle machine \u00e0 caf\u00e9 utilisant des dosettes en papier conna\u00eet un franc succ\u00e8s, et ce sont en moyenne 75 dosettes de caf\u00e9 par jour qui sont recycl\u00e9es par le lombricomposteur !<\/p>\n\n\n\n<p style=\"color:#ffffff\" class=\"has-text-color\">$<\/p>\n\n\n\n<p class=\"has-medium-font-size\"><strong>&nbsp;Le lyc\u00e9e, donneur officiel de vers :<\/strong><\/p>\n\n\n\n<div class=\"wp-block-image\"><figure class=\"alignright size-large\"><img loading=\"lazy\" decoding=\"async\" width=\"245\" height=\"206\" src=\"https:\/\/etab.ac-reunion.fr\/lyc-boisjoly-potier\/wp-content\/uploads\/sites\/112\/2020\/06\/Plus2vers.png\" alt=\"\" class=\"wp-image-2420\" \/><\/figure><\/div>\n\n\n\n<p class=\"has-text-align-left\">Depuis le d\u00e9but de l&rsquo;installation du Bac, le lyc\u00e9e est inscrit sur le site : <strong><a rel=\"noreferrer noopener\" href=\"http:\/\/plus2vers.com\/\" target=\"_blank\">plus2vers.com<\/a>,<\/strong> et propose de donner des vers de terre aux particuliers ou entreprises qui souhaitent d\u00e9marrer un projet de  lombricompostage.&nbsp;<\/p>\n\n\n\n<p class=\"has-text-align-left\">Chaque mois environ, les \u00e9l\u00e8ves font un don, apr\u00e8s avoir \u00e9t\u00e9 contact\u00e9s par le site internet. Ce sont donc au total une vingtaine de dons qui ont \u00e9t\u00e9 effectu\u00e9s depuis le d\u00e9but de notre projet, car il est tr\u00e8s difficile de se procurer ces fameux vers !<\/p>\n\n\n\n<p class=\"has-text-align-left\">N&rsquo;h\u00e9sitez faire \u00e0 nous faire une demande de don, si vous \u00eates int\u00e9ress\u00e9s aussi, via le site !<\/p>\n\n\n\n<p style=\"color:#ffffff\" class=\"has-text-color\">$<\/p>\n\n\n\n<figure class=\"wp-block-image size-large\"><a href=\"https:\/\/etab.ac-reunion.fr\/lyc-boisjoly-potier\/wp-content\/uploads\/sites\/112\/2020\/06\/IMG_1575-1024x974.jpg\"><img loading=\"lazy\" decoding=\"async\" width=\"1024\" height=\"974\" src=\"https:\/\/etab.ac-reunion.fr\/lyc-boisjoly-potier\/wp-content\/uploads\/sites\/112\/2020\/06\/IMG_1575-1024x974.jpg\" alt=\"\" class=\"wp-image-2423\" srcset=\"https:\/\/etab.ac-reunion.fr\/lyc-boisjoly-potier\/wp-content\/uploads\/sites\/112\/2020\/06\/IMG_1575-1024x974.jpg 1024w, https:\/\/etab.ac-reunion.fr\/lyc-boisjoly-potier\/wp-content\/uploads\/sites\/112\/2020\/06\/IMG_1575-300x285.jpg 300w, https:\/\/etab.ac-reunion.fr\/lyc-boisjoly-potier\/wp-content\/uploads\/sites\/112\/2020\/06\/IMG_1575-768x731.jpg 768w, https:\/\/etab.ac-reunion.fr\/lyc-boisjoly-potier\/wp-content\/uploads\/sites\/112\/2020\/06\/IMG_1575-1536x1461.jpg 1536w, https:\/\/etab.ac-reunion.fr\/lyc-boisjoly-potier\/wp-content\/uploads\/sites\/112\/2020\/06\/IMG_1575.jpg 1668w\" sizes=\"(max-width: 1024px) 100vw, 1024px\" \/><\/a><\/figure>\n\n\n\n<p class=\"has-text-align-center\"><strong>&#8212;&#8212;&#8212;&#8212;&#8212;&#8212;&#8212;&#8212;&#8212;&#8212;&#8212;&#8212;&#8212;&#8212;&#8212;&#8212;&#8212;&#8212;&#8212;&#8212;&#8212;&#8212;&#8212;&#8212;&#8212;&#8212;&#8212;&#8212;&#8212;&#8212;&#8212;&#8212;&#8212;&#8212;&#8212;&#8212;&#8212;&#8212;&#8212;&#8212;<\/strong><\/p>\n\n\n\n<p style=\"color:#ffffff\" class=\"has-text-color\">$<\/p>\n\n\n\n<p class=\"has-text-color has-large-font-size has-luminous-vivid-orange-color\">Lutte contre le sur-emballage et la sur-consommation<\/p>\n\n\n\n<p style=\"color:#ffffff\" class=\"has-text-color\">p<\/p>\n\n\n\n<p class=\"has-normal-font-size\">Lutte contre le sur-emballage<\/p>\n\n\n\n<figure class=\"wp-block-embed-youtube wp-block-embed is-type-video is-provider-youtube wp-embed-aspect-16-9 wp-has-aspect-ratio\"><div class=\"wp-block-embed__wrapper\">\n<script>document.addEventListener('DOMContentLoaded', function() {(tarteaucitron.job = tarteaucitron.job || []).push('youtube');});<\/script><div class=\"youtube_player\" videoID=\"6LNrgs2kDqQ\" width=\"100%\" height=\"100%\" style=\"height:50vw\" theme=\"light\" rel=\"0\" controls=\"1\" showinfo=\"1\" autoplay=\"0\"><\/div>\n<\/div><\/figure>\n\n\n\n<p class=\"has-text-color has-normal-font-size has-very-dark-gray-color\">Lutte contre la surconsommation<\/p>\n\n\n\n<figure class=\"wp-block-embed-youtube wp-block-embed is-type-video is-provider-youtube wp-embed-aspect-16-9 wp-has-aspect-ratio\"><div class=\"wp-block-embed__wrapper\">\n<script>document.addEventListener('DOMContentLoaded', function() {(tarteaucitron.job = tarteaucitron.job || []).push('youtube');});<\/script><div class=\"youtube_player\" videoID=\"Y-xpbCWaQco\" width=\"100%\" height=\"100%\" style=\"height:50vw\" theme=\"light\" rel=\"0\" controls=\"1\" showinfo=\"1\" autoplay=\"0\"><\/div>\n<\/div><\/figure>\n\n\n\n<p class=\"has-text-align-center\"><strong>&#8212;&#8212;&#8212;&#8212;&#8212;&#8212;&#8212;&#8212;&#8212;&#8212;&#8212;&#8212;&#8212;&#8212;&#8212;&#8212;&#8212;&#8212;&#8212;&#8212;&#8212;&#8212;&#8212;&#8212;&#8212;&#8212;&#8212;&#8212;&#8212;&#8212;&#8212;&#8212;&#8212;&#8212;&#8212;&#8212;&#8212;&#8212;&#8212;&#8212;<\/strong><\/p>\n\n\n\n<p style=\"color:#ffffff\" class=\"has-text-color\">s<\/p>\n\n\n\n<p class=\"has-text-color has-large-font-size has-luminous-vivid-orange-color\">SERD 2017<\/p>\n\n\n\n<figure class=\"wp-block-embed-youtube wp-block-embed is-type-video is-provider-youtube wp-embed-aspect-16-9 wp-has-aspect-ratio\"><div class=\"wp-block-embed__wrapper\">\n<script>document.addEventListener('DOMContentLoaded', function() {(tarteaucitron.job = tarteaucitron.job || []).push('youtube');});<\/script><div class=\"youtube_player\" videoID=\"zUxMWvZpTdk\" width=\"100%\" height=\"100%\" style=\"height:50vw\" theme=\"light\" rel=\"0\" controls=\"1\" showinfo=\"1\" autoplay=\"0\"><\/div>\n<\/div><\/figure>\n","protected":false},"excerpt":{"rendered":"<p>$ World Clean-up Day 2019 Cliquez sur l&rsquo;image pour lire la vid\u00e9o Aujourd\u2019hui nous vous proposons un article sur notre journ\u00e9e d\u2019immersion avec la section de d\u00e9veloppement durable au lyc\u00e9e Boisjoly Potier pour la journ\u00e9e internationale du world clean up day, \u00e9dition 2019. &nbsp;Tout d\u2019abord, la world clean up day est une action devenue un [&hellip;]<\/p>\n","protected":false},"author":13029,"featured_media":0,"parent":0,"menu_order":0,"comment_status":"closed","ping_status":"closed","template":"","meta":{"_et_pb_use_builder":"","_et_pb_old_content":"","_et_gb_content_width":"","footnotes":""},"class_list":["post-2183","page","type-page","status-publish","hentry"],"_links":{"self":[{"href":"https:\/\/etab.ac-reunion.fr\/lyc-boisjoly-potier\/wp-json\/wp\/v2\/pages\/2183","targetHints":{"allow":["GET"]}}],"collection":[{"href":"https:\/\/etab.ac-reunion.fr\/lyc-boisjoly-potier\/wp-json\/wp\/v2\/pages"}],"about":[{"href":"https:\/\/etab.ac-reunion.fr\/lyc-boisjoly-potier\/wp-json\/wp\/v2\/types\/page"}],"author":[{"embeddable":true,"href":"https:\/\/etab.ac-reunion.fr\/lyc-boisjoly-potier\/wp-json\/wp\/v2\/users\/13029"}],"replies":[{"embeddable":true,"href":"https:\/\/etab.ac-reunion.fr\/lyc-boisjoly-potier\/wp-json\/wp\/v2\/comments?post=2183"}],"version-history":[{"count":56,"href":"https:\/\/etab.ac-reunion.fr\/lyc-boisjoly-potier\/wp-json\/wp\/v2\/pages\/2183\/revisions"}],"predecessor-version":[{"id":2775,"href":"https:\/\/etab.ac-reunion.fr\/lyc-boisjoly-potier\/wp-json\/wp\/v2\/pages\/2183\/revisions\/2775"}],"wp:attachment":[{"href":"https:\/\/etab.ac-reunion.fr\/lyc-boisjoly-potier\/wp-json\/wp\/v2\/media?parent=2183"}],"curies":[{"name":"wp","href":"https:\/\/api.w.org\/{rel}","templated":true}]}}