{"id":2266,"date":"2020-05-15T16:28:47","date_gmt":"2020-05-15T12:28:47","guid":{"rendered":"http:\/\/lycee-boisjoly-potier.ac-reunion.fr\/?page_id=2266"},"modified":"2020-05-15T16:28:50","modified_gmt":"2020-05-15T12:28:50","slug":"nos-projets","status":"publish","type":"page","link":"https:\/\/etab.ac-reunion.fr\/lyc-boisjoly-potier\/nos-projets\/","title":{"rendered":"Nos Projets"},"content":{"rendered":"\n<p style=\"color:#00a302\" class=\"has-text-color has-large-font-size\"><a href=\"https:\/\/etab.ac-reunion.fr\/lyc-boisjoly-potier\/alimentation\/\">Alimentation<\/a><\/p>\n\n\n\n<p class=\"has-text-color has-large-font-size has-luminous-vivid-amber-color\"><a href=\"https:\/\/etab.ac-reunion.fr\/lyc-boisjoly-potier\/biodiversite\/\">Biodiversit\u00e9 <\/a><\/p>\n\n\n\n<p class=\"has-text-color has-large-font-size has-luminous-vivid-orange-color\"><a href=\"https:\/\/etab.ac-reunion.fr\/lyc-boisjoly-potier\/dechets\/\">D\u00e9chets<\/a><\/p>\n\n\n\n<p class=\"has-text-color has-large-font-size has-vivid-cyan-blue-color\"><a href=\"https:\/\/etab.ac-reunion.fr\/lyc-boisjoly-potier\/eau\/\">Eau<\/a><\/p>\n\n\n\n<p class=\"has-text-color has-large-font-size has-vivid-red-color\"><a href=\"https:\/\/etab.ac-reunion.fr\/lyc-boisjoly-potier\/sante\/\">Sant\u00e9<\/a><\/p>\n\n\n\n<p class=\"has-text-color has-large-font-size has-vivid-purple-color\"><a href=\"https:\/\/etab.ac-reunion.fr\/lyc-boisjoly-potier\/solidarite\/\">Solidarit\u00e9<\/a><\/p>\n","protected":false},"excerpt":{"rendered":"<p>Alimentation Biodiversit\u00e9 D\u00e9chets Eau Sant\u00e9 Solidarit\u00e9<\/p>\n","protected":false},"author":13029,"featured_media":0,"parent":0,"menu_order":0,"comment_status":"closed","ping_status":"closed","template":"","meta":{"_et_pb_use_builder":"","_et_pb_old_content":"","_et_gb_content_width":"","footnotes":""},"class_list":["post-2266","page","type-page","status-publish","hentry"],"_links":{"self":[{"href":"https:\/\/etab.ac-reunion.fr\/lyc-boisjoly-potier\/wp-json\/wp\/v2\/pages\/2266","targetHints":{"allow":["GET"]}}],"collection":[{"href":"https:\/\/etab.ac-reunion.fr\/lyc-boisjoly-potier\/wp-json\/wp\/v2\/pages"}],"about":[{"href":"https:\/\/etab.ac-reunion.fr\/lyc-boisjoly-potier\/wp-json\/wp\/v2\/types\/page"}],"author":[{"embeddable":true,"href":"https:\/\/etab.ac-reunion.fr\/lyc-boisjoly-potier\/wp-json\/wp\/v2\/users\/13029"}],"replies":[{"embeddable":true,"href":"https:\/\/etab.ac-reunion.fr\/lyc-boisjoly-potier\/wp-json\/wp\/v2\/comments?post=2266"}],"version-history":[{"count":1,"href":"https:\/\/etab.ac-reunion.fr\/lyc-boisjoly-potier\/wp-json\/wp\/v2\/pages\/2266\/revisions"}],"predecessor-version":[{"id":2267,"href":"https:\/\/etab.ac-reunion.fr\/lyc-boisjoly-potier\/wp-json\/wp\/v2\/pages\/2266\/revisions\/2267"}],"wp:attachment":[{"href":"https:\/\/etab.ac-reunion.fr\/lyc-boisjoly-potier\/wp-json\/wp\/v2\/media?parent=2266"}],"curies":[{"name":"wp","href":"https:\/\/api.w.org\/{rel}","templated":true}]}}