{"id":7444,"date":"2024-08-26T16:21:29","date_gmt":"2024-08-26T12:21:29","guid":{"rendered":"https:\/\/etab.ac-reunion.fr\/lyc-boisjoly-potier\/?page_id=7444"},"modified":"2024-09-30T15:30:10","modified_gmt":"2024-09-30T11:30:10","slug":"classes-engagees","status":"publish","type":"page","link":"https:\/\/etab.ac-reunion.fr\/lyc-boisjoly-potier\/classes-engagees\/","title":{"rendered":"Classes engag\u00e9es"},"content":{"rendered":"\n<p class=\"has-black-color has-text-color has-link-color wp-elements-df0716082d772db58bbc0991a99f2019\">Lors de la rentr\u00e9e scolaire 2023-24, le lyc\u00e9e BJP a pr\u00e9sent\u00e9 2 projets dans le cadre de la classe engag\u00e9e. <\/p>\n\n\n\n<ul class=\"wp-block-list has-black-color has-text-color has-link-color wp-elements-d5797da4ed467529507e08ff499070fd\">\n<li>Le premier projet a \u00e9t\u00e9 men\u00e9 avec les \u00e9l\u00e8ves de la 2nde 5 et portait sur la coloration \u00ab\u00a0D\u00e9fense et M\u00e9moire\u00a0\u00bb. Vous pourrez\u00a0voir le projet en cliquant <a href=\"https:\/\/portail.bjpotier.ac-reunion.fr\/nextcloud\/index.php\/s\/PnwC3AtkNs57GT3\">ICI<\/a>. Dans le cadre du PROJET D\u00c9FENSE ET M\u00c9MOIRE, les \u00e9l\u00e8ves ont pu visiter les Calbanons de la Cafrine: <a href=\"https:\/\/portail.bjpotier.ac-reunion.fr\/nextcloud\/index.php\/s\/Wj9SdKcsQniRPZK\">voir texte<\/a>. Autre temps fort du projet a \u00e9t\u00e9 la visite des anciens combattants dans l&rsquo;\u00e9tablissement. Les \u00e9l\u00e8ves ont pu \u00e9changer avec des membres de l&rsquo;association du Tampon. La production finale a \u00e9t\u00e9 pr\u00e9sent\u00e9e lors du s\u00e9jour de coh\u00e9sion dans le cadre du SNU. A voir : <a href=\"https:\/\/portail.bjpotier.ac-reunion.fr\/nextcloud\/index.php\/s\/WAC8qYKQMWkSPY4\">film 1<\/a> :<a href=\"https:\/\/portail.bjpotier.ac-reunion.fr\/nextcloud\/index.php\/s\/EsCD6yQNeTfpwtJ\"> film 2<\/a> et film 3 propos\u00e9s par les \u00e9l\u00e8ves.<\/li>\n<\/ul>\n\n\n\n<hr class=\"wp-block-separator has-alpha-channel-opacity\" \/>\n\n\n\n<ul class=\"wp-block-list has-black-color has-text-color has-link-color wp-elements-369d636a678d4e45ce2733b482e7f0f2\">\n<li>L&rsquo;autre projet \u00e9tait construit autour des \u00ab\u00a0jeux olympiques et paralympiques\u00a0\u00bb et les \u00e9l\u00e8ves de&nbsp;2<sup>nde<\/sup> Maintenance industrielle(PMIA) ont travaill\u00e9 sur l&rsquo;\u00e9lectrification d&rsquo;un fauteuil roulant. <a href=\"https:\/\/portail.bjpotier.ac-reunion.fr\/nextcloud\/index.php\/s\/PiprWjn7PjPTmbZ\">Voir projet ICI <\/a>.<\/li>\n\n\n\n<li>Pendant cette ann\u00e9e scolaire 2024-25, les \u00e9l\u00e8ves de 2nde 5 travailleront sur un projet en lien avec l&rsquo;environnement.<a href=\"https:\/\/portail.bjpotier.ac-reunion.fr\/nextcloud\/index.php\/s\/kTJnArNaaPf3xqT\"> Cliquer ici pour voir le projet<\/a>.<\/li>\n\n\n\n<li>Les \u00e9l\u00e8ves de la 2nde PMIA pr\u00e9senteront&nbsp;un distributeur de gel hydroalcoolique qui joue des samples de musique en lien avec la coloration \u00ab\u00a0r\u00e9silience et pr\u00e9vention des risques\u00a0\u00bb<\/li>\n<\/ul>\n\n\n\n<figure class=\"wp-block-gallery has-nested-images columns-default is-cropped wp-block-gallery-1 is-layout-flex wp-block-gallery-is-layout-flex\">\n<figure class=\"wp-block-image size-large\"><img loading=\"lazy\" decoding=\"async\" width=\"640\" height=\"480\" data-id=\"7546\" src=\"https:\/\/etab.ac-reunion.fr\/lyc-boisjoly-potier\/wp-content\/uploads\/sites\/112\/2024\/09\/SNU-1cabanon.jpg\" alt=\"\" class=\"wp-image-7546\" srcset=\"https:\/\/etab.ac-reunion.fr\/lyc-boisjoly-potier\/wp-content\/uploads\/sites\/112\/2024\/09\/SNU-1cabanon.jpg 640w, https:\/\/etab.ac-reunion.fr\/lyc-boisjoly-potier\/wp-content\/uploads\/sites\/112\/2024\/09\/SNU-1cabanon-480x360.jpg 480w\" sizes=\"(min-width: 0px) and (max-width: 480px) 480px, (min-width: 481px) 640px, 100vw\" \/><\/figure>\n\n\n\n<figure class=\"wp-block-image size-large\"><img loading=\"lazy\" decoding=\"async\" width=\"640\" height=\"480\" data-id=\"7547\" src=\"https:\/\/etab.ac-reunion.fr\/lyc-boisjoly-potier\/wp-content\/uploads\/sites\/112\/2024\/09\/Snu-2-cabanon.jpg\" alt=\"\" class=\"wp-image-7547\" srcset=\"https:\/\/etab.ac-reunion.fr\/lyc-boisjoly-potier\/wp-content\/uploads\/sites\/112\/2024\/09\/Snu-2-cabanon.jpg 640w, https:\/\/etab.ac-reunion.fr\/lyc-boisjoly-potier\/wp-content\/uploads\/sites\/112\/2024\/09\/Snu-2-cabanon-480x360.jpg 480w\" sizes=\"(min-width: 0px) and (max-width: 480px) 480px, (min-width: 481px) 640px, 100vw\" \/><\/figure>\n\n\n\n<figure class=\"wp-block-image size-large\"><img loading=\"lazy\" decoding=\"async\" width=\"640\" height=\"296\" data-id=\"7548\" src=\"https:\/\/etab.ac-reunion.fr\/lyc-boisjoly-potier\/wp-content\/uploads\/sites\/112\/2024\/09\/Snu-3-cabanon.png\" alt=\"\" class=\"wp-image-7548\" srcset=\"https:\/\/etab.ac-reunion.fr\/lyc-boisjoly-potier\/wp-content\/uploads\/sites\/112\/2024\/09\/Snu-3-cabanon.png 640w, https:\/\/etab.ac-reunion.fr\/lyc-boisjoly-potier\/wp-content\/uploads\/sites\/112\/2024\/09\/Snu-3-cabanon-480x222.png 480w\" sizes=\"(min-width: 0px) and (max-width: 480px) 480px, (min-width: 481px) 640px, 100vw\" \/><\/figure>\n<\/figure>\n\n\n\n<ul class=\"wp-block-list has-black-color has-text-color has-link-color wp-elements-b5eade3a8a5a3f5395af5f60a7338523\">\n<li><\/li>\n<\/ul>\n","protected":false},"excerpt":{"rendered":"<p>Lors de la rentr\u00e9e scolaire 2023-24, le lyc\u00e9e BJP a pr\u00e9sent\u00e9 2 projets dans le cadre de la classe engag\u00e9e.<\/p>\n","protected":false},"author":27708,"featured_media":0,"parent":0,"menu_order":0,"comment_status":"closed","ping_status":"closed","template":"","meta":{"_et_pb_use_builder":"off","_et_pb_old_content":"","_et_gb_content_width":"1080","footnotes":""},"class_list":["post-7444","page","type-page","status-publish","hentry"],"_links":{"self":[{"href":"https:\/\/etab.ac-reunion.fr\/lyc-boisjoly-potier\/wp-json\/wp\/v2\/pages\/7444","targetHints":{"allow":["GET"]}}],"collection":[{"href":"https:\/\/etab.ac-reunion.fr\/lyc-boisjoly-potier\/wp-json\/wp\/v2\/pages"}],"about":[{"href":"https:\/\/etab.ac-reunion.fr\/lyc-boisjoly-potier\/wp-json\/wp\/v2\/types\/page"}],"author":[{"embeddable":true,"href":"https:\/\/etab.ac-reunion.fr\/lyc-boisjoly-potier\/wp-json\/wp\/v2\/users\/27708"}],"replies":[{"embeddable":true,"href":"https:\/\/etab.ac-reunion.fr\/lyc-boisjoly-potier\/wp-json\/wp\/v2\/comments?post=7444"}],"version-history":[{"count":12,"href":"https:\/\/etab.ac-reunion.fr\/lyc-boisjoly-potier\/wp-json\/wp\/v2\/pages\/7444\/revisions"}],"predecessor-version":[{"id":7553,"href":"https:\/\/etab.ac-reunion.fr\/lyc-boisjoly-potier\/wp-json\/wp\/v2\/pages\/7444\/revisions\/7553"}],"wp:attachment":[{"href":"https:\/\/etab.ac-reunion.fr\/lyc-boisjoly-potier\/wp-json\/wp\/v2\/media?parent=7444"}],"curies":[{"name":"wp","href":"https:\/\/api.w.org\/{rel}","templated":true}]}}