{"id":7707,"date":"2025-01-28T11:05:20","date_gmt":"2025-01-28T07:05:20","guid":{"rendered":"https:\/\/etab.ac-reunion.fr\/lyc-boisjoly-potier\/?page_id=7707"},"modified":"2025-02-21T08:37:42","modified_gmt":"2025-02-21T04:37:42","slug":"le-bureau-des-entreprises","status":"publish","type":"page","link":"https:\/\/etab.ac-reunion.fr\/lyc-boisjoly-potier\/le-bureau-des-entreprises\/","title":{"rendered":"1. Le Bureau des entreprises"},"content":{"rendered":"\n<p class=\"has-black-color has-pale-cyan-blue-background-color has-text-color has-background has-link-color wp-elements-cca18b3de5ec18dde62ba7d526b8b564\"><strong><u>Relations Ecole-Entreprise&nbsp;:<\/u><\/strong><\/p>\n\n\n\n<p class=\"has-black-color has-text-color has-link-color wp-elements-ead85ba48809ff04649aea4ba05a432e\">Le d\u00e9veloppement des relations entre l&rsquo;\u00c9cole et le monde professionnel, et plus particuli\u00e8rement avec les entreprises, fait partie des missions de service public du syst\u00e8me \u00e9ducatif, avec un triple objectif&nbsp;:<\/p>\n\n\n\n<ul class=\"wp-block-list\">\n<li class=\"has-black-color has-text-color has-link-color wp-elements-e03b23c9d01c96de382e790a5f7d9193\">favoriser l&rsquo;insertion professionnelle des \u00e9l\u00e8ves apr\u00e8s leur sortie du syst\u00e8me \u00e9ducatif.<\/li>\n\n\n\n<li class=\"has-black-color has-text-color has-link-color wp-elements-13dc0d2fb9f15bd394d86aa6a9ed9e84\">aider et accompagner les jeunes dans leur projet d&rsquo;orientation, en leur permettant de conna\u00eetre les diff\u00e9rents m\u00e9tiers qui s&rsquo;offrent \u00e0 eux&nbsp;;<\/li>\n\n\n\n<li class=\"has-black-color has-text-color has-link-color wp-elements-db86f694cba9180ad891498c69968cea\">donner des clefs de compr\u00e9hension aux \u00e9l\u00e8ves pour les pr\u00e9parer progressivement \u00e0 leur arriv\u00e9e future dans le monde professionnel, plus particuli\u00e8rement s&rsquo;agissant des \u00e9l\u00e8ves form\u00e9s en alternance.<\/li>\n\n\n\n<li><a><strong><u>Le Bureau des Entreprises&nbsp;:<\/u><\/strong><\/a><\/li>\n<\/ul>\n\n\n\n<p class=\"has-black-color has-text-color has-link-color wp-elements-a5661e3fbd62a632b3def34e510ac1a5\">Mis en place depuis la rentr\u00e9e 2023, le bureau des entreprises contribue \u00e0 l\u2019attractivit\u00e9 des formations professionnelles, \u00e0 la r\u00e9ussite des parcours de formation, \u00e0 l\u2019am\u00e9lioration de l\u2019insertion professionnelle et \u00e0 l\u2019adaptation des formations aux besoins en comp\u00e9tences du territoire.<\/p>\n\n\n\n<p class=\"has-black-color has-pale-cyan-blue-background-color has-text-color has-background has-link-color wp-elements-dc17bced3165b4b9da4ab09c6eb2365e\"><strong>Qu&rsquo;est-ce que le bureau des entreprises&nbsp;?<\/strong><\/p>\n\n\n\n<p class=\"has-black-color has-text-color has-link-color wp-elements-a6b91b8c5457ba4a8d642ce6e71832f7\">Le bureau des entreprises a pour objectif de renforcer les liens de l\u2019\u00c9ducation nationale avec le monde \u00e9conomique. Il offre un point d\u2019entr\u00e9e aux acteurs du monde professionnel au sein de chaque lyc\u00e9e professionnel. Lieu d\u00e9di\u00e9 aux partenariats, il favorise la mise en synergie des acteurs au b\u00e9n\u00e9fice des partenaires \u00e9conomiques, des \u00e9l\u00e8ves, des \u00e9tudiants, des apprentis et des stagiaires de la formation continue.<\/p>\n\n\n\n<p class=\"has-black-color has-text-color has-link-color wp-elements-05caa4ab81de1bdf3ebd818c2e447b8c\"><strong><mark class=\"has-inline-color has-vivid-cyan-blue-color\">Les missions du bureau des entreprises&nbsp;:<\/mark><\/strong><\/p>\n\n\n\n<p class=\"has-black-color has-text-color has-link-color wp-elements-fa8181e60b18268bb3386e6526e4920e\">Chaque bureau des entreprises articule ses activit\u00e9s autour de trois axes&nbsp;:&nbsp;<\/p>\n\n\n\n<p class=\"has-black-color has-text-color has-link-color wp-elements-8502a0288a808f4d11d99d96ddc40b37\"><strong><u>Axe 1&nbsp;: D\u00e9velopper des partenariats avec les acteurs \u00e9conomiques du territoire&nbsp;:<\/u><\/strong><\/p>\n\n\n\n<ul class=\"wp-block-list\">\n<li class=\"has-black-color has-text-color has-link-color wp-elements-1aa5ea0d96bac19e343a8107dc416c59\">D\u00e9veloppement de la relation lyc\u00e9e-entreprise : recherche, formalisation et suivi des partenariats avec les acteurs \u00e9conomiques du territoire&nbsp;;<\/li>\n\n\n\n<li class=\"has-black-color has-text-color has-link-color wp-elements-b8c06e6176108fc6fb5c92bb677cea7f\">Organisation d\u2019\u00e9v\u00e9nements avec les partenaires professionnels du lyc\u00e9e pour faciliter leur participation aux activit\u00e9s de l\u2019\u00e9tablissement (forums des m\u00e9tiers ou de fili\u00e8res, r\u00e9ception des tuteurs dans l\u2019\u00e9tablissement, participation \u00e0 la remise des dipl\u00f4mes ou autres manifestations concourant \u00e0 l\u2019insertion, intervention aupr\u00e8s des \u00e9l\u00e8ves, tutorat, projets p\u00e9dagogiques communs, etc.)&nbsp;;<\/li>\n\n\n\n<li class=\"has-black-color has-text-color has-link-color wp-elements-1acfc4e2a619f140ff380be8bceb12cb\">Contribution \u00e0 l\u2019\u00e9volution de la carte des formations de l\u2019\u00e9tablissement, en recensant les besoins exprim\u00e9s par les partenaires professionnels du lyc\u00e9e&nbsp;;<\/li>\n\n\n\n<li class=\"has-black-color has-text-color has-link-color wp-elements-c3ec415c3aafe7e8fe07360185ed3bdf\">Participation \u00e0 la collecte du solde de la taxe d\u2019apprentissage.<\/li>\n<\/ul>\n\n\n\n<p class=\"has-black-color has-text-color has-link-color wp-elements-bddcbc66de05016415258e0768525081\"><strong><u>Axe 2&nbsp;: Faire vire la relation \u00e9cole\/entreprise dans les parcours des apprenants&nbsp;:<\/u><\/strong><\/p>\n\n\n\n<ul class=\"wp-block-list\">\n<li class=\"has-black-color has-text-color has-link-color wp-elements-caa5519d15f9e19b68c3a9c805f9783b\">Appui \u00e0 la pr\u00e9paration des temps de formation en milieu professionnel&nbsp;;<\/li>\n\n\n\n<li class=\"has-black-color has-text-color has-link-color wp-elements-e575a9d0522c396927bce632a0758b45\">Appui \u00e0 la valorisation p\u00e9dagogique des comp\u00e9tences acquises lors des temps de formation en milieu professionnel (documents de suivi, livrets d\u2019alternance entre \u00e9tablissement&nbsp;de formation, milieu professionnel, etc.)&nbsp;;<\/li>\n\n\n\n<li class=\"has-black-color has-text-color has-link-color wp-elements-814f3047e5b26d79eec8700cdcaa62dc\">Appui, en lien avec les secteurs \u00e9conomiques locaux et aux c\u00f4t\u00e9s des conseillers France Travail, dans l\u2019accompagnement \u00e0 l\u2019insertion professionnelle des \u00e9l\u00e8ves en classe terminale&nbsp;;<\/li>\n\n\n\n<li class=\"has-black-color has-text-color has-link-color wp-elements-5e43c3b577d4068375a2d4cbc2f8edf2\">Appui \u00e0 l\u2019organisation du suivi de l\u2019insertion professionnelle des publics sortants de l\u2019\u00e9tablissement&nbsp;;<\/li>\n\n\n\n<li class=\"has-black-color has-text-color has-link-color wp-elements-d3384a8ccb30e2ac71797017f26c96b8\">Contribution au sentiment d\u2019appartenance au lyc\u00e9e professionnel et installation de r\u00e9seaux d\u2019anciens \u00e9l\u00e8ves (alumni)&nbsp;: les apprenants d\u2019aujourd\u2019hui sont les tuteurs de demain.<\/li>\n<\/ul>\n\n\n\n<p class=\"has-black-color has-text-color has-link-color wp-elements-ab326f7adbeda006020d8a8f4ceabaf5\"><strong><u>Axe 2 \u2013 Organiser les temps de formation en milieu professionnel<\/u><\/strong>&nbsp;:<\/p>\n\n\n\n<ul class=\"wp-block-list\">\n<li class=\"has-black-color has-text-color has-link-color wp-elements-4e22d1c6b23fbc455cb1f6b9a16c61e3\">Recensement, actualisation et suivi de la qualit\u00e9 des sites d\u2019accueil des \u00e9l\u00e8ves&nbsp;;<\/li>\n\n\n\n<li class=\"has-black-color has-text-color has-link-color wp-elements-dd1710897be6592df20ff64d1dc676d7\">Communication aupr\u00e8s des acteurs \u00e9conomiques (ressources humaines et tuteurs)&nbsp;: r\u00e9glementation, documents de suivi et d\u2019accompagnement, etc.&nbsp;;<\/li>\n\n\n\n<li class=\"has-black-color has-text-color has-link-color wp-elements-e45d6e8665fb65e1646ad78dccf71e12\">Appui aux \u00e9l\u00e8ves dans leur recherche des lieux d\u2019accueil en concertation avec l\u2019\u00e9quipe p\u00e9dagogique&nbsp;;<\/li>\n\n\n\n<li class=\"has-black-color has-text-color has-link-color wp-elements-5c289415173e5d9628eab0567ed158f5\">Appui \u00e0 l\u2019organisation du suivi (convention, professeur r\u00e9f\u00e9rent, lien avec tuteur, visites)&nbsp;;<\/li>\n\n\n\n<li class=\"has-black-color has-text-color has-link-color wp-elements-10c65f10fbd768be6ba4f661beec280d\">Suivi des allocations de p\u00e9riodes de formation en milieu professionnel (PFMP)&nbsp;;<\/li>\n\n\n\n<li class=\"has-black-color has-text-color has-link-color wp-elements-ef998417139d6bb4fe66e5c3707da02d\">Soutien \u00e0 la mise en place de la mobilit\u00e9 europ\u00e9enne et internationale.<\/li>\n<\/ul>\n\n\n\n<figure class=\"wp-block-image size-full is-resized\"><img loading=\"lazy\" decoding=\"async\" width=\"625\" height=\"844\" src=\"https:\/\/etab.ac-reunion.fr\/lyc-boisjoly-potier\/wp-content\/uploads\/sites\/112\/2025\/02\/synthese-Bde.png\" alt=\"\" class=\"wp-image-7770\" style=\"width:472px;height:auto\" srcset=\"https:\/\/etab.ac-reunion.fr\/lyc-boisjoly-potier\/wp-content\/uploads\/sites\/112\/2025\/02\/synthese-Bde.png 625w, https:\/\/etab.ac-reunion.fr\/lyc-boisjoly-potier\/wp-content\/uploads\/sites\/112\/2025\/02\/synthese-Bde-480x648.png 480w\" sizes=\"(min-width: 0px) and (max-width: 480px) 480px, (min-width: 481px) 625px, 100vw\" \/><\/figure>\n\n\n\n<p class=\"has-black-color has-text-color has-link-color wp-elements-b173302cd9ce1848b7267e60a046a176\"><strong><u>Contact BDE du Lyc\u00e9e Boisjoly Potier&nbsp;:<\/u><\/strong><\/p>\n\n\n\n<p class=\"has-black-color has-text-color has-link-color wp-elements-def79961af72729cde55284c684ee790\"><strong><u>T\u00e9l\u00e9phone&nbsp;:<\/u><\/strong> 02 62 57 90 48<\/p>\n\n\n\n<p class=\"has-black-color has-text-color has-link-color wp-elements-0c0dabad64ea78ce865e0b404fe9f11a\"><strong><u>Mail&nbsp;:<\/u><\/strong> <a href=\"mailto:bde-lpo-boisjoly-potier@ac-reunion.fr\">bde-lpo-boisjoly-potier@ac-reunion.fr<\/a><\/p>\n\n\n\n<ul class=\"wp-block-list\"><\/ul>\n","protected":false},"excerpt":{"rendered":"<p>Relations Ecole-Entreprise&nbsp;: Le d\u00e9veloppement des relations entre l&rsquo;\u00c9cole et le monde professionnel, et plus particuli\u00e8rement avec les entreprises, fait partie des missions de service public du syst\u00e8me \u00e9ducatif, avec un triple objectif&nbsp;: Mis en place depuis la rentr\u00e9e 2023, le bureau des entreprises contribue \u00e0 l\u2019attractivit\u00e9 des formations professionnelles, \u00e0 la r\u00e9ussite des parcours de [&hellip;]<\/p>\n","protected":false},"author":27708,"featured_media":0,"parent":0,"menu_order":0,"comment_status":"closed","ping_status":"closed","template":"","meta":{"_et_pb_use_builder":"off","_et_pb_old_content":"","_et_gb_content_width":"","footnotes":""},"class_list":["post-7707","page","type-page","status-publish","hentry"],"_links":{"self":[{"href":"https:\/\/etab.ac-reunion.fr\/lyc-boisjoly-potier\/wp-json\/wp\/v2\/pages\/7707","targetHints":{"allow":["GET"]}}],"collection":[{"href":"https:\/\/etab.ac-reunion.fr\/lyc-boisjoly-potier\/wp-json\/wp\/v2\/pages"}],"about":[{"href":"https:\/\/etab.ac-reunion.fr\/lyc-boisjoly-potier\/wp-json\/wp\/v2\/types\/page"}],"author":[{"embeddable":true,"href":"https:\/\/etab.ac-reunion.fr\/lyc-boisjoly-potier\/wp-json\/wp\/v2\/users\/27708"}],"replies":[{"embeddable":true,"href":"https:\/\/etab.ac-reunion.fr\/lyc-boisjoly-potier\/wp-json\/wp\/v2\/comments?post=7707"}],"version-history":[{"count":4,"href":"https:\/\/etab.ac-reunion.fr\/lyc-boisjoly-potier\/wp-json\/wp\/v2\/pages\/7707\/revisions"}],"predecessor-version":[{"id":7773,"href":"https:\/\/etab.ac-reunion.fr\/lyc-boisjoly-potier\/wp-json\/wp\/v2\/pages\/7707\/revisions\/7773"}],"wp:attachment":[{"href":"https:\/\/etab.ac-reunion.fr\/lyc-boisjoly-potier\/wp-json\/wp\/v2\/media?parent=7707"}],"curies":[{"name":"wp","href":"https:\/\/api.w.org\/{rel}","templated":true}]}}