{"id":83,"date":"2015-01-01T23:10:24","date_gmt":"2015-01-01T19:10:24","guid":{"rendered":"http:\/\/lycee-boisjoly-potier.ac-reunion.fr\/?page_id=83"},"modified":"2023-06-09T15:44:16","modified_gmt":"2023-06-09T11:44:16","slug":"le-lycee-boisjoly-potier","status":"publish","type":"page","link":"https:\/\/etab.ac-reunion.fr\/lyc-boisjoly-potier\/accueil\/le-lycee-boisjoly-potier\/","title":{"rendered":"Le Lyc\u00e9e Boisjoly Potier"},"content":{"rendered":"\n<div class=\"wp-block-media-text alignwide is-stacked-on-mobile is-vertically-aligned-top is-image-fill\" style=\"grid-template-columns:48% auto\"><figure class=\"wp-block-media-text__media\" style=\"background-image:url(https:\/\/etab.ac-reunion.fr\/lyc-boisjoly-potier\/wp-content\/uploads\/sites\/112\/2023\/03\/000_BJP-banniere_20230308-web-1024x424.jpg);background-position:38% 20%\"><img loading=\"lazy\" decoding=\"async\" width=\"1024\" height=\"424\" src=\"https:\/\/etab.ac-reunion.fr\/lyc-boisjoly-potier\/wp-content\/uploads\/sites\/112\/2023\/03\/000_BJP-banniere_20230308-web-1024x424.jpg\" alt=\"Home_ban\" class=\"wp-image-5550 size-full\" srcset=\"https:\/\/etab.ac-reunion.fr\/lyc-boisjoly-potier\/wp-content\/uploads\/sites\/112\/2023\/03\/000_BJP-banniere_20230308-web-980x406.jpg 980w, https:\/\/etab.ac-reunion.fr\/lyc-boisjoly-potier\/wp-content\/uploads\/sites\/112\/2023\/03\/000_BJP-banniere_20230308-web-480x199.jpg 480w\" sizes=\"(min-width: 0px) and (max-width: 480px) 480px, (min-width: 481px) and (max-width: 980px) 980px, (min-width: 981px) 1024px, 100vw\" \/><\/figure><div class=\"wp-block-media-text__content\">\n<p>Le&nbsp;<strong>Lyc\u00e9e Boisjoly Potier <\/strong>est situ\u00e9 dans les hauts de la <a href=\"http:\/\/www.letampon.fr\" target=\"_blank\" rel=\"noreferrer noopener\">commune du <\/a><strong><a href=\"http:\/\/www.letampon.fr\" target=\"_blank\" rel=\"noreferrer noopener\">Tampon<\/a>,<\/strong> <a href=\"http:\/\/www.ac-reunion.fr\" target=\"_blank\" rel=\"noreferrer noopener\">acad\u00e9mie de l&rsquo;<strong>\u00eele de la R\u00e9union<\/strong><\/a>, au niveau du <strong>14e Km. <\/strong>C&rsquo;est un \u00e9tablissement secondaire d&rsquo;enseignement g\u00e9n\u00e9ral, technologique et professionnel public. Le lyc\u00e9e re\u00e7oit principalement les \u00e9l\u00e8ves de deux coll\u00e8ges: le coll\u00e8ge du 14<sup>\u00e8me<\/sup> et le coll\u00e8ge Michel Debr\u00e9. Ce dernier se situe en \u00e9ducation prioritaire.<\/p>\n\n\n\n<p>Inaugur\u00e9 en 1995, il accueille en 2015 1259 \u00e9l\u00e8ves:<\/p>\n\n\n\n<p>511 \u00e9l\u00e8ves en <a href=\"https:\/\/etab.ac-reunion.fr\/lyc-boisjoly-potier\/enseignement-general\/\">classes de Seconde, Premi\u00e8re et Terminale <\/a>du Lyc\u00e9e G\u00e9n\u00e9ral et technologique,<\/p>\n\n\n\n<p>684 \u00e9l\u00e8ves de<a href=\"https:\/\/etab.ac-reunion.fr\/lyc-boisjoly-potier\/enseignement-professionnel\/\"> CAP et Bac professionnel<\/a><\/p>\n\n\n\n<p>64 \u00e9tudiants en formation post-bac, <a href=\"https:\/\/etab.ac-reunion.fr\/lyc-boisjoly-potier\/formation-post-bac\/\">BTS.<\/a><\/p>\n\n\n\n<p>Le nombre d&rsquo;\u00e9l\u00e8ves \u00e9tant en augmentation, des travaux d&rsquo;extension (3 b\u00e2timents suppl\u00e9mentaires) sont pr\u00e9vus par la R\u00e9gion R\u00e9union.<\/p>\n\n\n\n<p>Pour nous rejoindre: suivre la RN3<\/p>\n<\/div><\/div>\n\n\n\n<div style=\"height:27px\" aria-hidden=\"true\" class=\"wp-block-spacer\"><\/div>\n\n\n\n<figure class=\"wp-block-image alignwide size-large\"><img loading=\"lazy\" decoding=\"async\" width=\"2277\" height=\"1281\" src=\"https:\/\/etab.ac-reunion.fr\/lyc-boisjoly-potier\/wp-content\/uploads\/sites\/112\/2023\/06\/Capture-decran-2022-02-18-a-16.14.31-edited.png\" alt=\"\" class=\"wp-image-6060\" srcset=\"https:\/\/etab.ac-reunion.fr\/lyc-boisjoly-potier\/wp-content\/uploads\/sites\/112\/2023\/06\/Capture-decran-2022-02-18-a-16.14.31-edited.png 2277w, https:\/\/etab.ac-reunion.fr\/lyc-boisjoly-potier\/wp-content\/uploads\/sites\/112\/2023\/06\/Capture-decran-2022-02-18-a-16.14.31-edited-1280x720.png 1280w, https:\/\/etab.ac-reunion.fr\/lyc-boisjoly-potier\/wp-content\/uploads\/sites\/112\/2023\/06\/Capture-decran-2022-02-18-a-16.14.31-edited-980x551.png 980w, https:\/\/etab.ac-reunion.fr\/lyc-boisjoly-potier\/wp-content\/uploads\/sites\/112\/2023\/06\/Capture-decran-2022-02-18-a-16.14.31-edited-480x270.png 480w\" sizes=\"(min-width: 0px) and (max-width: 480px) 480px, (min-width: 481px) and (max-width: 980px) 980px, (min-width: 981px) and (max-width: 1280px) 1280px, (min-width: 1281px) 2277px, 100vw\" \/><\/figure>\n\n\n\n<div style=\"height:37px\" aria-hidden=\"true\" class=\"wp-block-spacer\"><\/div>\n\n\n\n<p class=\"has-text-align-left\"><a href=\"https:\/\/etab.ac-reunion.fr\/lyc-boisjoly-potier\">Retour page d&rsquo;accueil<\/a><\/p>\n\n\n\n<div style=\"height:100px\" aria-hidden=\"true\" class=\"wp-block-spacer\"><\/div>\n","protected":false},"excerpt":{"rendered":"<p>Le&nbsp;Lyc\u00e9e Boisjoly Potier est situ\u00e9 dans les hauts de la commune du Tampon, acad\u00e9mie de l&rsquo;\u00eele de la R\u00e9union, au niveau du 14e Km. C&rsquo;est un \u00e9tablissement secondaire d&rsquo;enseignement g\u00e9n\u00e9ral, technologique et professionnel public. Le lyc\u00e9e re\u00e7oit principalement les \u00e9l\u00e8ves de deux coll\u00e8ges: le coll\u00e8ge du 14\u00e8me et le coll\u00e8ge Michel Debr\u00e9. Ce dernier se [&hellip;]<\/p>\n","protected":false},"author":4001,"featured_media":28,"parent":85,"menu_order":0,"comment_status":"closed","ping_status":"closed","template":"","meta":{"_et_pb_use_builder":"","_et_pb_old_content":"","_et_gb_content_width":"","footnotes":""},"class_list":["post-83","page","type-page","status-publish","has-post-thumbnail","hentry"],"_links":{"self":[{"href":"https:\/\/etab.ac-reunion.fr\/lyc-boisjoly-potier\/wp-json\/wp\/v2\/pages\/83","targetHints":{"allow":["GET"]}}],"collection":[{"href":"https:\/\/etab.ac-reunion.fr\/lyc-boisjoly-potier\/wp-json\/wp\/v2\/pages"}],"about":[{"href":"https:\/\/etab.ac-reunion.fr\/lyc-boisjoly-potier\/wp-json\/wp\/v2\/types\/page"}],"author":[{"embeddable":true,"href":"https:\/\/etab.ac-reunion.fr\/lyc-boisjoly-potier\/wp-json\/wp\/v2\/users\/4001"}],"replies":[{"embeddable":true,"href":"https:\/\/etab.ac-reunion.fr\/lyc-boisjoly-potier\/wp-json\/wp\/v2\/comments?post=83"}],"version-history":[{"count":14,"href":"https:\/\/etab.ac-reunion.fr\/lyc-boisjoly-potier\/wp-json\/wp\/v2\/pages\/83\/revisions"}],"predecessor-version":[{"id":6062,"href":"https:\/\/etab.ac-reunion.fr\/lyc-boisjoly-potier\/wp-json\/wp\/v2\/pages\/83\/revisions\/6062"}],"up":[{"embeddable":true,"href":"https:\/\/etab.ac-reunion.fr\/lyc-boisjoly-potier\/wp-json\/wp\/v2\/pages\/85"}],"wp:featuredmedia":[{"embeddable":true,"href":"https:\/\/etab.ac-reunion.fr\/lyc-boisjoly-potier\/wp-json\/wp\/v2\/media\/28"}],"wp:attachment":[{"href":"https:\/\/etab.ac-reunion.fr\/lyc-boisjoly-potier\/wp-json\/wp\/v2\/media?parent=83"}],"curies":[{"name":"wp","href":"https:\/\/api.w.org\/{rel}","templated":true}]}}