{"id":7993,"date":"2023-04-06T23:21:13","date_gmt":"2023-04-06T19:21:13","guid":{"rendered":"https:\/\/etab.ac-reunion.fr\/lyc-la-renaissance\/?page_id=7993"},"modified":"2023-04-15T10:04:51","modified_gmt":"2023-04-15T06:04:51","slug":"kaz_zarboutan","status":"publish","type":"page","link":"https:\/\/etab.ac-reunion.fr\/lyc-christian-antou\/kaz_zarboutan\/","title":{"rendered":"KAZ ZARBOUTAN"},"content":{"rendered":"<p>[et_pb_section fb_built=\u00a0\u00bb1&Prime; _builder_version=\u00a0\u00bb4.20.4&Prime; _module_preset=\u00a0\u00bbdefault\u00a0\u00bb background_color=\u00a0\u00bb#f7f3ea\u00a0\u00bb da_disable_devices=\u00a0\u00bboff|off|off\u00a0\u00bb global_colors_info=\u00a0\u00bb{}\u00a0\u00bb da_is_popup=\u00a0\u00bboff\u00a0\u00bb da_exit_intent=\u00a0\u00bboff\u00a0\u00bb da_has_close=\u00a0\u00bbon\u00a0\u00bb da_alt_close=\u00a0\u00bboff\u00a0\u00bb da_dark_close=\u00a0\u00bboff\u00a0\u00bb da_not_modal=\u00a0\u00bbon\u00a0\u00bb da_is_singular=\u00a0\u00bboff\u00a0\u00bb da_with_loader=\u00a0\u00bboff\u00a0\u00bb da_has_shadow=\u00a0\u00bbon\u00a0\u00bb][et_pb_row column_structure=\u00a0\u00bb3_5,2_5&Prime; _builder_version=\u00a0\u00bb4.20.4&Prime; _module_preset=\u00a0\u00bbdefault\u00a0\u00bb background_enable_color=\u00a0\u00bboff\u00a0\u00bb global_colors_info=\u00a0\u00bb{}\u00a0\u00bb][et_pb_column type=\u00a0\u00bb3_5&Prime; _builder_version=\u00a0\u00bb4.20.4&Prime; _module_preset=\u00a0\u00bbdefault\u00a0\u00bb global_colors_info=\u00a0\u00bb{}\u00a0\u00bb][et_pb_image src=\u00a0\u00bbhttps:\/\/etab.ac-reunion.fr\/lyc-christian-antou\/wp-content\/uploads\/sites\/126\/2023\/04\/KAZ-ZARBOUTAN-logo-1.png\u00a0\u00bb title_text=\u00a0\u00bbKAZ ZARBOUTAN logo\u00a0\u00bb _builder_version=\u00a0\u00bb4.20.4&Prime; _module_preset=\u00a0\u00bbdefault\u00a0\u00bb global_colors_info=\u00a0\u00bb{}\u00a0\u00bb][\/et_pb_image][et_pb_comments _builder_version=\u00a0\u00bb4.20.4&Prime; _module_preset=\u00a0\u00bbdefault\u00a0\u00bb global_colors_info=\u00a0\u00bb{}\u00a0\u00bb][\/et_pb_comments][\/et_pb_column][et_pb_column type=\u00a0\u00bb2_5&Prime; _builder_version=\u00a0\u00bb4.20.4&Prime; _module_preset=\u00a0\u00bbdefault\u00a0\u00bb global_colors_info=\u00a0\u00bb{}\u00a0\u00bb][et_pb_image src=\u00a0\u00bbhttps:\/\/etab.ac-reunion.fr\/lyc-christian-antou\/wp-content\/uploads\/sites\/126\/2023\/04\/trombi-kaz-zarbouton-1.png\u00a0\u00bb title_text=\u00a0\u00bbtrombi kaz zarbouton\u00a0\u00bb _builder_version=\u00a0\u00bb4.20.4&Prime; _module_preset=\u00a0\u00bbdefault\u00a0\u00bb background_color=\u00a0\u00bb#f7f3ea\u00a0\u00bb animation_style=\u00a0\u00bbroll\u00a0\u00bb animation_duration=\u00a0\u00bb1400ms\u00a0\u00bb border_color_all=\u00a0\u00bb#0C71C3&Prime; global_colors_info=\u00a0\u00bb{}\u00a0\u00bb][\/et_pb_image][\/et_pb_column][\/et_pb_row][et_pb_row _builder_version=\u00a0\u00bb4.20.4&Prime; _module_preset=\u00a0\u00bbdefault\u00a0\u00bb global_colors_info=\u00a0\u00bb{}\u00a0\u00bb][et_pb_column type=\u00a0\u00bb4_4&Prime; _builder_version=\u00a0\u00bb4.20.4&Prime; _module_preset=\u00a0\u00bbdefault\u00a0\u00bb global_colors_info=\u00a0\u00bb{}\u00a0\u00bb][et_pb_divider _builder_version=\u00a0\u00bb4.20.4&Prime; _module_preset=\u00a0\u00bbdefault\u00a0\u00bb global_colors_info=\u00a0\u00bb{}\u00a0\u00bb show_divider__hover_enabled=\u00a0\u00bbon|desktop\u00a0\u00bb][\/et_pb_divider][\/et_pb_column][\/et_pb_row][et_pb_row column_structure=\u00a0\u00bb2_3,1_3&Prime; _builder_version=\u00a0\u00bb4.20.4&Prime; _module_preset=\u00a0\u00bbdefault\u00a0\u00bb global_colors_info=\u00a0\u00bb{}\u00a0\u00bb][et_pb_column type=\u00a0\u00bb2_3&Prime; _builder_version=\u00a0\u00bb4.20.4&Prime; _module_preset=\u00a0\u00bbdefault\u00a0\u00bb global_colors_info=\u00a0\u00bb{}\u00a0\u00bb][et_pb_text _builder_version=\u00a0\u00bb4.20.4&Prime; _module_preset=\u00a0\u00bbdefault\u00a0\u00bb text_font_size=\u00a0\u00bb19px\u00a0\u00bb text_line_height=\u00a0\u00bb1.5em\u00a0\u00bb background_color=\u00a0\u00bb#f7f3ea\u00a0\u00bb text_orientation=\u00a0\u00bbjustified\u00a0\u00bb text_font_size_tablet=\u00a0\u00bb\u00a0\u00bb text_font_size_phone=\u00a0\u00bb18px\u00a0\u00bb text_font_size_last_edited=\u00a0\u00bbon|phone\u00a0\u00bb global_colors_info=\u00a0\u00bb{}\u00a0\u00bb]<\/p>\n<h3><strong>L\u2019exposition pr\u00e9sent\u00e9e ici est le fruit du travail de m\u00e9moire de l\u2019ensemble des personnels du lyc\u00e9e h\u00f4telier La Renaissance.<\/strong><\/h3>\n<p>S\u2019agissant d\u2019une galerie de portraits, elle aurait pu s\u2019intituler \u00ab\u00a0Hall of Fame\u00a0\u00bb, \u00ab\u00a0Temple des C\u00e9l\u00e9brit\u00e9s\u00a0\u00bb ou encore \u00ab\u00a0Bureau des L\u00e9gendes\u00a0\u00bb. Le choix s\u2019est finalement arr\u00eat\u00e9 sur la \u00ab\u00a0Kaz Zarboutan\u00a0\u00bb, peut-\u00eatre un des plus jolis mots de la langue cr\u00e9ole, aussi chantant qu\u2019il fait sens.<\/p>\n<p>Originaire du Fran\u00e7ais \u00ab\u00a0arc-boutant\u00a0\u00bb, le mot d\u00e9signe \u00e0 l\u2019origine un \u00e9l\u00e9ment d\u2019architecture qui vient soutenir et renforcer un \u00e9difice. En d\u2019autres termes, un pilier\u00a0!<\/p>\n<p>Les \u00ab\u00a0<strong>Zarboutan\u00a0<\/strong>\u00bb dont cette exposition dresse le portrait sont tous d\u2019anciens \u00e9l\u00e8ves du lyc\u00e9e h\u00f4telier ayant ensuite poursuivi une carri\u00e8re prestigieuse dans les m\u00e9tiers de l\u2019h\u00f4tellerie et de la restauration.<\/p>\n<p>T\u00e9moins de l\u2019excellence des formations offertes par notre \u00e9tablissement, ils sont aussi des mod\u00e8les de r\u00e9ussite dont la trajectoire inspirante est un exemple \u00e0 suivre pour les \u00e9l\u00e8ves pr\u00e9sents et futurs du lyc\u00e9e h\u00f4telier La Renaissance.<\/p>\n<p>[\/et_pb_text][\/et_pb_column][et_pb_column type=\u00a0\u00bb1_3&Prime; _builder_version=\u00a0\u00bb4.20.4&Prime; _module_preset=\u00a0\u00bbdefault\u00a0\u00bb global_colors_info=\u00a0\u00bb{}\u00a0\u00bb][et_pb_video src=\u00a0\u00bbhttps:\/\/etab.ac-reunion.fr\/lyc-christian-antou\/wp-content\/uploads\/sites\/126\/2023\/04\/Reel-Kaz-Zarboutan-compresse.mp4&Prime; _builder_version=\u00a0\u00bb4.20.4&Prime; _module_preset=\u00a0\u00bbdefault\u00a0\u00bb global_colors_info=\u00a0\u00bb{}\u00a0\u00bb][\/et_pb_video][\/et_pb_column][\/et_pb_row][et_pb_row _builder_version=\u00a0\u00bb4.20.4&Prime; _module_preset=\u00a0\u00bbdefault\u00a0\u00bb global_colors_info=\u00a0\u00bb{}\u00a0\u00bb][et_pb_column type=\u00a0\u00bb4_4&Prime; _builder_version=\u00a0\u00bb4.20.4&Prime; _module_preset=\u00a0\u00bbdefault\u00a0\u00bb global_colors_info=\u00a0\u00bb{}\u00a0\u00bb][et_pb_text _builder_version=\u00a0\u00bb4.20.4&Prime; _module_preset=\u00a0\u00bbdefault\u00a0\u00bb global_colors_info=\u00a0\u00bb{}\u00a0\u00bb]<\/p>\n<h3 style=\"text-align: center\">Cliquer sur l&rsquo;image pour lire le pitch de nos Zarboutans !<\/h3>\n<p>[\/et_pb_text][et_pb_blog fullwidth=\u00a0\u00bboff\u00a0\u00bb posts_number=\u00a0\u00bb14&Prime; include_categories=\u00a0\u00bb255&Prime; use_manual_excerpt=\u00a0\u00bboff\u00a0\u00bb show_author=\u00a0\u00bboff\u00a0\u00bb show_date=\u00a0\u00bboff\u00a0\u00bb show_categories=\u00a0\u00bboff\u00a0\u00bb show_excerpt=\u00a0\u00bboff\u00a0\u00bb show_pagination=\u00a0\u00bboff\u00a0\u00bb _builder_version=\u00a0\u00bb4.20.4&Prime; _module_preset=\u00a0\u00bbdefault\u00a0\u00bb header_level=\u00a0\u00bbh5&Prime; text_orientation=\u00a0\u00bbcenter\u00a0\u00bb body_font_size_tablet=\u00a0\u00bb\u00a0\u00bb body_font_size_phone=\u00a0\u00bb21px\u00a0\u00bb body_font_size_last_edited=\u00a0\u00bbon|phone\u00a0\u00bb custom_css_before=\u00a0\u00bb\/\/ Begin stop cropping featured image in Divi Blog Module||||function ld_blog_crop_image_width($width) {||\treturn 9999;||}||function ld_blog_crop_image_height($height) {||\treturn 9999;||}||add_filter( &lsquo;et_pb_blog_image_width&rsquo;, &lsquo;ld_blog_crop_image_width&rsquo; );||add_filter( &lsquo;et_pb_blog_image_height&rsquo;, &lsquo;ld_blog_crop_image_height&rsquo; );||||\/\/ End stop cropping featured image in Divi Blog Module\u00a0\u00bb global_colors_info=\u00a0\u00bb{}\u00a0\u00bb][\/et_pb_blog][et_pb_text _builder_version=\u00a0\u00bb4.20.4&Prime; _module_preset=\u00a0\u00bbdefault\u00a0\u00bb background_color=\u00a0\u00bb#f7f3ea\u00a0\u00bb global_colors_info=\u00a0\u00bb{}\u00a0\u00bb]<\/p>\n<p style=\"text-align: center\"><strong>Kaz Zarboutan, <\/strong>un projet du lyc\u00e9e h\u00f4telier La Renaissance, avec le concours de l\u2019ensemble des \u00e9quipes p\u00e9dagogiques.<br \/>La direction du lyc\u00e9e tient \u00e0 remercier toutes les personnes qui ont permis la r\u00e9alisation de cette exposition,<br \/>en particulier les photographes qui ont fait don de leurs images pour cette utilisation exclusive. Concepteur du projet et textes : <strong>Olivier Pioch<\/strong>, . Maquette de pr\u00e9sentation de nos Zarboutans<strong> : G3 SARL<br \/><\/strong><\/p>\n<p style=\"text-align: center\"><strong>Photos :<\/strong>\u00a0Le bon Zest &#8211; J\u00e9r\u00f4me Barret, Aline Perrier, \u00a0Jean-Philippe Bouchiat, Jonathan Degard.<\/p>\n<p>[\/et_pb_text][\/et_pb_column][\/et_pb_row][\/et_pb_section]<\/p>\n","protected":false},"excerpt":{"rendered":"<p>L\u2019exposition pr\u00e9sent\u00e9e ici est le fruit du travail de m\u00e9moire de l\u2019ensemble des personnels du lyc\u00e9e h\u00f4telier La Renaissance. S\u2019agissant d\u2019une galerie de portraits, elle aurait pu s\u2019intituler \u00ab\u00a0Hall of Fame\u00a0\u00bb, \u00ab\u00a0Temple des C\u00e9l\u00e9brit\u00e9s\u00a0\u00bb ou encore \u00ab\u00a0Bureau des L\u00e9gendes\u00a0\u00bb. Le choix s\u2019est finalement arr\u00eat\u00e9 sur la \u00ab\u00a0Kaz Zarboutan\u00a0\u00bb, peut-\u00eatre un des plus jolis mots de [&hellip;]<\/p>\n","protected":false},"author":30559,"featured_media":0,"parent":0,"menu_order":0,"comment_status":"closed","ping_status":"closed","template":"","meta":{"_et_pb_use_builder":"on","_et_pb_old_content":"","_et_gb_content_width":"1080","footnotes":"","_links_to":"","_links_to_target":""},"class_list":["post-7993","page","type-page","status-publish","hentry"],"_links":{"self":[{"href":"https:\/\/etab.ac-reunion.fr\/lyc-christian-antou\/wp-json\/wp\/v2\/pages\/7993","targetHints":{"allow":["GET"]}}],"collection":[{"href":"https:\/\/etab.ac-reunion.fr\/lyc-christian-antou\/wp-json\/wp\/v2\/pages"}],"about":[{"href":"https:\/\/etab.ac-reunion.fr\/lyc-christian-antou\/wp-json\/wp\/v2\/types\/page"}],"author":[{"embeddable":true,"href":"https:\/\/etab.ac-reunion.fr\/lyc-christian-antou\/wp-json\/wp\/v2\/users\/30559"}],"replies":[{"embeddable":true,"href":"https:\/\/etab.ac-reunion.fr\/lyc-christian-antou\/wp-json\/wp\/v2\/comments?post=7993"}],"version-history":[{"count":50,"href":"https:\/\/etab.ac-reunion.fr\/lyc-christian-antou\/wp-json\/wp\/v2\/pages\/7993\/revisions"}],"predecessor-version":[{"id":8445,"href":"https:\/\/etab.ac-reunion.fr\/lyc-christian-antou\/wp-json\/wp\/v2\/pages\/7993\/revisions\/8445"}],"wp:attachment":[{"href":"https:\/\/etab.ac-reunion.fr\/lyc-christian-antou\/wp-json\/wp\/v2\/media?parent=7993"}],"curies":[{"name":"wp","href":"https:\/\/api.w.org\/{rel}","templated":true}]}}