{"id":3062,"date":"2015-04-24T07:04:32","date_gmt":"2015-04-24T07:04:32","guid":{"rendered":"http:\/\/lycee-eparny.ac-reunion.fr\/?page_id=3062"},"modified":"2025-06-24T11:19:44","modified_gmt":"2025-06-24T07:19:44","slug":"catalogue-des-cours","status":"publish","type":"page","link":"https:\/\/etab.ac-reunion.fr\/lyc-evariste-de-parny\/catalogue-des-cours\/","title":{"rendered":"Catalogue des cours BTS Tourisme"},"content":{"rendered":"<div id=\"yui_3_16_0_1_1429773300446_17359\" class=\"yiv1984421395\">\n<div id=\"yiv1984421395WRchTxtu-nkx\" class=\"yiv1984421395\">\n<p class=\"yiv1984421395\"><img loading=\"lazy\" decoding=\"async\" class=\"size-medium wp-image-6283 alignleft\" src=\"https:\/\/etab.ac-reunion.fr\/lyc-evariste-de-parny\/wp-content\/uploads\/sites\/14\/2022\/02\/IMG_1260-300x225.jpg\" alt=\"\" width=\"300\" height=\"225\" srcset=\"https:\/\/etab.ac-reunion.fr\/lyc-evariste-de-parny\/wp-content\/uploads\/sites\/14\/2022\/02\/IMG_1260-300x225.jpg 300w, https:\/\/etab.ac-reunion.fr\/lyc-evariste-de-parny\/wp-content\/uploads\/sites\/14\/2022\/02\/IMG_1260-267x200.jpg 267w, https:\/\/etab.ac-reunion.fr\/lyc-evariste-de-parny\/wp-content\/uploads\/sites\/14\/2022\/02\/IMG_1260-768x576.jpg 768w, https:\/\/etab.ac-reunion.fr\/lyc-evariste-de-parny\/wp-content\/uploads\/sites\/14\/2022\/02\/IMG_1260-1024x768.jpg 1024w, https:\/\/etab.ac-reunion.fr\/lyc-evariste-de-parny\/wp-content\/uploads\/sites\/14\/2022\/02\/IMG_1260-1536x1152.jpg 1536w, https:\/\/etab.ac-reunion.fr\/lyc-evariste-de-parny\/wp-content\/uploads\/sites\/14\/2022\/02\/IMG_1260-2048x1536.jpg 2048w\" sizes=\"auto, (max-width: 300px) 100vw, 300px\" \/><\/p>\n<p>Avec <span style=\"color: #0a85a3\"><strong>31h de cours par semaine<\/strong>, <\/span>le BTS Tourisme est une formation riche et compl\u00e8te.<\/p>\n<p class=\"yiv1984421395\" style=\"text-align: justify\"><span id=\"yui_3_16_0_1_1429773300446_17557\"><span id=\"yui_3_16_0_1_1429773300446_17556\"><strong>Gestion de l&rsquo;Information Touristique : <\/strong><\/span><\/span><span id=\"yui_3_16_0_1_1429773300446_17442\">Enseignement qui<\/span><span id=\"yui_3_16_0_1_1429773300446_17442\"> permet de mieux connaitre et de maitriser les outils de communication num\u00e9riques.\u00a0 Avec la GIT vous pourrez comprendre l&rsquo;importance de l&rsquo;information touristique \u00e0 toutes les \u00e9tapes : la veille, le traitement, la diffusion et la conservation. Vous manipulerez des outils num\u00e9riques et logiciels vari\u00e9s (traitement de texte, tableur, Pr\u00e9aO, Pao, Montage vid\u00e9o, retouche d&rsquo;images, cr\u00e9ation de site web&#8230;)\u00a0 afin d&rsquo;informer et de communiquer dans un environnement num\u00e9rique en constante \u00e9volution.<\/span><span id=\"yui_3_16_0_1_1429773300446_17442\"><br \/>\n<\/span><\/p>\n<p class=\"yiv1984421395\" style=\"text-align: justify\"><strong>\u00c9laboration d&rsquo;une Prestation Touristique : <\/strong>Cette mati\u00e8re permet de mieux comprendre les aspects \u00e9conomiques et juridiques des activit\u00e9s touristiques, de se placer du c\u00f4t\u00e9 de l&rsquo;organisation c&rsquo;est \u00e0 dire de c<span id=\"yui_3_16_0_1_1429773300446_17442\"><\/span>elui qui \u00e9labore une prestation, un produit touristique. Lors de cours vous apprendrez toute la d\u00e9marche de cr\u00e9ation d&rsquo;un produit tant du point de vue de la strat\u00e9gie marketing que de sa distribution. Vous connaitrez aussi gr\u00e2ce \u00e0 cet enseignement le fonctionnement d\u2019une organisation touristique.<span id=\"yui_3_16_0_1_1429773300446_17563\"><span id=\"yui_3_16_0_1_1429773300446_17562\"><\/span><\/span><\/p>\n<p id=\"yui_3_16_0_1_1429773300446_17573\" class=\"yiv1984421395\" style=\"text-align: justify\"><strong>Tourisme et Territoires : <\/strong><span id=\"yui_3_16_0_1_1429773300446_17572\">Il s\u2019agit ici d\u2019aborder la g\u00e9ographie du tourisme \u00e0 travers l\u2019activit\u00e9 touristique d\u2019un territoire (potentialit\u00e9s, impacts\u2026).<\/span><\/p>\n<p id=\"yui_3_16_0_1_1429773300446_17580\" class=\"yiv1984421395\" style=\"text-align: justify\"><strong>Gestion de la Relation Client\u00e8le Touristique :<\/strong> La GRCT v<span id=\"yui_3_16_0_1_1429773300446_17579\">ous apportera les aptitudes \u00e0 l&rsquo;accueil, l&rsquo;accompagnement de touristes et la vente.\u00a0 Vous apprendrez \u00e0 conduire un entretien de vente en r\u00e9pondant au mieux \u00e0 la demande des clients et en utilisant le logiciel de r\u00e9servation <span style=\"color: #0a85a3\"><strong>AMADEUS<\/strong><\/span>. Enfin, vous serez capable d\u2019assurer l\u2019accueil physique ainsi que l\u2019accompagnement des touristes.<\/span><\/p>\n<p id=\"yui_3_16_0_1_1429773300446_17583\" class=\"yiv1984421395\" style=\"text-align: justify\"><strong>Culture G\u00e9n\u00e9rale et Expression : <\/strong><span id=\"yui_3_16_0_1_1429773300446_17582\">Comparable \u00e0 la Litt\u00e9rature, cette mati\u00e8re vous apportera les cl\u00e9s pour am\u00e9liorer votre communication en tant que professionnel.<\/span><\/p>\n<\/div>\n<p class=\"yiv1984421395\" style=\"text-align: justify\"><strong>Langues \u00e9trang\u00e8res :\u00a0<\/strong><span id=\"yui_3_16_0_1_1429773300446_17607\">La langue vivante A est l\u2019Anglais et nous proposons l\u2019Espagnol et l\u2019Allemand en langue vivante B. La maitrise des langues \u00e9trang\u00e8res est une comp\u00e9tence tr\u00e8s importante pour les m\u00e9tiers du tourisme.<\/span><\/p>\n<p class=\"yiv1984421395\" style=\"text-align: justify\"><strong>Atelier de Professionnalisation : <\/strong><span id=\"yui_3_16_0_1_1429773300446_17589\">L\u2019atelier de personnalisation vous permettra de d\u00e9velopper concr\u00e8tement vos comp\u00e9tences professionnelles \u00e0 travers divers activit\u00e9s de terrain : stages, projets, missions de terrain. Ces exp\u00e9riences vous apporteront des comp\u00e9tences essentielles \u00e0 votre insertion sur le march\u00e9 de l\u2019emploi.<\/span>\u00a0<span id=\"yui_3_16_0_1_1429773300446_17613\"><\/span><\/p>\n<p style=\"text-align: justify\"><strong>Parcours de Professionnalisation \u00e0 l&rsquo;\u00e9tranger :<\/strong> Cet <span style=\"color: #0a85a3\"><strong>enseignement facultatif<\/strong><\/span> permettra \u00e0 vos enseignants de vous suivre dans votre d\u00e9marche de recherche de stage \u00e0 l&rsquo;\u00e9tranger.\u00a0 Lors de cette heure de cours, vous travaillerez aussi \u00e0 la mise en valeur de cette exp\u00e9rience de mobilit\u00e9 au travers d&rsquo;un \u00e9crit et d&rsquo;une pr\u00e9sentation orale.<\/p>\n<p><span style=\"color: #0a85a3\"><strong>Ci-dessous un tableau r\u00e9capitulatif des mati\u00e8res en BTS Tourisme :<\/strong><\/span><\/p>\n<p><img loading=\"lazy\" decoding=\"async\" class=\"aligncenter wp-image-6795 size-full\" src=\"https:\/\/etab.ac-reunion.fr\/lyc-evariste-de-parny\/wp-content\/uploads\/sites\/14\/2023\/08\/tableau-des-cours.png\" alt=\"les mati\u00e8res en BTS Tourisme\" width=\"1017\" height=\"694\" srcset=\"https:\/\/etab.ac-reunion.fr\/lyc-evariste-de-parny\/wp-content\/uploads\/sites\/14\/2023\/08\/tableau-des-cours.png 1017w, https:\/\/etab.ac-reunion.fr\/lyc-evariste-de-parny\/wp-content\/uploads\/sites\/14\/2023\/08\/tableau-des-cours-300x205.png 300w, https:\/\/etab.ac-reunion.fr\/lyc-evariste-de-parny\/wp-content\/uploads\/sites\/14\/2023\/08\/tableau-des-cours-768x524.png 768w, https:\/\/etab.ac-reunion.fr\/lyc-evariste-de-parny\/wp-content\/uploads\/sites\/14\/2023\/08\/tableau-des-cours-293x200.png 293w\" sizes=\"auto, (max-width: 1017px) 100vw, 1017px\" \/><\/p>\n<\/div>\n","protected":false},"excerpt":{"rendered":"<p>Avec 31h de cours par semaine, le BTS Tourisme est une formation riche et compl\u00e8te. Gestion de l&rsquo;Information Touristique : Enseignement qui permet de mieux connaitre et de maitriser les outils de communication num\u00e9riques.\u00a0 Avec la GIT vous pourrez comprendre l&rsquo;importance de l&rsquo;information touristique \u00e0 toutes les \u00e9tapes : la &hellip;<\/p>\n","protected":false},"author":3831,"featured_media":0,"parent":0,"menu_order":0,"comment_status":"closed","ping_status":"closed","template":"","meta":{"footnotes":""},"class_list":["post-3062","page","type-page","status-publish","hentry"],"_links":{"self":[{"href":"https:\/\/etab.ac-reunion.fr\/lyc-evariste-de-parny\/wp-json\/wp\/v2\/pages\/3062","targetHints":{"allow":["GET"]}}],"collection":[{"href":"https:\/\/etab.ac-reunion.fr\/lyc-evariste-de-parny\/wp-json\/wp\/v2\/pages"}],"about":[{"href":"https:\/\/etab.ac-reunion.fr\/lyc-evariste-de-parny\/wp-json\/wp\/v2\/types\/page"}],"author":[{"embeddable":true,"href":"https:\/\/etab.ac-reunion.fr\/lyc-evariste-de-parny\/wp-json\/wp\/v2\/users\/3831"}],"replies":[{"embeddable":true,"href":"https:\/\/etab.ac-reunion.fr\/lyc-evariste-de-parny\/wp-json\/wp\/v2\/comments?post=3062"}],"version-history":[{"count":13,"href":"https:\/\/etab.ac-reunion.fr\/lyc-evariste-de-parny\/wp-json\/wp\/v2\/pages\/3062\/revisions"}],"predecessor-version":[{"id":8250,"href":"https:\/\/etab.ac-reunion.fr\/lyc-evariste-de-parny\/wp-json\/wp\/v2\/pages\/3062\/revisions\/8250"}],"wp:attachment":[{"href":"https:\/\/etab.ac-reunion.fr\/lyc-evariste-de-parny\/wp-json\/wp\/v2\/media?parent=3062"}],"curies":[{"name":"wp","href":"https:\/\/api.w.org\/{rel}","templated":true}]}}