{"id":3771,"date":"2016-03-31T03:29:43","date_gmt":"2016-03-31T03:29:43","guid":{"rendered":"http:\/\/lycee-eparny.ac-reunion.fr\/?page_id=3771"},"modified":"2016-03-31T05:19:16","modified_gmt":"2016-03-31T05:19:16","slug":"partenariat-avec-lecole-hoteliere-sir-gaetan-duval","status":"publish","type":"page","link":"https:\/\/etab.ac-reunion.fr\/lyc-evariste-de-parny\/international\/partenariat-avec-lecole-hoteliere-sir-gaetan-duval\/","title":{"rendered":"Partenariat avec l\u2019\u00c9cole h\u00f4teli\u00e8re Sir Ga\u00ebtan Duval"},"content":{"rendered":"<p><img loading=\"lazy\" decoding=\"async\" class=\"alignnone size-medium wp-image-3772\" src=\"https:\/\/etab.ac-reunion.fr\/lyc-evariste-de-parny\/wp-content\/uploads\/sites\/14\/2016\/03\/LOGO-EHSGD-JPG-300x205.jpg\" alt=\"LOGO-EHSGD-JPG\" width=\"300\" height=\"205\" \/><\/p>\n<p>Dans le cadre du BTS Tourisme, notre \u00e9tablissement souhaiterait formaliser un partenariat avec l\u2019\u00c9cole h\u00f4teli\u00e8re Sir Ga\u00ebtan Duval, situ\u00e9e sur l&rsquo;Ile Maurice \u00e0 Quatre Bornes. Cette \u00e9cole propose une formation de 2 ans : le DTM (Diploma in Tourism\u00a0 and Management) qui est l&rsquo;\u00e9quivalent d&rsquo;un BTS Tourisme. Plus d&rsquo;informations <a href=\"http:\/\/www.mitd.mu\/dispcourse.php?cat&amp;tc=ehsgd&amp;id=155\">en cliquant ici<\/a>.<\/p>\n<p>Il s&rsquo;agirait donc de donner des contours \u00e0 une collaboration qui existe depuis des ann\u00e9es. Celle-ci se d\u00e9cline autour de plusieurs axes jusqu&rsquo;\u00e0 pr\u00e9sent:<\/p>\n<ul>\n<li>l&rsquo;accueil du groupe d&rsquo;\u00e9tudiants mauriciens lors de leur visite d&rsquo;\u00e9tudes annuelle \u00e0 la R\u00e9union<\/li>\n<li>l&rsquo;accueil du groupe r\u00e9unionnais lors de notre Eductour \u00e0 Maurice<\/li>\n<li>la participation de nos enseignants de tourisme aux \u00e9preuves de fin d&rsquo;ann\u00e9e<\/li>\n<\/ul>\n<p>Mais pourquoi ne pas d\u00e9velopper une coop\u00e9ration plus \u00e9troite en proposant d&rsquo;accueillir et d&rsquo;envoyer des \u00e9tudiants dans le cadre des stages hors-acad\u00e9mie? Ou bien ne serait-ce pas profitable d&rsquo;harmoniser nos pratiques et nos enseignements afin d&rsquo;optimiser la promotion de nos \u00eeles?<\/p>\n<p>Un projet de partenariat devrait \u00eatre propos\u00e9 lors de l&rsquo;Eductour du mois d&rsquo;avril 2016.<\/p>\n<p>Site web de l&rsquo;\u00e9cole partenaire : <a href=\"http:\/\/www.mitd.mu\/centres.php?tc=ehsgd\">http:\/\/www.mitd.mu\/centres.php?tc=ehsgd<\/a><\/p>\n","protected":false},"excerpt":{"rendered":"<p>Dans le cadre du BTS Tourisme, notre \u00e9tablissement souhaiterait formaliser un partenariat avec l\u2019\u00c9cole h\u00f4teli\u00e8re Sir Ga\u00ebtan Duval, situ\u00e9e sur l&rsquo;Ile Maurice \u00e0 Quatre Bornes. Cette \u00e9cole propose une formation de 2 ans : le DTM (Diploma in Tourism\u00a0 and Management) qui est l&rsquo;\u00e9quivalent d&rsquo;un BTS Tourisme. Plus d&rsquo;informations en &hellip;<\/p>\n","protected":false},"author":3831,"featured_media":0,"parent":3014,"menu_order":0,"comment_status":"closed","ping_status":"closed","template":"","meta":{"footnotes":""},"class_list":["post-3771","page","type-page","status-publish","hentry"],"_links":{"self":[{"href":"https:\/\/etab.ac-reunion.fr\/lyc-evariste-de-parny\/wp-json\/wp\/v2\/pages\/3771","targetHints":{"allow":["GET"]}}],"collection":[{"href":"https:\/\/etab.ac-reunion.fr\/lyc-evariste-de-parny\/wp-json\/wp\/v2\/pages"}],"about":[{"href":"https:\/\/etab.ac-reunion.fr\/lyc-evariste-de-parny\/wp-json\/wp\/v2\/types\/page"}],"author":[{"embeddable":true,"href":"https:\/\/etab.ac-reunion.fr\/lyc-evariste-de-parny\/wp-json\/wp\/v2\/users\/3831"}],"replies":[{"embeddable":true,"href":"https:\/\/etab.ac-reunion.fr\/lyc-evariste-de-parny\/wp-json\/wp\/v2\/comments?post=3771"}],"version-history":[{"count":4,"href":"https:\/\/etab.ac-reunion.fr\/lyc-evariste-de-parny\/wp-json\/wp\/v2\/pages\/3771\/revisions"}],"predecessor-version":[{"id":3787,"href":"https:\/\/etab.ac-reunion.fr\/lyc-evariste-de-parny\/wp-json\/wp\/v2\/pages\/3771\/revisions\/3787"}],"up":[{"embeddable":true,"href":"https:\/\/etab.ac-reunion.fr\/lyc-evariste-de-parny\/wp-json\/wp\/v2\/pages\/3014"}],"wp:attachment":[{"href":"https:\/\/etab.ac-reunion.fr\/lyc-evariste-de-parny\/wp-json\/wp\/v2\/media?parent=3771"}],"curies":[{"name":"wp","href":"https:\/\/api.w.org\/{rel}","templated":true}]}}