{"id":6654,"date":"2023-07-04T11:48:54","date_gmt":"2023-07-04T07:48:54","guid":{"rendered":"https:\/\/etab.ac-reunion.fr\/lyc-evariste-de-parny\/?page_id=6654"},"modified":"2024-01-29T14:49:10","modified_gmt":"2024-01-29T10:49:10","slug":"terminale-generale","status":"publish","type":"page","link":"https:\/\/etab.ac-reunion.fr\/lyc-evariste-de-parny\/terminale-generale\/","title":{"rendered":"Terminale G\u00e9n\u00e9rale"},"content":{"rendered":"<p>\u00c0 la rentr\u00e9e 2020, les s\u00e9ries g\u00e9n\u00e9rales sont supprim\u00e9es. Les \u00e9l\u00e8ves suivent d\u00e9sormais des enseignements communs, des enseignements de sp\u00e9cialit\u00e9 et, le cas \u00e9ch\u00e9ant, des enseignements optionnels<sup id=\"cite_ref-1\" class=\"reference\"><a href=\"https:\/\/fr.wikipedia.org\/wiki\/Terminale_g%C3%A9n%C3%A9rale#cite_note-1\">1<\/a><\/sup>.<\/p>\n<table class=\"wikitable\" style=\"height: 836px;width: 596px\">\n<tbody>\n<tr style=\"height: 23px\">\n<td style=\"height: 23px;width: 586px\" colspan=\"2\"><span style=\"color: #333399\"><b>Enseignements communs\u00a0:<\/b><\/span><\/td>\n<\/tr>\n<tr style=\"height: 23px\">\n<td style=\"height: 23px;width: 372.844px\">Philosophie<\/td>\n<td style=\"height: 23px;width: 207.156px\">4 heures<\/td>\n<\/tr>\n<tr style=\"height: 23px\">\n<td style=\"height: 23px;width: 372.844px\">Histoire-g\u00e9ographie<\/td>\n<td style=\"height: 23px;width: 207.156px\">3 heures<\/td>\n<\/tr>\n<tr style=\"height: 23px\">\n<td style=\"height: 23px;width: 372.844px\">Langue vivante A et langue vivante B (enveloppe englob\u00e9e)\u00a0<sup>a) b)<\/sup><\/td>\n<td style=\"height: 23px;width: 207.156px\">4 heures<\/td>\n<\/tr>\n<tr style=\"height: 23px\">\n<td style=\"height: 23px;width: 372.844px\">\u00c9ducation physique et sportive<\/td>\n<td style=\"height: 23px;width: 207.156px\">2 heures<\/td>\n<\/tr>\n<tr style=\"height: 23px\">\n<td style=\"height: 23px;width: 372.844px\">Enseignement scientifique<\/td>\n<td style=\"height: 23px;width: 207.156px\">2 heures<\/td>\n<\/tr>\n<tr style=\"height: 23px\">\n<td style=\"height: 23px;width: 372.844px\">Enseignement moral et civique<\/td>\n<td style=\"height: 23px;width: 207.156px\">18 heures annuelles<\/td>\n<\/tr>\n<tr style=\"height: 23px\">\n<td style=\"height: 23px;width: 586px\" colspan=\"2\"><span style=\"color: #333399\"><b>Enseignements de sp\u00e9cialit\u00e9\u00a0: 2 au choix (parmi ceux d\u00e9j\u00e0 choisis en premi\u00e8re)<\/b><\/span><\/td>\n<\/tr>\n<tr style=\"height: 23px\">\n<td style=\"height: 23px;width: 372.844px\">Arts plastiques<\/td>\n<td style=\"height: 23px;width: 207.156px\">6 heures<\/td>\n<\/tr>\n<tr style=\"height: 23px\">\n<td style=\"height: 23px;width: 372.844px\">Histoire-g\u00e9ographie, g\u00e9opolitique et sciences politiques<\/td>\n<td style=\"height: 23px;width: 207.156px\">6 heures<\/td>\n<\/tr>\n<tr style=\"height: 23px\">\n<td style=\"height: 23px;width: 372.844px\">Humanit\u00e9s, litt\u00e9rature et philosophie<\/td>\n<td style=\"height: 23px;width: 207.156px\">6 heures<\/td>\n<\/tr>\n<tr style=\"height: 23px\">\n<td style=\"height: 23px;width: 372.844px\">Langues, litt\u00e9ratures et cultures \u00e9trang\u00e8res et r\u00e9gionales\u00a0<sup>e)<\/sup><\/td>\n<td style=\"height: 23px;width: 207.156px\">6 heures<\/td>\n<\/tr>\n<tr style=\"height: 23px\">\n<td style=\"height: 23px;width: 372.844px\">Math\u00e9matiques<\/td>\n<td style=\"height: 23px;width: 207.156px\">6 heures<\/td>\n<\/tr>\n<tr style=\"height: 23px\">\n<td style=\"height: 23px;width: 372.844px\">Num\u00e9riques et sciences informatiques<\/td>\n<td style=\"height: 23px;width: 207.156px\">6 heures<\/td>\n<\/tr>\n<tr style=\"height: 23px\">\n<td style=\"height: 23px;width: 372.844px\">Physique-chimie<\/td>\n<td style=\"height: 23px;width: 207.156px\">6 heures<\/td>\n<\/tr>\n<tr style=\"height: 23px\">\n<td style=\"height: 23px;width: 372.844px\">Sciences de la vie et de la Terre<\/td>\n<td style=\"height: 23px;width: 207.156px\">6 heures<\/td>\n<\/tr>\n<tr style=\"height: 23px\">\n<td style=\"height: 23px;width: 372.844px\">Sciences \u00e9conomiques et sociales<\/td>\n<td style=\"height: 23px;width: 207.156px\">6 heures<\/td>\n<\/tr>\n<tr style=\"height: 23px\">\n<td style=\"height: 31px;width: 372.844px\"><\/td>\n<td style=\"height: 31px;width: 207.156px\"><\/td>\n<\/tr>\n<tr style=\"height: 23px\">\n<td style=\"height: 23px;width: 586px\" colspan=\"2\"><strong><span style=\"color: #333399\">En fonction des besoins des \u00e9l\u00e8ves :<\/span><\/strong><\/td>\n<\/tr>\n<tr style=\"height: 23px\">\n<td style=\"height: 23px;width: 372.844px\">Accompagnement personnalis\u00e9\u00a0<sup>h)<\/sup><\/td>\n<td style=\"height: 23px;width: 207.156px\"><\/td>\n<\/tr>\n<tr style=\"height: 23px\">\n<td style=\"height: 23px;width: 372.844px\">Accompagnement au choix de l&rsquo;orientation\u00a0<sup>i)<\/sup><\/td>\n<td style=\"height: 23px;width: 207.156px\"><\/td>\n<\/tr>\n<tr style=\"height: 23px\">\n<td style=\"height: 23px;width: 372.844px\">Heures de vie de classe<\/td>\n<td style=\"height: 23px;width: 207.156px\"><\/td>\n<\/tr>\n<tr style=\"height: 23px\">\n<td style=\"height: 23px;width: 586px\" colspan=\"2\"><span style=\"color: #333399\"><b>Enseignements optionnels\u00a0:<\/b><\/span><\/td>\n<\/tr>\n<tr style=\"height: 23px\">\n<td style=\"height: 23px;width: 586px\" colspan=\"2\">1 enseignement parmi\u00a0:<\/td>\n<\/tr>\n<tr style=\"height: 23px\">\n<td style=\"height: 23px;width: 372.844px\">Math\u00e9matiques compl\u00e9mentaires\u00a0<sup>j)<\/sup><\/td>\n<td style=\"height: 23px;width: 207.156px\">3 heures<\/td>\n<\/tr>\n<tr style=\"height: 23px\">\n<td style=\"height: 23px;width: 372.844px\">Math\u00e9matiques expertes\u00a0<sup>k)<\/sup><\/td>\n<td style=\"height: 23px;width: 207.156px\">3 heures<\/td>\n<\/tr>\n<tr style=\"height: 23px\">\n<td style=\"height: 23px;width: 372.844px\">Droit et grands enjeux du monde contemporain<\/td>\n<td style=\"height: 23px;width: 207.156px\">3 heures<\/td>\n<\/tr>\n<tr style=\"height: 23px\">\n<td style=\"height: 23px;width: 586px\" colspan=\"2\">1 enseignant parmi\u00a0:<\/td>\n<\/tr>\n<tr style=\"height: 23px\">\n<td style=\"height: 23px;width: 372.844px\">Langue vivante C\u00a0<sup>a) b)<\/sup><\/td>\n<td style=\"height: 23px;width: 207.156px\">3 heures<\/td>\n<\/tr>\n<tr style=\"height: 23px\">\n<td style=\"height: 23px;width: 372.844px\">Langues et cultures de l&rsquo;Antiquit\u00e9\u00a0: Latin\u00a0<sup>l)<\/sup><\/td>\n<td style=\"height: 23px;width: 207.156px\">3 heures<\/td>\n<\/tr>\n<tr style=\"height: 23px\">\n<td style=\"height: 23px;width: 372.844px\">\u00c9ducation physique et sportive<\/td>\n<td style=\"height: 23px;width: 207.156px\">3 heures<\/td>\n<\/tr>\n<\/tbody>\n<\/table>\n<p><small>a) La langue vivante B ou C peut \u00eatre \u00e9trang\u00e8re ou r\u00e9gionale.<\/small><\/p>\n<p><small>b) Enseignement auquel peut s&rsquo;ajouter une heure avec un assistant de langue.<\/small><\/p>\n<p><small>c) Au choix parmi\u00a0:\u00a0<a title=\"Arts plastiques\" href=\"https:\/\/fr.wikipedia.org\/wiki\/Arts_plastiques\">arts plastiques<\/a>.<\/small><\/p>\n<p><small>e) Au choix parmi\u00a0:\u00a0<a title=\"Allemand\" href=\"https:\/\/fr.wikipedia.org\/wiki\/Allemand\">allemand<\/a>\u00a0<i>ou<\/i>\u00a0<a title=\"Anglais\" href=\"https:\/\/fr.wikipedia.org\/wiki\/Anglais\">anglais<\/a>\u00a0<i>ou<\/i>\u00a0<a title=\"Espagnol\" href=\"https:\/\/fr.wikipedia.org\/wiki\/Espagnol\">espagnol<\/a>\u00a0<\/small><\/p>\n<p><small>f) Au choix parmi\u00a0:\u00a0<a title=\"Latin\" href=\"https:\/\/fr.wikipedia.org\/wiki\/Latin\">latin<\/a><\/small><\/p>\n<p><small>h) Volume horaire d\u00e9termin\u00e9 selon les besoins des \u00e9l\u00e8ves<\/small><\/p>\n<p><small>i) 54 heures, \u00e0 titre indicatif, selon les besoins des \u00e9l\u00e8ves et les modalit\u00e9s de l&rsquo;accompagnement \u00e0 l&rsquo;orientation mises en place dans l&rsquo;\u00e9tablissement.<\/small><\/p>\n<p><small>j) Pour les \u00e9l\u00e8ves ne choisissant pas en terminale la sp\u00e9cialit\u00e9 \u00ab\u00a0<a title=\"Math\u00e9matiques\" href=\"https:\/\/fr.wikipedia.org\/wiki\/Math%C3%A9matiques\">Math\u00e9matiques<\/a>\u00a0\u00bb<\/small><\/p>\n<p><small>k) Pour les \u00e9l\u00e8ves choisissant en terminale la sp\u00e9cialit\u00e9 \u00ab\u00a0<a title=\"Math\u00e9matiques\" href=\"https:\/\/fr.wikipedia.org\/wiki\/Math%C3%A9matiques\">Math\u00e9matiques<\/a>\u00a0\u00bb<\/small><\/p>\n<p><small>l) Les enseignements optionnels de LCA\u00a0<a title=\"Latin\" href=\"https:\/\/fr.wikipedia.org\/wiki\/Latin\">latin<\/a>\u00a0 peuvent \u00eatre choisis en plus de l&rsquo;enseignement optionnel suivis par ailleurs.<\/small><\/p>\n","protected":false},"excerpt":{"rendered":"<p>\u00c0 la rentr\u00e9e 2020, les s\u00e9ries g\u00e9n\u00e9rales sont supprim\u00e9es. Les \u00e9l\u00e8ves suivent d\u00e9sormais des enseignements communs, des enseignements de sp\u00e9cialit\u00e9 et, le cas \u00e9ch\u00e9ant, des enseignements optionnels1. Enseignements communs\u00a0: Philosophie 4 heures Histoire-g\u00e9ographie 3 heures Langue vivante A et langue vivante B (enveloppe englob\u00e9e)\u00a0a) b) 4 heures \u00c9ducation physique et &hellip;<\/p>\n","protected":false},"author":12975,"featured_media":0,"parent":0,"menu_order":0,"comment_status":"closed","ping_status":"closed","template":"","meta":{"footnotes":""},"class_list":["post-6654","page","type-page","status-publish","hentry"],"_links":{"self":[{"href":"https:\/\/etab.ac-reunion.fr\/lyc-evariste-de-parny\/wp-json\/wp\/v2\/pages\/6654","targetHints":{"allow":["GET"]}}],"collection":[{"href":"https:\/\/etab.ac-reunion.fr\/lyc-evariste-de-parny\/wp-json\/wp\/v2\/pages"}],"about":[{"href":"https:\/\/etab.ac-reunion.fr\/lyc-evariste-de-parny\/wp-json\/wp\/v2\/types\/page"}],"author":[{"embeddable":true,"href":"https:\/\/etab.ac-reunion.fr\/lyc-evariste-de-parny\/wp-json\/wp\/v2\/users\/12975"}],"replies":[{"embeddable":true,"href":"https:\/\/etab.ac-reunion.fr\/lyc-evariste-de-parny\/wp-json\/wp\/v2\/comments?post=6654"}],"version-history":[{"count":3,"href":"https:\/\/etab.ac-reunion.fr\/lyc-evariste-de-parny\/wp-json\/wp\/v2\/pages\/6654\/revisions"}],"predecessor-version":[{"id":7302,"href":"https:\/\/etab.ac-reunion.fr\/lyc-evariste-de-parny\/wp-json\/wp\/v2\/pages\/6654\/revisions\/7302"}],"wp:attachment":[{"href":"https:\/\/etab.ac-reunion.fr\/lyc-evariste-de-parny\/wp-json\/wp\/v2\/media?parent=6654"}],"curies":[{"name":"wp","href":"https:\/\/api.w.org\/{rel}","templated":true}]}}