{"id":7336,"date":"2024-02-08T11:25:51","date_gmt":"2024-02-08T07:25:51","guid":{"rendered":"https:\/\/etab.ac-reunion.fr\/lyc-evariste-de-parny\/?page_id=7336"},"modified":"2024-12-12T21:40:45","modified_gmt":"2024-12-12T17:40:45","slug":"contact","status":"publish","type":"page","link":"https:\/\/etab.ac-reunion.fr\/lyc-evariste-de-parny\/contact\/","title":{"rendered":"CONTACT"},"content":{"rendered":"<p><strong>Lyc\u00e9e Evariste de Parny<\/strong><\/p>\n<p><strong>Rue Auguste Vinson 85, 97460 Saint-Paul<\/strong><\/p>\n<ul>\n<li><strong>T\u00e9l\u00e9phone :<\/strong>02 62 55 46 56<\/li>\n<li><strong>Contact pour les questions administratives : <\/strong>9740597f@ac-reunion.fr<\/li>\n<li><strong>Responsable p\u00e9dagogique : \u00a0<\/strong>Laurence Collard<\/li>\n<li><strong>Proviseure : <\/strong><span style=\"color: #000000\">CAMALON Valentine<\/span><\/li>\n<li><strong>Site internet : <\/strong><a href=\"https:\/\/etab.ac-reunion.fr\/lyc-evariste-de-parny\/\">https:\/\/etab.ac-reunion.fr\/lyc-evariste-de-parny\/<\/a><\/li>\n<\/ul>\n<p><strong>INTERNATS situ\u00e9s \u00e0 proximit\u00e9 :<\/strong><\/p>\n<p>Lyc\u00e9e Vue Belle<\/p>\n<p>Lyc\u00e9e St Paul 4<\/p>\n<p>Prendre contact avec le lyc\u00e9e Evariste de Parny.<\/p>\n<p>&nbsp;<\/p>\n<p><strong>Universit\u00e9 Bordeaux Montaigne<\/strong><\/p>\n<p><strong>Bureau des licences :<\/strong><\/p>\n<p><strong>T\u00e9l\u00e9phone :<\/strong>\u00a005 57 12 44 01<\/p>\n<p><strong>Courriel :\u00a0<\/strong>admissions.licences@u-bordeaux-montaigne.fr<\/p>\n<p>&nbsp;<\/p>\n","protected":false},"excerpt":{"rendered":"<p>Lyc\u00e9e Evariste de Parny Rue Auguste Vinson 85, 97460 Saint-Paul T\u00e9l\u00e9phone :02 62 55 46 56 Contact pour les questions administratives : 9740597f@ac-reunion.fr Responsable p\u00e9dagogique : \u00a0Laurence Collard Proviseure : CAMALON Valentine Site internet : https:\/\/etab.ac-reunion.fr\/lyc-evariste-de-parny\/ INTERNATS situ\u00e9s \u00e0 proximit\u00e9 : Lyc\u00e9e Vue Belle Lyc\u00e9e St Paul 4 Prendre contact &hellip;<\/p>\n","protected":false},"author":12975,"featured_media":0,"parent":0,"menu_order":0,"comment_status":"closed","ping_status":"closed","template":"","meta":{"footnotes":""},"class_list":["post-7336","page","type-page","status-publish","hentry"],"_links":{"self":[{"href":"https:\/\/etab.ac-reunion.fr\/lyc-evariste-de-parny\/wp-json\/wp\/v2\/pages\/7336","targetHints":{"allow":["GET"]}}],"collection":[{"href":"https:\/\/etab.ac-reunion.fr\/lyc-evariste-de-parny\/wp-json\/wp\/v2\/pages"}],"about":[{"href":"https:\/\/etab.ac-reunion.fr\/lyc-evariste-de-parny\/wp-json\/wp\/v2\/types\/page"}],"author":[{"embeddable":true,"href":"https:\/\/etab.ac-reunion.fr\/lyc-evariste-de-parny\/wp-json\/wp\/v2\/users\/12975"}],"replies":[{"embeddable":true,"href":"https:\/\/etab.ac-reunion.fr\/lyc-evariste-de-parny\/wp-json\/wp\/v2\/comments?post=7336"}],"version-history":[{"count":5,"href":"https:\/\/etab.ac-reunion.fr\/lyc-evariste-de-parny\/wp-json\/wp\/v2\/pages\/7336\/revisions"}],"predecessor-version":[{"id":7892,"href":"https:\/\/etab.ac-reunion.fr\/lyc-evariste-de-parny\/wp-json\/wp\/v2\/pages\/7336\/revisions\/7892"}],"wp:attachment":[{"href":"https:\/\/etab.ac-reunion.fr\/lyc-evariste-de-parny\/wp-json\/wp\/v2\/media?parent=7336"}],"curies":[{"name":"wp","href":"https:\/\/api.w.org\/{rel}","templated":true}]}}