{"id":7771,"date":"2024-12-04T15:05:56","date_gmt":"2024-12-04T11:05:56","guid":{"rendered":"https:\/\/etab.ac-reunion.fr\/lyc-evariste-de-parny\/?page_id=7771"},"modified":"2024-12-08T15:38:22","modified_gmt":"2024-12-08T11:38:22","slug":"parcours-educatif-de-sante","status":"publish","type":"page","link":"https:\/\/etab.ac-reunion.fr\/lyc-evariste-de-parny\/presentation\/strategie-et-pilotage\/parcours-educatif-de-sante\/","title":{"rendered":"Parcours \u00e9ducatif de sant\u00e9"},"content":{"rendered":"<ul>\n<li><a href=\"https:\/\/etab.ac-reunion.fr\/lyc-evariste-de-parny\/wp-content\/uploads\/sites\/14\/2024\/12\/parcours-educatif-de-la-sante-20242025_compressed-1.pdf\">parcours \u00e9ducatif de la sant\u00e9 20242025_1<\/a><\/li>\n<li><a href=\"https:\/\/etab.ac-reunion.fr\/lyc-evariste-de-parny\/wp-content\/uploads\/sites\/14\/2024\/12\/parcours-educatif-de-la-sante-20242025_compressed-2.pdf\">parcours \u00e9ducatif de la sant\u00e9 20242025_2<\/a><\/li>\n<li><a href=\"https:\/\/etab.ac-reunion.fr\/lyc-evariste-de-parny\/wp-content\/uploads\/sites\/14\/2024\/12\/parcours-educatif-de-la-sante-20242025_compressed-3.pdf\">parcours \u00e9ducatif de la sant\u00e9 20242025_3<\/a><\/li>\n<li><a href=\"https:\/\/etab.ac-reunion.fr\/lyc-evariste-de-parny\/wp-content\/uploads\/sites\/14\/2024\/12\/parcours-educatif-de-la-sante-20242025_compressed-4.pdf\">parcours \u00e9ducatif de la sant\u00e9 20242025_4<\/a><\/li>\n<\/ul>\n","protected":false},"excerpt":{"rendered":"<p>parcours \u00e9ducatif de la sant\u00e9 20242025_1 parcours \u00e9ducatif de la sant\u00e9 20242025_2 parcours \u00e9ducatif de la sant\u00e9 20242025_3 parcours \u00e9ducatif de la sant\u00e9 20242025_4<\/p>\n","protected":false},"author":3831,"featured_media":0,"parent":7762,"menu_order":0,"comment_status":"closed","ping_status":"closed","template":"","meta":{"footnotes":""},"class_list":["post-7771","page","type-page","status-publish","hentry"],"_links":{"self":[{"href":"https:\/\/etab.ac-reunion.fr\/lyc-evariste-de-parny\/wp-json\/wp\/v2\/pages\/7771","targetHints":{"allow":["GET"]}}],"collection":[{"href":"https:\/\/etab.ac-reunion.fr\/lyc-evariste-de-parny\/wp-json\/wp\/v2\/pages"}],"about":[{"href":"https:\/\/etab.ac-reunion.fr\/lyc-evariste-de-parny\/wp-json\/wp\/v2\/types\/page"}],"author":[{"embeddable":true,"href":"https:\/\/etab.ac-reunion.fr\/lyc-evariste-de-parny\/wp-json\/wp\/v2\/users\/3831"}],"replies":[{"embeddable":true,"href":"https:\/\/etab.ac-reunion.fr\/lyc-evariste-de-parny\/wp-json\/wp\/v2\/comments?post=7771"}],"version-history":[{"count":3,"href":"https:\/\/etab.ac-reunion.fr\/lyc-evariste-de-parny\/wp-json\/wp\/v2\/pages\/7771\/revisions"}],"predecessor-version":[{"id":7833,"href":"https:\/\/etab.ac-reunion.fr\/lyc-evariste-de-parny\/wp-json\/wp\/v2\/pages\/7771\/revisions\/7833"}],"up":[{"embeddable":true,"href":"https:\/\/etab.ac-reunion.fr\/lyc-evariste-de-parny\/wp-json\/wp\/v2\/pages\/7762"}],"wp:attachment":[{"href":"https:\/\/etab.ac-reunion.fr\/lyc-evariste-de-parny\/wp-json\/wp\/v2\/media?parent=7771"}],"curies":[{"name":"wp","href":"https:\/\/api.w.org\/{rel}","templated":true}]}}

Parcours éducatif de santé

<ul>
<li><a href="https://etab.ac-reunion.fr/lyc-evariste-de-parny/wp-content/uploads/sites/14/2024/12/parcours-educatif-de-la-sante-20242025_compressed-1.pdf">parcours éducatif de la santé 20242025_1</a></li>
<li><a href="https://etab.ac-reunion.fr/lyc-evariste-de-parny/wp-content/uploads/sites/14/2024/12/parcours-educatif-de-la-sante-20242025_compressed-2.pdf">parcours éducatif de la santé 20242025_2</a></li>
<li><a href="https://etab.ac-reunion.fr/lyc-evariste-de-parny/wp-content/uploads/sites/14/2024/12/parcours-educatif-de-la-sante-20242025_compressed-3.pdf">parcours éducatif de la santé 20242025_3</a></li>
<li><a href="https://etab.ac-reunion.fr/lyc-evariste-de-parny/wp-content/uploads/sites/14/2024/12/parcours-educatif-de-la-sante-20242025_compressed-4.pdf">parcours éducatif de la santé 20242025_4</a></li>
</ul>

<p>parcours éducatif de la santé 20242025_1 parcours éducatif de la santé 20242025_2 parcours éducatif de la santé 20242025_3 parcours éducatif de la santé 20242025_4</p>
