{"id":906,"date":"2013-07-10T16:39:15","date_gmt":"2013-07-10T15:39:15","guid":{"rendered":"http:\/\/lycee-eparny.ac-reunion.fr\/?page_id=906"},"modified":"2023-07-04T15:20:00","modified_gmt":"2023-07-04T11:20:00","slug":"sciences-humaines","status":"publish","type":"page","link":"https:\/\/etab.ac-reunion.fr\/lyc-evariste-de-parny\/sciences-humaines\/","title":{"rendered":"Premi\u00e8re STMG"},"content":{"rendered":"<h2><span style=\"color: #3366ff\">Pour qui ?<\/span><\/h2>\n<p>Les \u00e9l\u00e8ves int\u00e9ress\u00e9s par la r\u00e9alit\u00e9 du fonctionnement des organisations, les relations au travail, les nouveaux usages du num\u00e9rique, le marketing, la recherche et la mesure de la performance, l\u2019analyse des d\u00e9cisions et l\u2019impact des strat\u00e9gies d\u2019entreprise.<\/p>\n<h3><span style=\"color: #3366ff\">Sp\u00e9cificit\u00e9s de la s\u00e9rie<\/span><\/h3>\n<ul class=\"rond\">\n<li class=\"dot\">Ce bac aborde les grandes questions de la gestion des organisations, par exemple\u00a0: le r\u00f4le du facteur humain, les diff\u00e9rentes approches de la valeur, l\u2019information et la communication, etc.<\/li>\n<li class=\"dot\">\u00c0 noter : l&rsquo;importance de l&rsquo;enseignement g\u00e9n\u00e9ral, pour la ma\u00eetrise de l&rsquo;expression \u00e9crite et orale, en fran\u00e7ais et en langues vivantes \u00e9trang\u00e8res, les apports culturels de l&rsquo;histoire-g\u00e9ographie et l&rsquo;appui d&rsquo;un enseignement adapt\u00e9 de math\u00e9matiques.<\/li>\n<li class=\"dot\">Les \u00e9l\u00e8ves suivent des sp\u00e9cialit\u00e9s propres \u00e0 la s\u00e9rie : trois en 1<sup>re<\/sup>\u00a0et deux en terminale.<\/li>\n<li class=\"dot\">Les mati\u00e8res g\u00e9n\u00e9rales sont les m\u00eames dans toutes les s\u00e9ries : fran\u00e7ais (en 1<sup>re<\/sup>), enseignement moral et civique, histoire-g\u00e9ographie, math\u00e9matiques, langues vivantes, \u00e9ducation physique et sportive et philosophie (en terminale).<\/li>\n<li class=\"dot\">Les \u00e9l\u00e8ves b\u00e9n\u00e9ficient d\u2019un accompagnement personnalis\u00e9 en fonction de leurs besoins et d\u2019un accompagnement \u00e0 l\u2019orientation qui pourra repr\u00e9senter jusqu&rsquo;\u00e0 54 heures annuelles.<\/li>\n<li class=\"dot\">Un ou deux enseignements optionnels valid\u00e9s en contr\u00f4le continu.<\/li>\n<li class=\"dot\">Une heure hebdomadaire d\u2019ETLV (enseignement technologique) dispens\u00e9e en langue vivante.<\/li>\n<\/ul>\n<h2 class=\"border-decoration-bottom border-color-brand\"><span style=\"color: #3366ff\">Objectifs de la formation<\/span><\/h2>\n<div class=\"editor\">\n<div class=\"ezrichtext-field\">\n<p>La classe de 1re STMG comporte (horaires hebdomadaires) :<\/p>\n<ul>\n<li class=\"dot\">des enseignements communs \u00e0 toutes les s\u00e9ries : fran\u00e7ais (3 h), histoire &#8211; g\u00e9ographie (1h30), langue vivante A et langue vivante B \u00e9trang\u00e8re ou r\u00e9gionale (4 h), \u00e9ducation physique et sportive (2 h), math\u00e9matiques (3 h), enseignement moral et civique (18h par an)<\/li>\n<li class=\"dot\">3 enseignements de sp\u00e9cialit\u00e9 : sciences de gestion et num\u00e9rique (7 h), management (4 h), droit et \u00e9conomie (4 h)<\/li>\n<li class=\"dot\">des enseignements optionnels (3 h) : arts (arts plastiques) ; \u00e9ducation physique et sportive.<\/li>\n<\/ul>\n<p>Les \u00e9l\u00e8ves b\u00e9n\u00e9ficient aussi d&rsquo;un accompagnement personnalis\u00e9 et d&rsquo;un accompagnement au\u00a0<b>choix d&rsquo;orientation<\/b>\u00a0(54 h \u00e0 titre indicatif selon les besoins de l&rsquo;\u00e9l\u00e8ve et les modalit\u00e9s mises en place dans l&rsquo;\u00e9tablissement).<\/p>\n<h3>Les sp\u00e9cialit\u00e9s<\/h3>\n<div class=\"tabs\">\n<p><button id=\"tabs-tab-122598833\" class=\"tabs-tab active\" role=\"tab\">3 sp\u00e9cialit\u00e9s en premi\u00e8re<\/button><\/p>\n<div id=\"tabs-panel-122598833\" class=\"tabs-panel active\" role=\"tabpanel\" aria-labelledby=\"tabs-tab-122598833\">\n<ul class=\"rond\">\n<li class=\"dot\"><b>Droit et \u00e9conomie.<\/b>\u00a0Objectif : former des citoyens conscients des r\u00e8gles et des m\u00e9canismes juridiques qui r\u00e9gissent le fonctionnement de la soci\u00e9t\u00e9. L&rsquo;enseignement prend en compte les \u00e9volutions juridiques et \u00e9conomiques les plus significatives (RGPD, transition \u00e9nerg\u00e9tique, nouvelles formes de monnaie, \u00e9conomie sociale et solidaire\u2026).<\/li>\n<li class=\"dot\"><b>Management.<\/b>\u00a0Les \u00e9l\u00e8ves sont initi\u00e9s au fonctionnement des entreprises, des organisations publiques et des associations. Trois grands th\u00e8mes sont abord\u00e9s: \u00e0 la rencontre du management des organisations ; le management strat\u00e9gique : du diagnostic \u00e0 la fixation des objectifs ; les choix strat\u00e9giques des organisations.<\/li>\n<li class=\"dot\"><b>Sciences de gestion et num\u00e9rique<\/b>. Les sciences de gestion \u00e9tudient le fonctionnement des organisations. Cet enseignement est fond\u00e9 sur l\u2019observation, l\u2019analyse, la conceptualisation et l\u2019interpr\u00e9tation de cas d\u2019entreprises. Il s\u2019appuie sur des situations r\u00e9elles et mobilise les outils et ressources num\u00e9riques adapt\u00e9s.<\/li>\n<\/ul>\n<\/div>\n<\/div>\n<\/div>\n<\/div>\n","protected":false},"excerpt":{"rendered":"<p>Pour qui ? Les \u00e9l\u00e8ves int\u00e9ress\u00e9s par la r\u00e9alit\u00e9 du fonctionnement des organisations, les relations au travail, les nouveaux usages du num\u00e9rique, le marketing, la recherche et la mesure de la performance, l\u2019analyse des d\u00e9cisions et l\u2019impact des strat\u00e9gies d\u2019entreprise. Sp\u00e9cificit\u00e9s de la s\u00e9rie Ce bac aborde les grandes questions &hellip;<\/p>\n","protected":false},"author":24,"featured_media":0,"parent":0,"menu_order":0,"comment_status":"closed","ping_status":"closed","template":"","meta":{"footnotes":""},"class_list":["post-906","page","type-page","status-publish","hentry"],"_links":{"self":[{"href":"https:\/\/etab.ac-reunion.fr\/lyc-evariste-de-parny\/wp-json\/wp\/v2\/pages\/906","targetHints":{"allow":["GET"]}}],"collection":[{"href":"https:\/\/etab.ac-reunion.fr\/lyc-evariste-de-parny\/wp-json\/wp\/v2\/pages"}],"about":[{"href":"https:\/\/etab.ac-reunion.fr\/lyc-evariste-de-parny\/wp-json\/wp\/v2\/types\/page"}],"author":[{"embeddable":true,"href":"https:\/\/etab.ac-reunion.fr\/lyc-evariste-de-parny\/wp-json\/wp\/v2\/users\/24"}],"replies":[{"embeddable":true,"href":"https:\/\/etab.ac-reunion.fr\/lyc-evariste-de-parny\/wp-json\/wp\/v2\/comments?post=906"}],"version-history":[{"count":7,"href":"https:\/\/etab.ac-reunion.fr\/lyc-evariste-de-parny\/wp-json\/wp\/v2\/pages\/906\/revisions"}],"predecessor-version":[{"id":6688,"href":"https:\/\/etab.ac-reunion.fr\/lyc-evariste-de-parny\/wp-json\/wp\/v2\/pages\/906\/revisions\/6688"}],"wp:attachment":[{"href":"https:\/\/etab.ac-reunion.fr\/lyc-evariste-de-parny\/wp-json\/wp\/v2\/media?parent=906"}],"curies":[{"name":"wp","href":"https:\/\/api.w.org\/{rel}","templated":true}]}}