{"id":229,"date":"2014-09-04T12:39:40","date_gmt":"2014-09-04T08:39:40","guid":{"rendered":"http:\/\/lycee-stpierre.ac-reunion.fr\/?page_id=229"},"modified":"2025-11-19T14:02:39","modified_gmt":"2025-11-19T10:02:39","slug":"organisation-du-lycee","status":"publish","type":"page","link":"https:\/\/etab.ac-reunion.fr\/lyc-francois-de-mahy\/organisation-du-lycee\/","title":{"rendered":"Organisation et services"},"content":{"rendered":"\n<p style=\"font-size:25px\"><strong>Pour contacter les services par t\u00e9l : STANDARD : 0262 35 75 20 <\/strong><\/p>\n\n\n\n<div style=\"height:30px\" aria-hidden=\"true\" class=\"wp-block-spacer\"><\/div>\n\n\n\n<p class=\"has-background\" style=\"background-color:#a4dbfe;font-size:22px\"><strong>Direction<\/strong>  <\/p>\n\n\n\n<p class=\"has-background\" style=\"background-color:#d6effe;font-size:17px\"><strong>Proviseure :<\/strong> Mme PETIT.  <\/p>\n\n\n\n<p class=\"has-background\" style=\"background-color:#a4dbfe;font-size:17px\"><strong>Proviseur adjoint : <\/strong>M. TRAOR\u00c9.<\/p>\n\n\n\n<p class=\"has-background\" style=\"background-color:#d6effe;font-size:17px\"><strong>Proviseur adjoint :<\/strong> M. TECHER.<\/p>\n\n\n\n<div style=\"height:40px\" aria-hidden=\"true\" class=\"wp-block-spacer\"><\/div>\n\n\n\n<p class=\"has-background\" style=\"background-color:#a4dbfe;font-size:22px\"><strong>Administration<\/strong><\/p>\n\n\n\n<p class=\"has-background\" style=\"background-color:#d6effe;font-size:17px\"><strong>Secr\u00e9tariat de la proviseure : <\/strong>Mme SOUDARD.<\/p>\n\n\n\n<p class=\"has-background\" style=\"background-color:#a4dbfe;font-size:17px\"><strong>Secr\u00e9tariat des proviseurs adjoints <\/strong><\/p>\n\n\n\n<div style=\"height:40px\" aria-hidden=\"true\" class=\"wp-block-spacer\"><\/div>\n\n\n\n<p class=\"has-background\" style=\"background-color:#a4dbfe;font-size:22px\"><strong>Intendance<\/strong><\/p>\n\n\n\n<p class=\"has-background\" style=\"background-color:#d6effe;font-size:17px\"><strong>Secr\u00e9taire g\u00e9n\u00e9ral<\/strong> : M. CAMINADE.<\/p>\n\n\n\n<p class=\"has-background\" style=\"background-color:#a4dbfe;font-size:17px\"><strong>Secr\u00e9tariat de gestion :<\/strong> Mme DOLPHIN.<\/p>\n\n\n\n<p class=\"has-background\" style=\"background-color:#d6effe;font-size:17px\"><strong>Service des bourses  <\/strong>: Mme AUBRAS, M. RICQUEBOURG.<\/p>\n\n\n\n<div style=\"height:40px\" aria-hidden=\"true\" class=\"wp-block-spacer\"><\/div>\n\n\n\n<p class=\"has-background\" style=\"background-color:#a4dbfe;font-size:22px\"><strong>Formation Professionnelle et Technologique<\/strong><\/p>\n\n\n\n<p class=\"has-background\" style=\"background-color:#d6effe;font-size:17px\"><strong>Directeur D\u00e9l\u00e9gu\u00e9 aux Formations Professionnelles et Technologiques<\/strong> : M. SELLIER.<\/p>\n\n\n\n<p class=\"has-background\" style=\"background-color:#a4dbfe;font-size:17px\"><strong>Assistants Directeurs D\u00e9l\u00e9gu\u00e9s aux Formations<\/strong> : Mme DUBARD et M. LELONG.<\/p>\n\n\n\n<p class=\"has-background\" style=\"background-color:#d6effe;font-size:17px\"><strong><strong>Bureau des stages : <\/strong><\/strong>Mme ARGENT.<\/p>\n\n\n\n<div style=\"height:40px\" aria-hidden=\"true\" class=\"wp-block-spacer\"><\/div>\n\n\n\n<p class=\"has-background\" style=\"background-color:#a4dbfe;font-size:22px\"><strong>Bureau des entreprises<\/strong><\/p>\n\n\n\n<p class=\"has-background\" style=\"background-color:#d6effe;font-size:17px\"><strong>Responsable du Bureau des entreprises<\/strong> : M. MARTELLY. Salle A002, entr\u00e9e c\u00f4t\u00e9 rue L. Lorion.<\/p>\n\n\n\n<p class=\"has-background\" style=\"background-color:#a4dbfe;font-size:17px\"><strong><strong>Assistante bureau des entreprises : <\/strong><\/strong>Mme IBATICI.<\/p>\n\n\n\n<div style=\"height:40px\" aria-hidden=\"true\" class=\"wp-block-spacer\"><\/div>\n\n\n\n<p class=\"has-background\" style=\"background-color:#a4dbfe;font-size:22px\"><strong>Vie Scolaire<\/strong><\/p>\n\n\n\n<p class=\"has-background\" style=\"background-color:#d6effe;font-size:17px\"><strong><strong>Conseillers Principaux d\u2019\u00c9ducation<\/strong><\/strong> : M. BOYER, Mme ETHEVE, M. MONEDIERE, Mme TELL.<\/p>\n\n\n\n<div style=\"height:40px\" aria-hidden=\"true\" class=\"wp-block-spacer\"><\/div>\n\n\n\n<p class=\"has-background\" style=\"background-color:#a4dbfe;font-size:22px\"><strong>Documentation : CDI<\/strong><\/p>\n\n\n\n<p class=\"has-background\" style=\"background-color:#d6effe;font-size:17px\"><strong> <strong>Documentaliste<\/strong><\/strong> : Mme GARCIA.<\/p>\n\n\n\n<div style=\"height:40px\" aria-hidden=\"true\" class=\"wp-block-spacer\"><\/div>\n\n\n\n<p class=\"has-background\" style=\"background-color:#a4dbfe;font-size:22px\"><strong>Infirmerie<\/strong><\/p>\n\n\n\n<p class=\"has-background\" style=\"background-color:#d6effe;font-size:17px\"><strong>Infirmi\u00e8re<\/strong> : Mme TOURON.<\/p>\n\n\n\n<div style=\"height:40px\" aria-hidden=\"true\" class=\"wp-block-spacer\"><\/div>\n\n\n\n<p class=\"has-background\" style=\"background-color:#a4dbfe;font-size:22px\"><strong>Service M\u00e9dico-social<\/strong><\/p>\n\n\n\n<p class=\"has-background\" style=\"background-color:#d6effe;font-size:17px\"><strong>M\u00e9decin scolaire : <\/strong>Mme HANS.<\/p>\n\n\n\n<p class=\"has-background\" style=\"background-color:#a4dbfe;font-size:17px\"><strong>Assistantes sociales : <\/strong>Mme NATIVEL, Mme ROMER, Mme VITRY.<\/p>\n\n\n\n<p class=\"has-background\" style=\"background-color:#d6effe;font-size:17px\"><strong>Psychologues EN \/ <strong>Orientation<\/strong> <\/strong>M. BELKIR, Mme CUNIN<strong>.<\/strong><\/p>\n\n\n\n<p><\/p>\n","protected":false},"excerpt":{"rendered":"<p>Pour contacter les services par t\u00e9l : STANDARD : 0262 35 75 20 Direction Proviseure : Mme PETIT. Proviseur adjoint : M. TRAOR\u00c9. Proviseur adjoint : M. TECHER. Administration Secr\u00e9tariat de la proviseure : Mme SOUDARD. Secr\u00e9tariat des proviseurs adjoints Intendance Secr\u00e9taire g\u00e9n\u00e9ral : M. CAMINADE. Secr\u00e9tariat de gestion : Mme DOLPHIN. Service des bourses [&hellip;]<\/p>\n","protected":false},"author":19067,"featured_media":26155,"parent":0,"menu_order":0,"comment_status":"closed","ping_status":"closed","template":"","meta":{"footnotes":""},"class_list":["post-229","page","type-page","status-publish","has-post-thumbnail","hentry"],"_links":{"self":[{"href":"https:\/\/etab.ac-reunion.fr\/lyc-francois-de-mahy\/wp-json\/wp\/v2\/pages\/229","targetHints":{"allow":["GET"]}}],"collection":[{"href":"https:\/\/etab.ac-reunion.fr\/lyc-francois-de-mahy\/wp-json\/wp\/v2\/pages"}],"about":[{"href":"https:\/\/etab.ac-reunion.fr\/lyc-francois-de-mahy\/wp-json\/wp\/v2\/types\/page"}],"author":[{"embeddable":true,"href":"https:\/\/etab.ac-reunion.fr\/lyc-francois-de-mahy\/wp-json\/wp\/v2\/users\/19067"}],"replies":[{"embeddable":true,"href":"https:\/\/etab.ac-reunion.fr\/lyc-francois-de-mahy\/wp-json\/wp\/v2\/comments?post=229"}],"version-history":[{"count":153,"href":"https:\/\/etab.ac-reunion.fr\/lyc-francois-de-mahy\/wp-json\/wp\/v2\/pages\/229\/revisions"}],"predecessor-version":[{"id":30964,"href":"https:\/\/etab.ac-reunion.fr\/lyc-francois-de-mahy\/wp-json\/wp\/v2\/pages\/229\/revisions\/30964"}],"wp:featuredmedia":[{"embeddable":true,"href":"https:\/\/etab.ac-reunion.fr\/lyc-francois-de-mahy\/wp-json\/wp\/v2\/media\/26155"}],"wp:attachment":[{"href":"https:\/\/etab.ac-reunion.fr\/lyc-francois-de-mahy\/wp-json\/wp\/v2\/media?parent=229"}],"curies":[{"name":"wp","href":"https:\/\/api.w.org\/{rel}","templated":true}]}}