{"id":25632,"date":"2024-03-20T18:38:15","date_gmt":"2024-03-20T14:38:15","guid":{"rendered":"https:\/\/etab.ac-reunion.fr\/lyc-francois-de-mahy\/?page_id=25632"},"modified":"2026-04-10T10:08:40","modified_gmt":"2026-04-10T06:08:40","slug":"certificat-de-specialisation-vendeur-conseil-en-produits-alimentaires","status":"publish","type":"page","link":"https:\/\/etab.ac-reunion.fr\/lyc-francois-de-mahy\/certificat-de-specialisation-vendeur-conseil-en-produits-alimentaires\/","title":{"rendered":"Certificat de sp\u00e9cialisation Vendeur conseil en alimentation"},"content":{"rendered":"\n<p style=\"font-size:17px\"><strong>Le titulaire de la certification de sp\u00e9cialisation \u00ab Vendeur conseil en alimentation \u00bb est un professionnel sp\u00e9cialis\u00e9 dans la vente de produits de l\u2019alimentation<\/strong><\/p>\n\n\n\n<p style=\"font-size:17px\">Le titulaire de cette certification de sp\u00e9cialisation exerce son activit\u00e9 au sein d\u2019un espace de vente alimentaire. Il s\u2019inscrit dans une d\u00e9marche commerciale active dans le respect des r\u00e8gles d\u2019hygi\u00e8ne et de s\u00e9curit\u00e9 sanitaire des denr\u00e9es et des pr\u00e9parations alimentaires. Et cela dans le but de participer au d\u00e9veloppement d\u2019une relation client personnalis\u00e9e et durable.<\/p>\n\n\n\n<div style=\"height:15px\" aria-hidden=\"true\" class=\"wp-block-spacer\"><\/div>\n\n\n\n<figure class=\"wp-block-gallery has-nested-images columns-default is-cropped wp-block-gallery-1 is-layout-flex wp-block-gallery-is-layout-flex\">\n<figure class=\"wp-block-image size-large\"><a href=\"https:\/\/etab.ac-reunion.fr\/lyc-francois-de-mahy\/wp-content\/uploads\/sites\/61\/2024\/03\/1.jpg\"><img loading=\"lazy\" decoding=\"async\" width=\"310\" height=\"163\" data-id=\"25634\" src=\"https:\/\/etab.ac-reunion.fr\/lyc-francois-de-mahy\/wp-content\/uploads\/sites\/61\/2024\/03\/1.jpg\" alt=\"\" class=\"wp-image-25634\" srcset=\"https:\/\/etab.ac-reunion.fr\/lyc-francois-de-mahy\/wp-content\/uploads\/sites\/61\/2024\/03\/1.jpg 310w, https:\/\/etab.ac-reunion.fr\/lyc-francois-de-mahy\/wp-content\/uploads\/sites\/61\/2024\/03\/1-300x158.jpg 300w\" sizes=\"auto, (max-width: 310px) 100vw, 310px\" \/><\/a><\/figure>\n\n\n\n<figure class=\"wp-block-image size-large\"><a href=\"https:\/\/etab.ac-reunion.fr\/lyc-francois-de-mahy\/wp-content\/uploads\/sites\/61\/2024\/03\/2-2.jpg\"><img loading=\"lazy\" decoding=\"async\" width=\"333\" height=\"151\" data-id=\"25636\" src=\"https:\/\/etab.ac-reunion.fr\/lyc-francois-de-mahy\/wp-content\/uploads\/sites\/61\/2024\/03\/2-2.jpg\" alt=\"\" class=\"wp-image-25636\" srcset=\"https:\/\/etab.ac-reunion.fr\/lyc-francois-de-mahy\/wp-content\/uploads\/sites\/61\/2024\/03\/2-2.jpg 333w, https:\/\/etab.ac-reunion.fr\/lyc-francois-de-mahy\/wp-content\/uploads\/sites\/61\/2024\/03\/2-2-300x136.jpg 300w\" sizes=\"auto, (max-width: 333px) 100vw, 333px\" \/><\/a><\/figure>\n\n\n\n<figure class=\"wp-block-image size-large\"><a href=\"https:\/\/etab.ac-reunion.fr\/lyc-francois-de-mahy\/wp-content\/uploads\/sites\/61\/2024\/03\/3.jpg\"><img loading=\"lazy\" decoding=\"async\" width=\"300\" height=\"168\" data-id=\"25635\" src=\"https:\/\/etab.ac-reunion.fr\/lyc-francois-de-mahy\/wp-content\/uploads\/sites\/61\/2024\/03\/3.jpg\" alt=\"\" class=\"wp-image-25635\" \/><\/a><\/figure>\n<\/figure>\n\n\n\n<div style=\"height:10px\" aria-hidden=\"true\" class=\"wp-block-spacer\"><\/div>\n\n\n\n<p style=\"font-size:17px\"><strong><u>Profil requis<\/u><\/strong><\/p>\n\n\n\n<ul class=\"wp-block-list\">\n<li style=\"font-size:17px\">Orientation post CAP et post BAC<\/li>\n\n\n\n<li style=\"font-size:17px\">\u00catre motiv\u00e9 par l\u2019accueil et le conseil vers la client\u00e8le<\/li>\n\n\n\n<li style=\"font-size:17px\">S\u2019int\u00e9resser au monde culinaire, \u00e0 la pr\u00e9paration et \u00e0 la pr\u00e9sentation des produits alimentaires.<\/li>\n<\/ul>\n\n\n\n<p style=\"font-size:17px\"><strong><u>Horaire de formation<\/u><\/strong><\/p>\n\n\n\n<ul class=\"wp-block-list\">\n<li style=\"font-size:17px\">Enseignement professionnel 21h<\/li>\n\n\n\n<li style=\"font-size:17px\">Enseignement technique 6h<\/li>\n\n\n\n<li style=\"font-size:17px\">Rythme scolaire et stage en entreprise (3 semaines de cours, 1 mois en entreprise)<\/li>\n\n\n\n<li style=\"font-size:17px\">Stage de 4 semaines dans un pays europ\u00e9en financ\u00e9 par Erasmus.<\/li>\n<\/ul>\n\n\n\n<p style=\"font-size:17px\">Formation accessible en apprentissage.<\/p>\n\n\n\n<div style=\"height:14px\" aria-hidden=\"true\" class=\"wp-block-spacer\"><\/div>\n\n\n<div class=\"wp-block-image\">\n<figure class=\"aligncenter size-full is-resized\"><a href=\"https:\/\/etab.ac-reunion.fr\/lyc-francois-de-mahy\/wp-content\/uploads\/sites\/61\/2024\/03\/1-2.png\"><img loading=\"lazy\" decoding=\"async\" width=\"907\" height=\"795\" src=\"https:\/\/etab.ac-reunion.fr\/lyc-francois-de-mahy\/wp-content\/uploads\/sites\/61\/2024\/03\/1-2.png\" alt=\"\" class=\"wp-image-25637\" style=\"width:625px;height:auto\" srcset=\"https:\/\/etab.ac-reunion.fr\/lyc-francois-de-mahy\/wp-content\/uploads\/sites\/61\/2024\/03\/1-2.png 907w, https:\/\/etab.ac-reunion.fr\/lyc-francois-de-mahy\/wp-content\/uploads\/sites\/61\/2024\/03\/1-2-300x263.png 300w, https:\/\/etab.ac-reunion.fr\/lyc-francois-de-mahy\/wp-content\/uploads\/sites\/61\/2024\/03\/1-2-768x673.png 768w\" sizes=\"auto, (max-width: 907px) 100vw, 907px\" \/><\/a><\/figure>\n<\/div>\n\n\n<div style=\"height:20px\" aria-hidden=\"true\" class=\"wp-block-spacer\"><\/div>\n\n\n\n<p style=\"font-size:17px\"><strong><u>D\u00e9bouch\u00e9s&nbsp;:<\/u><\/strong><\/p>\n\n\n\n<p style=\"font-size:17px\">Le titulaire de la certification de sp\u00e9cialisation exerce son activit\u00e9 en unit\u00e9 commerciale de type&nbsp;:<\/p>\n\n\n\n<ul class=\"wp-block-list\">\n<li style=\"font-size:17px\">Vendeur conseil en boulangerie \/ p\u00e2tisserie \/ glacerie \/ chocolaterie \/ fruits et l\u00e9gumes, etc.<\/li>\n\n\n\n<li style=\"font-size:17px\">Il peut exercer son activit\u00e9 dans un commerce alimentaire de proximit\u00e9 s\u00e9dentaire ou non s\u00e9dentaire, ou dans un rayon de produits frais de la grande distribution.<\/li>\n<\/ul>\n\n\n\n<p class=\"has-text-align-center\" style=\"font-size:17px\"><strong><em><a href=\"https:\/\/etab.ac-reunion.fr\/lyc-francois-de-mahy\/wp-content\/uploads\/sites\/61\/2024\/03\/Affichec-certificat-de-specilisation-vente-conseil-en-alimentation-2.pdf\">La plaquette en PDF<\/a><\/em><\/strong><\/p>\n","protected":false},"excerpt":{"rendered":"<p>Le titulaire de la certification de sp\u00e9cialisation \u00ab Vendeur conseil en alimentation \u00bb est un professionnel sp\u00e9cialis\u00e9 dans la vente de produits de l\u2019alimentation Le titulaire de cette certification de sp\u00e9cialisation exerce son activit\u00e9 au sein d\u2019un espace de vente alimentaire. Il s\u2019inscrit dans une d\u00e9marche commerciale active dans le respect des r\u00e8gles d\u2019hygi\u00e8ne et [&hellip;]<\/p>\n","protected":false},"author":19067,"featured_media":25641,"parent":0,"menu_order":0,"comment_status":"closed","ping_status":"closed","template":"","meta":{"footnotes":""},"class_list":["post-25632","page","type-page","status-publish","has-post-thumbnail","hentry"],"_links":{"self":[{"href":"https:\/\/etab.ac-reunion.fr\/lyc-francois-de-mahy\/wp-json\/wp\/v2\/pages\/25632","targetHints":{"allow":["GET"]}}],"collection":[{"href":"https:\/\/etab.ac-reunion.fr\/lyc-francois-de-mahy\/wp-json\/wp\/v2\/pages"}],"about":[{"href":"https:\/\/etab.ac-reunion.fr\/lyc-francois-de-mahy\/wp-json\/wp\/v2\/types\/page"}],"author":[{"embeddable":true,"href":"https:\/\/etab.ac-reunion.fr\/lyc-francois-de-mahy\/wp-json\/wp\/v2\/users\/19067"}],"replies":[{"embeddable":true,"href":"https:\/\/etab.ac-reunion.fr\/lyc-francois-de-mahy\/wp-json\/wp\/v2\/comments?post=25632"}],"version-history":[{"count":21,"href":"https:\/\/etab.ac-reunion.fr\/lyc-francois-de-mahy\/wp-json\/wp\/v2\/pages\/25632\/revisions"}],"predecessor-version":[{"id":31774,"href":"https:\/\/etab.ac-reunion.fr\/lyc-francois-de-mahy\/wp-json\/wp\/v2\/pages\/25632\/revisions\/31774"}],"wp:featuredmedia":[{"embeddable":true,"href":"https:\/\/etab.ac-reunion.fr\/lyc-francois-de-mahy\/wp-json\/wp\/v2\/media\/25641"}],"wp:attachment":[{"href":"https:\/\/etab.ac-reunion.fr\/lyc-francois-de-mahy\/wp-json\/wp\/v2\/media?parent=25632"}],"curies":[{"name":"wp","href":"https:\/\/api.w.org\/{rel}","templated":true}]}}