{"id":27017,"date":"2024-06-26T06:31:47","date_gmt":"2024-06-26T02:31:47","guid":{"rendered":"https:\/\/etab.ac-reunion.fr\/lyc-francois-de-mahy\/?page_id=27017"},"modified":"2024-06-27T15:52:59","modified_gmt":"2024-06-27T11:52:59","slug":"hexis-accueille-des-enseignants","status":"publish","type":"page","link":"https:\/\/etab.ac-reunion.fr\/lyc-francois-de-mahy\/hexis-accueille-des-enseignants\/","title":{"rendered":"HEXIS accueille des enseignants"},"content":{"rendered":"\n<div style=\"height:6px\" aria-hidden=\"true\" class=\"wp-block-spacer\"><\/div>\n\n\n\n<p><em>Mercredi 19 juin, HEXIS (fournisseur du lyc\u00e9e en fournitures d&rsquo;imprimerie) a accueilli 4 enseignants de production graphique et de carrosserie pour une formation aux produits Hexis et leur utilisation, sp\u00e9cifiquement au covering (technique de recouvrement de carrosseries de voitures). Vous pouvez ci-dessous lire le message de l&rsquo;entreprise.<\/em><\/p>\n\n\n\n<div style=\"height:15px\" aria-hidden=\"true\" class=\"wp-block-spacer\"><\/div>\n\n\n<div class=\"wp-block-image\">\n<figure class=\"aligncenter size-full is-resized\"><a href=\"https:\/\/etab.ac-reunion.fr\/lyc-francois-de-mahy\/wp-content\/uploads\/sites\/61\/2024\/06\/1-7.jpg\"><img decoding=\"async\" src=\"https:\/\/etab.ac-reunion.fr\/lyc-francois-de-mahy\/wp-content\/uploads\/sites\/61\/2024\/06\/1-7.jpg\" alt=\"\" class=\"wp-image-27063\" style=\"width:520px;height:auto\" \/><\/a><\/figure>\n<\/div>\n\n\n<div style=\"height:20px\" aria-hidden=\"true\" class=\"wp-block-spacer\"><\/div>\n\n\n\n<p>\u00ab\u00a0<strong>La semaine derni\u00e8re, nous HEXIS avons eu le plaisir d&rsquo;accueillir 4 professeurs du LYCEE PROFESSIONNEL FRANCOIS DE MAHY dans nos locaux HEXIS R\u00e9union pour un atelier d\u00e9couverte autour des m\u00e9tiers de la signal\u00e9tique, du marquage et du covering.<br><br>\u2705 L&rsquo;occasion d&rsquo;\u00e9changer sur les opportunit\u00e9s pour les jeunes en formation \u00e0 la R\u00e9union sur un secteur en forte croissance et en manque de main d&rsquo;oeuvre \ud83c\uddf7\ud83c\uddea.<br><br>Un grand merci au Bureau des ENTREPRISES LYCEE FRANCOIS DE MAHY et \u00e0 Kevin de BERGE notre certifi\u00e9 HEXIS Wrap pour l&rsquo;implication et l&rsquo;engagement autour de la formation et la professionnalisation de nos jeunes \ud83c\uddf7\ud83c\uddea<\/strong>.\u00a0\u00bb<\/p>\n\n\n\n<div style=\"height:9px\" aria-hidden=\"true\" class=\"wp-block-spacer\"><\/div>\n\n\n<div class=\"wp-block-image\">\n<figure class=\"aligncenter size-full is-resized\"><a href=\"https:\/\/etab.ac-reunion.fr\/lyc-francois-de-mahy\/wp-content\/uploads\/sites\/61\/2024\/06\/1-2.png\"><img loading=\"lazy\" decoding=\"async\" width=\"674\" height=\"921\" src=\"https:\/\/etab.ac-reunion.fr\/lyc-francois-de-mahy\/wp-content\/uploads\/sites\/61\/2024\/06\/1-2.png\" alt=\"\" class=\"wp-image-27018\" style=\"width:520px;height:auto\" srcset=\"https:\/\/etab.ac-reunion.fr\/lyc-francois-de-mahy\/wp-content\/uploads\/sites\/61\/2024\/06\/1-2.png 674w, https:\/\/etab.ac-reunion.fr\/lyc-francois-de-mahy\/wp-content\/uploads\/sites\/61\/2024\/06\/1-2-220x300.png 220w\" sizes=\"auto, (max-width: 674px) 100vw, 674px\" \/><\/a><\/figure>\n<\/div>","protected":false},"excerpt":{"rendered":"<p>Mercredi 19 juin, HEXIS (fournisseur du lyc\u00e9e en fournitures d&rsquo;imprimerie) a accueilli 4 enseignants de production graphique et de carrosserie pour une formation aux produits Hexis et leur utilisation, sp\u00e9cifiquement au covering (technique de recouvrement de carrosseries de voitures). Vous pouvez ci-dessous lire le message de l&rsquo;entreprise. \u00ab\u00a0La semaine derni\u00e8re, nous HEXIS avons eu le [&hellip;]<\/p>\n","protected":false},"author":19067,"featured_media":27041,"parent":0,"menu_order":0,"comment_status":"closed","ping_status":"closed","template":"","meta":{"footnotes":""},"class_list":["post-27017","page","type-page","status-publish","has-post-thumbnail","hentry"],"_links":{"self":[{"href":"https:\/\/etab.ac-reunion.fr\/lyc-francois-de-mahy\/wp-json\/wp\/v2\/pages\/27017","targetHints":{"allow":["GET"]}}],"collection":[{"href":"https:\/\/etab.ac-reunion.fr\/lyc-francois-de-mahy\/wp-json\/wp\/v2\/pages"}],"about":[{"href":"https:\/\/etab.ac-reunion.fr\/lyc-francois-de-mahy\/wp-json\/wp\/v2\/types\/page"}],"author":[{"embeddable":true,"href":"https:\/\/etab.ac-reunion.fr\/lyc-francois-de-mahy\/wp-json\/wp\/v2\/users\/19067"}],"replies":[{"embeddable":true,"href":"https:\/\/etab.ac-reunion.fr\/lyc-francois-de-mahy\/wp-json\/wp\/v2\/comments?post=27017"}],"version-history":[{"count":9,"href":"https:\/\/etab.ac-reunion.fr\/lyc-francois-de-mahy\/wp-json\/wp\/v2\/pages\/27017\/revisions"}],"predecessor-version":[{"id":27067,"href":"https:\/\/etab.ac-reunion.fr\/lyc-francois-de-mahy\/wp-json\/wp\/v2\/pages\/27017\/revisions\/27067"}],"wp:featuredmedia":[{"embeddable":true,"href":"https:\/\/etab.ac-reunion.fr\/lyc-francois-de-mahy\/wp-json\/wp\/v2\/media\/27041"}],"wp:attachment":[{"href":"https:\/\/etab.ac-reunion.fr\/lyc-francois-de-mahy\/wp-json\/wp\/v2\/media?parent=27017"}],"curies":[{"name":"wp","href":"https:\/\/api.w.org\/{rel}","templated":true}]}}

<div style="height:6px" aria-hidden="true" class="wp-block-spacer"></div>



<p><em>Mercredi 19 juin, HEXIS (fournisseur du lycée en fournitures d&rsquo;imprimerie) a accueilli 4 enseignants de production graphique et de carrosserie pour une formation aux produits Hexis et leur utilisation, spécifiquement au covering (technique de recouvrement de carrosseries de voitures). Vous pouvez ci-dessous lire le message de l&rsquo;entreprise.</em></p>



<div style="height:15px" aria-hidden="true" class="wp-block-spacer"></div>


<div class="wp-block-image">
<figure class="aligncenter size-full is-resized"><a href="https://etab.ac-reunion.fr/lyc-francois-de-mahy/wp-content/uploads/sites/61/2024/06/1-7.jpg"><img decoding="async" src="https://etab.ac-reunion.fr/lyc-francois-de-mahy/wp-content/uploads/sites/61/2024/06/1-7.jpg" alt="" class="wp-image-27063" style="width:520px;height:auto" /></a></figure>
</div>


<div style="height:20px" aria-hidden="true" class="wp-block-spacer"></div>



<p>« <strong>La semaine dernière, nous HEXIS avons eu le plaisir d&rsquo;accueillir 4 professeurs du LYCEE PROFESSIONNEL FRANCOIS DE MAHY dans nos locaux HEXIS Réunion pour un atelier découverte autour des métiers de la signalétique, du marquage et du covering.<br><br>✅ L&rsquo;occasion d&rsquo;échanger sur les opportunités pour les jeunes en formation à la Réunion sur un secteur en forte croissance et en manque de main d&rsquo;oeuvre 🇷🇪.<br><br>Un grand merci au Bureau des ENTREPRISES LYCEE FRANCOIS DE MAHY et à Kevin de BERGE notre certifié HEXIS Wrap pour l&rsquo;implication et l&rsquo;engagement autour de la formation et la professionnalisation de nos jeunes 🇷🇪</strong>. »</p>



<div style="height:9px" aria-hidden="true" class="wp-block-spacer"></div>


<div class="wp-block-image">
<figure class="aligncenter size-full is-resized"><a href="https://etab.ac-reunion.fr/lyc-francois-de-mahy/wp-content/uploads/sites/61/2024/06/1-2.png"><img loading="lazy" decoding="async" width="674" height="921" src="https://etab.ac-reunion.fr/lyc-francois-de-mahy/wp-content/uploads/sites/61/2024/06/1-2.png" alt="" class="wp-image-27018" style="width:520px;height:auto" srcset="https://etab.ac-reunion.fr/lyc-francois-de-mahy/wp-content/uploads/sites/61/2024/06/1-2.png 674w, https://etab.ac-reunion.fr/lyc-francois-de-mahy/wp-content/uploads/sites/61/2024/06/1-2-220x300.png 220w" sizes="auto, (max-width: 674px) 100vw, 674px" /></a></figure>
</div>

<p>Mercredi 19 juin, HEXIS (fournisseur du lycée en fournitures d&rsquo;imprimerie) a accueilli 4 enseignants de production graphique et de carrosserie pour une formation aux produits Hexis et leur utilisation, spécifiquement au covering (technique de recouvrement de carrosseries de voitures). Vous pouvez ci-dessous lire le message de l&rsquo;entreprise. « La semaine dernière, nous HEXIS avons eu le [&hellip;]</p>
