{"id":3926,"date":"2019-02-12T12:03:42","date_gmt":"2019-02-12T08:03:42","guid":{"rendered":"http:\/\/lycee-stpierre.ac-reunion.fr\/?page_id=3926"},"modified":"2025-02-11T17:16:49","modified_gmt":"2025-02-11T13:16:49","slug":"daac","status":"publish","type":"page","link":"https:\/\/etab.ac-reunion.fr\/lyc-francois-de-mahy\/daac\/","title":{"rendered":"DAAC\/r\u00e9f\u00e9rente culture"},"content":{"rendered":"\n<div class=\"wp-block-media-text alignwide has-media-on-the-right is-stacked-on-mobile has-background\" style=\"background-color:#e5f3f1;grid-template-columns:auto 43%\"><div class=\"wp-block-media-text__content\">\n<p><\/p>\n\n\n\n<p style=\"font-size:18px\"><strong>La DAAC, <a rel=\"noreferrer noopener\" aria-label=\"d\u00e9l\u00e9gation acad\u00e9mique \u00e0 l\u2019\u00e9ducation artistique et \u00e0 l\u2019action culturelle  (s\u2019ouvre dans un nouvel onglet)\" href=\"https:\/\/www.ac-reunion.fr\/daac.html\" target=\"_blank\">d\u00e9l\u00e9gation acad\u00e9mique \u00e0 l\u2019\u00e9ducation artistique et \u00e0 l\u2019action culturelle <\/a><\/strong>met  en \u0153uvre la politique acad\u00e9mique d\u2019\u00e9ducation artistique et  culturelle&nbsp;et apporte aide et conseil \u00e0 la mise en place du&nbsp;volet  culturel du projet d\u2019\u00e9cole ou d\u2019\u00e9tablissement et \u00e0 la mise en place des  parcours d\u2019\u00e9ducation artistique et culturelle.<\/p>\n\n\n\n<p><\/p>\n\n\n\n<p style=\"font-size:18px\"><em><strong>R\u00e9f\u00e9rente cultur<\/strong><\/em><em><strong>e au lyc\u00e9e : Carole Desfete.<\/strong><\/em><\/p>\n\n\n\n<p><\/p>\n<\/div><figure class=\"wp-block-media-text__media\"><img loading=\"lazy\" decoding=\"async\" width=\"379\" height=\"493\" src=\"https:\/\/etab.ac-reunion.fr\/lyc-francois-de-mahy\/wp-content\/uploads\/sites\/61\/2019\/05\/daac-1.jpg\" alt=\"\" class=\"wp-image-5789 size-full\" srcset=\"https:\/\/etab.ac-reunion.fr\/lyc-francois-de-mahy\/wp-content\/uploads\/sites\/61\/2019\/05\/daac-1.jpg 379w, https:\/\/etab.ac-reunion.fr\/lyc-francois-de-mahy\/wp-content\/uploads\/sites\/61\/2019\/05\/daac-1-231x300.jpg 231w\" sizes=\"auto, (max-width: 379px) 100vw, 379px\" \/><\/figure><\/div>\n\n\n\n<div class=\"wp-block-media-text alignwide is-stacked-on-mobile has-background\" style=\"background-color:#c6e9ff;grid-template-columns:57% auto\"><figure class=\"wp-block-media-text__media\"><a href=\"https:\/\/www.ac-reunion.fr\/daac\/tour-daactu-la-lettre-dinformation-de-la-daac.html\" target=\"_blank\" rel=\"noopener\"><img loading=\"lazy\" decoding=\"async\" width=\"739\" height=\"230\" src=\"https:\/\/etab.ac-reunion.fr\/lyc-francois-de-mahy\/wp-content\/uploads\/sites\/61\/2019\/07\/daac5.png\" alt=\"\" class=\"wp-image-7723 size-full\" srcset=\"https:\/\/etab.ac-reunion.fr\/lyc-francois-de-mahy\/wp-content\/uploads\/sites\/61\/2019\/07\/daac5.png 739w, https:\/\/etab.ac-reunion.fr\/lyc-francois-de-mahy\/wp-content\/uploads\/sites\/61\/2019\/07\/daac5-300x93.png 300w\" sizes=\"auto, (max-width: 739px) 100vw, 739px\" \/><\/a><\/figure><div class=\"wp-block-media-text__content\">\n<div style=\"height:9px\" aria-hidden=\"true\" class=\"wp-block-spacer\"><\/div>\n\n\n\n<p style=\"font-size:17px\">Retrouvez la <strong><a rel=\"noreferrer noopener\" href=\"https:\/\/www.ac-reunion.fr\/daac\/tour-daactu-la-lettre-dinformation-de-la-daac.html\" target=\"_blank\">lettre d\u2019information<\/a><\/strong> : informations sur les appels \u00e0 candidature pour des concours, pour des PEAC, des appels \u00e0 projet&#8230;<\/p>\n<\/div><\/div>\n\n\n\n<div style=\"height:40px\" aria-hidden=\"true\" class=\"wp-block-spacer\"><\/div>\n\n\n\n<p class=\"has-text-align-center\">________________________________________________<\/p>\n\n\n\n<div style=\"height:30px\" aria-hidden=\"true\" class=\"wp-block-spacer\"><\/div>\n\n\n\n<p class=\"has-text-color has-link-color wp-elements-2d3e06ae5ebaae9394d20c538be94523\" style=\"color:#01598b;font-size:22px\">Des actions 2024-2025 : <\/p>\n\n\n\n<figure class=\"wp-block-embed is-type-wp-embed is-provider-lyc-e-professionnel-fran-ois-de-mahy-saint-pierre-la-r-union wp-block-embed-lyc-e-professionnel-fran-ois-de-mahy-saint-pierre-la-r-union\"><div class=\"wp-block-embed__wrapper\">\n<blockquote class=\"wp-embedded-content\" data-secret=\"Asa37aqyHs\"><a href=\"https:\/\/etab.ac-reunion.fr\/lyc-francois-de-mahy\/atelier-de-fabrication-de-doum-doum\/\">Un atelier de fabrication de Doum Doum\u00a0<\/a><\/blockquote><iframe loading=\"lazy\" class=\"wp-embedded-content\" sandbox=\"allow-scripts\" security=\"restricted\" style=\"position: absolute; visibility: hidden;\" title=\"\u00ab\u00a0Un atelier de fabrication de Doum Doum\u00a0\u00a0\u00bb &#8212; Lyc\u00e9e professionnel Fran\u00e7ois de Mahy, Saint-Pierre, La R\u00e9union\" src=\"https:\/\/etab.ac-reunion.fr\/lyc-francois-de-mahy\/atelier-de-fabrication-de-doum-doum\/embed\/#?secret=eZ6uPg8Jms#?secret=Asa37aqyHs\" data-secret=\"Asa37aqyHs\" width=\"600\" height=\"338\" frameborder=\"0\" marginwidth=\"0\" marginheight=\"0\" scrolling=\"no\"><\/iframe>\n<\/div><\/figure>\n\n\n\n<figure class=\"wp-block-embed is-type-wp-embed is-provider-lyc-e-professionnel-fran-ois-de-mahy-saint-pierre-la-r-union wp-block-embed-lyc-e-professionnel-fran-ois-de-mahy-saint-pierre-la-r-union\"><div class=\"wp-block-embed__wrapper\">\n<blockquote class=\"wp-embedded-content\" data-secret=\"e4QanLgvGo\"><a href=\"https:\/\/etab.ac-reunion.fr\/lyc-francois-de-mahy\/cetait-nout-zarlor-notre-tresor-reunionnais\/\">C&#8217;\u00e9tait &#8220;Nout zarlor&#8221;, notre tr\u00e9sor r\u00e9unionnais<\/a><\/blockquote><iframe loading=\"lazy\" class=\"wp-embedded-content\" sandbox=\"allow-scripts\" security=\"restricted\" style=\"position: absolute; visibility: hidden;\" title=\"\u00ab\u00a0C&#8217;\u00e9tait &#8220;Nout zarlor&#8221;, notre tr\u00e9sor r\u00e9unionnais\u00a0\u00bb &#8212; Lyc\u00e9e professionnel Fran\u00e7ois de Mahy, Saint-Pierre, La R\u00e9union\" src=\"https:\/\/etab.ac-reunion.fr\/lyc-francois-de-mahy\/cetait-nout-zarlor-notre-tresor-reunionnais\/embed\/#?secret=1z0grT7kR4#?secret=e4QanLgvGo\" data-secret=\"e4QanLgvGo\" width=\"600\" height=\"338\" frameborder=\"0\" marginwidth=\"0\" marginheight=\"0\" scrolling=\"no\"><\/iframe>\n<\/div><\/figure>\n\n\n\n<figure class=\"wp-block-embed is-type-wp-embed is-provider-lyc-e-professionnel-fran-ois-de-mahy-saint-pierre-la-r-union wp-block-embed-lyc-e-professionnel-fran-ois-de-mahy-saint-pierre-la-r-union\"><div class=\"wp-block-embed__wrapper\">\n<blockquote class=\"wp-embedded-content\" data-secret=\"iENyA19lG8\"><a href=\"https:\/\/etab.ac-reunion.fr\/lyc-francois-de-mahy\/des-couleurs-pour-nout-zarlor-le-10-decembre\/\">Des couleurs pour &#8220;Nout zarlor&#8221; le 10 d\u00e9cembre<\/a><\/blockquote><iframe loading=\"lazy\" class=\"wp-embedded-content\" sandbox=\"allow-scripts\" security=\"restricted\" style=\"position: absolute; visibility: hidden;\" title=\"\u00ab\u00a0Des couleurs pour &#8220;Nout zarlor&#8221; le 10 d\u00e9cembre\u00a0\u00bb &#8212; Lyc\u00e9e professionnel Fran\u00e7ois de Mahy, Saint-Pierre, La R\u00e9union\" src=\"https:\/\/etab.ac-reunion.fr\/lyc-francois-de-mahy\/des-couleurs-pour-nout-zarlor-le-10-decembre\/embed\/#?secret=lH13mlQqm5#?secret=iENyA19lG8\" data-secret=\"iENyA19lG8\" width=\"600\" height=\"338\" frameborder=\"0\" marginwidth=\"0\" marginheight=\"0\" scrolling=\"no\"><\/iframe>\n<\/div><\/figure>\n\n\n\n<figure class=\"wp-block-embed is-type-wp-embed is-provider-lyc-e-professionnel-fran-ois-de-mahy-saint-pierre-la-r-union wp-block-embed-lyc-e-professionnel-fran-ois-de-mahy-saint-pierre-la-r-union\"><div class=\"wp-block-embed__wrapper\">\n<blockquote class=\"wp-embedded-content\" data-secret=\"EqV4BHFlTr\"><a href=\"https:\/\/etab.ac-reunion.fr\/lyc-francois-de-mahy\/sur-les-traces-de-louise-et-jouan-esclaves-marrons-a-bourbon\/\">Sur les traces de Louise et Jouan, esclaves marrons \u00e0 Bourbon<\/a><\/blockquote><iframe loading=\"lazy\" class=\"wp-embedded-content\" sandbox=\"allow-scripts\" security=\"restricted\" style=\"position: absolute; visibility: hidden;\" title=\"\u00ab\u00a0Sur les traces de Louise et Jouan, esclaves marrons \u00e0 Bourbon\u00a0\u00bb &#8212; Lyc\u00e9e professionnel Fran\u00e7ois de Mahy, Saint-Pierre, La R\u00e9union\" src=\"https:\/\/etab.ac-reunion.fr\/lyc-francois-de-mahy\/sur-les-traces-de-louise-et-jouan-esclaves-marrons-a-bourbon\/embed\/#?secret=5g14oQzn6i#?secret=EqV4BHFlTr\" data-secret=\"EqV4BHFlTr\" width=\"600\" height=\"338\" frameborder=\"0\" marginwidth=\"0\" marginheight=\"0\" scrolling=\"no\"><\/iframe>\n<\/div><\/figure>\n\n\n\n<figure class=\"wp-block-embed is-type-wp-embed is-provider-lyc-e-professionnel-fran-ois-de-mahy-saint-pierre-la-r-union wp-block-embed-lyc-e-professionnel-fran-ois-de-mahy-saint-pierre-la-r-union\"><div class=\"wp-block-embed__wrapper\">\n<blockquote class=\"wp-embedded-content\" data-secret=\"imv02dcMx6\"><a href=\"https:\/\/etab.ac-reunion.fr\/lyc-francois-de-mahy\/la-journee-de-la-laicite-dans-notre-lycee-le-lundi-9-decembre\/\">La Journ\u00e9e de la la\u00efcit\u00e9, le lundi 9 d\u00e9cembre<\/a><\/blockquote><iframe loading=\"lazy\" class=\"wp-embedded-content\" sandbox=\"allow-scripts\" security=\"restricted\" style=\"position: absolute; visibility: hidden;\" title=\"\u00ab\u00a0La Journ\u00e9e de la la\u00efcit\u00e9, le lundi 9 d\u00e9cembre\u00a0\u00bb &#8212; Lyc\u00e9e professionnel Fran\u00e7ois de Mahy, Saint-Pierre, La R\u00e9union\" src=\"https:\/\/etab.ac-reunion.fr\/lyc-francois-de-mahy\/la-journee-de-la-laicite-dans-notre-lycee-le-lundi-9-decembre\/embed\/#?secret=tNpebN5VsZ#?secret=imv02dcMx6\" data-secret=\"imv02dcMx6\" width=\"600\" height=\"338\" frameborder=\"0\" marginwidth=\"0\" marginheight=\"0\" scrolling=\"no\"><\/iframe>\n<\/div><\/figure>\n\n\n\n<figure class=\"wp-block-embed is-type-wp-embed is-provider-lyc-e-professionnel-fran-ois-de-mahy-saint-pierre-la-r-union wp-block-embed-lyc-e-professionnel-fran-ois-de-mahy-saint-pierre-la-r-union\"><div class=\"wp-block-embed__wrapper\">\n<blockquote class=\"wp-embedded-content\" data-secret=\"V2NOqG5BG6\"><a href=\"https:\/\/etab.ac-reunion.fr\/lyc-francois-de-mahy\/une-journee-halloween-autour-de-grand-mere-kal-et-le-grand-diable-a-la-mediatheque-de-grand-bois\/\">Halloween, Grand-m\u00e8re Kal et le Grand-Diable \u00e0 la m\u00e9diath\u00e8que de Grand Bois<\/a><\/blockquote><iframe loading=\"lazy\" class=\"wp-embedded-content\" sandbox=\"allow-scripts\" security=\"restricted\" style=\"position: absolute; visibility: hidden;\" title=\"\u00ab\u00a0Halloween, Grand-m\u00e8re Kal et le Grand-Diable \u00e0 la m\u00e9diath\u00e8que de Grand Bois\u00a0\u00bb &#8212; Lyc\u00e9e professionnel Fran\u00e7ois de Mahy, Saint-Pierre, La R\u00e9union\" src=\"https:\/\/etab.ac-reunion.fr\/lyc-francois-de-mahy\/une-journee-halloween-autour-de-grand-mere-kal-et-le-grand-diable-a-la-mediatheque-de-grand-bois\/embed\/#?secret=yTi9j98ZLT#?secret=V2NOqG5BG6\" data-secret=\"V2NOqG5BG6\" width=\"600\" height=\"338\" frameborder=\"0\" marginwidth=\"0\" marginheight=\"0\" scrolling=\"no\"><\/iframe>\n<\/div><\/figure>\n\n\n\n<figure class=\"wp-block-embed is-type-wp-embed is-provider-lyc-e-professionnel-fran-ois-de-mahy-saint-pierre-la-r-union wp-block-embed-lyc-e-professionnel-fran-ois-de-mahy-saint-pierre-la-r-union\"><div class=\"wp-block-embed__wrapper\">\n<blockquote class=\"wp-embedded-content\" data-secret=\"wGbRdFa6mF\"><a href=\"https:\/\/etab.ac-reunion.fr\/lyc-francois-de-mahy\/nout-zarlor-au-lycee-francois-de-mahy-le-10-decembre\/\">&#8220;NOUT ZARLOR&#8221; au lyc\u00e9e Fran\u00e7ois de Mahy le 10 d\u00e9cembre<\/a><\/blockquote><iframe loading=\"lazy\" class=\"wp-embedded-content\" sandbox=\"allow-scripts\" security=\"restricted\" style=\"position: absolute; visibility: hidden;\" title=\"\u00ab\u00a0&#8220;NOUT ZARLOR&#8221; au lyc\u00e9e Fran\u00e7ois de Mahy le 10 d\u00e9cembre\u00a0\u00bb &#8212; Lyc\u00e9e professionnel Fran\u00e7ois de Mahy, Saint-Pierre, La R\u00e9union\" src=\"https:\/\/etab.ac-reunion.fr\/lyc-francois-de-mahy\/nout-zarlor-au-lycee-francois-de-mahy-le-10-decembre\/embed\/#?secret=AWRayn4ZyN#?secret=wGbRdFa6mF\" data-secret=\"wGbRdFa6mF\" width=\"600\" height=\"338\" frameborder=\"0\" marginwidth=\"0\" marginheight=\"0\" scrolling=\"no\"><\/iframe>\n<\/div><\/figure>\n","protected":false},"excerpt":{"rendered":"<p>La DAAC, d\u00e9l\u00e9gation acad\u00e9mique \u00e0 l\u2019\u00e9ducation artistique et \u00e0 l\u2019action culturelle met en \u0153uvre la politique acad\u00e9mique d\u2019\u00e9ducation artistique et culturelle&nbsp;et apporte aide et conseil \u00e0 la mise en place du&nbsp;volet culturel du projet d\u2019\u00e9cole ou d\u2019\u00e9tablissement et \u00e0 la mise en place des parcours d\u2019\u00e9ducation artistique et culturelle. R\u00e9f\u00e9rente culture au lyc\u00e9e : Carole [&hellip;]<\/p>\n","protected":false},"author":969,"featured_media":6692,"parent":0,"menu_order":0,"comment_status":"closed","ping_status":"closed","template":"","meta":{"footnotes":""},"class_list":["post-3926","page","type-page","status-publish","has-post-thumbnail","hentry"],"_links":{"self":[{"href":"https:\/\/etab.ac-reunion.fr\/lyc-francois-de-mahy\/wp-json\/wp\/v2\/pages\/3926","targetHints":{"allow":["GET"]}}],"collection":[{"href":"https:\/\/etab.ac-reunion.fr\/lyc-francois-de-mahy\/wp-json\/wp\/v2\/pages"}],"about":[{"href":"https:\/\/etab.ac-reunion.fr\/lyc-francois-de-mahy\/wp-json\/wp\/v2\/types\/page"}],"author":[{"embeddable":true,"href":"https:\/\/etab.ac-reunion.fr\/lyc-francois-de-mahy\/wp-json\/wp\/v2\/users\/969"}],"replies":[{"embeddable":true,"href":"https:\/\/etab.ac-reunion.fr\/lyc-francois-de-mahy\/wp-json\/wp\/v2\/comments?post=3926"}],"version-history":[{"count":186,"href":"https:\/\/etab.ac-reunion.fr\/lyc-francois-de-mahy\/wp-json\/wp\/v2\/pages\/3926\/revisions"}],"predecessor-version":[{"id":28755,"href":"https:\/\/etab.ac-reunion.fr\/lyc-francois-de-mahy\/wp-json\/wp\/v2\/pages\/3926\/revisions\/28755"}],"wp:featuredmedia":[{"embeddable":true,"href":"https:\/\/etab.ac-reunion.fr\/lyc-francois-de-mahy\/wp-json\/wp\/v2\/media\/6692"}],"wp:attachment":[{"href":"https:\/\/etab.ac-reunion.fr\/lyc-francois-de-mahy\/wp-json\/wp\/v2\/media?parent=3926"}],"curies":[{"name":"wp","href":"https:\/\/api.w.org\/{rel}","templated":true}]}}