{"id":3929,"date":"2019-02-12T12:06:02","date_gmt":"2019-02-12T08:06:02","guid":{"rendered":"http:\/\/lycee-stpierre.ac-reunion.fr\/?page_id=3929"},"modified":"2025-10-10T17:45:19","modified_gmt":"2025-10-10T13:45:19","slug":"education-au-developpement-durable","status":"publish","type":"page","link":"https:\/\/etab.ac-reunion.fr\/lyc-francois-de-mahy\/education-au-developpement-durable\/","title":{"rendered":"EDD, \u00c9ducation au D\u00e9veloppement Durable"},"content":{"rendered":"\n<p style=\"font-size:17px\">Notre \u00e9tablissement est en D\u00e9marche de D\u00e9veloppement Durable. Le d\u00e9veloppement durable r\u00e9pond aux besoins des g\u00e9n\u00e9rations actuelles sans compromettre la capacit\u00e9 des g\u00e9n\u00e9rations futures \u00e0 r\u00e9pondre \u00e0 leurs propres besoins. <\/p>\n\n\n\n<p style=\"font-size:17px\"><strong>Notre lyc\u00e9e a obtenu le label E3D Niveau Expert.<\/strong><\/p>\n\n\n\n<div style=\"height:10px\" aria-hidden=\"true\" class=\"wp-block-spacer\"><\/div>\n\n\n\n<div class=\"wp-block-media-text alignwide is-stacked-on-mobile has-background\" style=\"background-color:#bbeffc;grid-template-columns:51% auto\"><figure class=\"wp-block-media-text__media\"><img loading=\"lazy\" decoding=\"async\" width=\"551\" height=\"426\" src=\"https:\/\/etab.ac-reunion.fr\/lyc-francois-de-mahy\/wp-content\/uploads\/sites\/61\/2022\/09\/17Objectifs-EDD.png\" alt=\"\" class=\"wp-image-20278 size-full\" srcset=\"https:\/\/etab.ac-reunion.fr\/lyc-francois-de-mahy\/wp-content\/uploads\/sites\/61\/2022\/09\/17Objectifs-EDD.png 551w, https:\/\/etab.ac-reunion.fr\/lyc-francois-de-mahy\/wp-content\/uploads\/sites\/61\/2022\/09\/17Objectifs-EDD-300x232.png 300w\" sizes=\"auto, (max-width: 551px) 100vw, 551px\" \/><\/figure><div class=\"wp-block-media-text__content\">\n<p style=\"font-size:17px\">Notre lyc\u00e9e organise r\u00e9guli\u00e8rement des actions qui s&rsquo;appuient sur les objectifs du d\u00e9veloppement durable. <\/p>\n<\/div><\/div>\n\n\n\n<div style=\"height:20px\" aria-hidden=\"true\" class=\"wp-block-spacer\"><\/div>\n\n\n\n<p class=\"has-text-align-center\" style=\"font-size:17px\"><strong><em>R\u00e9f\u00e9rente EDD de notre lyc\u00e9e : Isabelle Salerno.<\/em><\/strong><\/p>\n\n\n\n<div style=\"height:20px\" aria-hidden=\"true\" class=\"wp-block-spacer\"><\/div>\n\n\n\n<hr class=\"wp-block-separator has-alpha-channel-opacity is-style-dots\" \/>\n\n\n\n<p style=\"font-size:17px\"><strong>Lien vers la page acad\u00e9mique EDD et la lettre Sempervirente<\/strong>.<strong> Ouvrez gr\u00e2ce \u00e0 l&rsquo;image :<\/strong><\/p>\n\n\n\n<figure class=\"wp-block-image size-large\"><a href=\"https:\/\/pedagogie.ac-reunion.fr\/edd\/ledd-dans-lacademie.html\" target=\"_blank\" rel=\"noreferrer noopener\"><img loading=\"lazy\" decoding=\"async\" width=\"1024\" height=\"185\" src=\"https:\/\/etab.ac-reunion.fr\/lyc-francois-de-mahy\/wp-content\/uploads\/sites\/61\/2023\/06\/lien-1024x185.png\" alt=\"\" class=\"wp-image-23606\" srcset=\"https:\/\/etab.ac-reunion.fr\/lyc-francois-de-mahy\/wp-content\/uploads\/sites\/61\/2023\/06\/lien-1024x185.png 1024w, https:\/\/etab.ac-reunion.fr\/lyc-francois-de-mahy\/wp-content\/uploads\/sites\/61\/2023\/06\/lien-300x54.png 300w, https:\/\/etab.ac-reunion.fr\/lyc-francois-de-mahy\/wp-content\/uploads\/sites\/61\/2023\/06\/lien-768x139.png 768w, https:\/\/etab.ac-reunion.fr\/lyc-francois-de-mahy\/wp-content\/uploads\/sites\/61\/2023\/06\/lien.png 1503w\" sizes=\"auto, (max-width: 1024px) 100vw, 1024px\" \/><\/a><\/figure>\n\n\n\n<hr class=\"wp-block-separator has-alpha-channel-opacity is-style-dots\" \/>\n\n\n\n<div style=\"height:30px\" aria-hidden=\"true\" class=\"wp-block-spacer\"><\/div>\n\n\n\n<p class=\"has-text-align-left has-text-color has-medium-font-size\" style=\"color:#09925f\">Des actions men\u00e9es dans notre lyc\u00e9e :<\/p>\n\n\n\n<div style=\"height:13px\" aria-hidden=\"true\" class=\"wp-block-spacer\"><\/div>\n\n\n\n<p class=\"has-text-align-left has-text-color has-link-color has-medium-font-size wp-elements-b5ed298683a8c8a8c944c382f10163c8\" style=\"color:#016dab\">2024-2025 :<\/p>\n\n\n\n<figure class=\"wp-block-embed is-type-wp-embed is-provider-lyc-e-professionnel-fran-ois-de-mahy-saint-pierre-la-r-union wp-block-embed-lyc-e-professionnel-fran-ois-de-mahy-saint-pierre-la-r-union\"><div class=\"wp-block-embed__wrapper\">\n<blockquote class=\"wp-embedded-content\" data-secret=\"AobIgi0qsS\"><a href=\"https:\/\/etab.ac-reunion.fr\/lyc-francois-de-mahy\/andemik-974-herbier-de-plantes-rares-du-lycee-professionnel-francois-de-mahy\/\">And\u00e9mik 974, l&rsquo;herbier de plantes rares du Lyc\u00e9e Professionnel Fran\u00e7ois de Mahy<\/a><\/blockquote><iframe loading=\"lazy\" class=\"wp-embedded-content\" sandbox=\"allow-scripts\" security=\"restricted\" style=\"position: absolute; visibility: hidden;\" title=\"\u00ab\u00a0And\u00e9mik 974, l&rsquo;herbier de plantes rares du Lyc\u00e9e Professionnel Fran\u00e7ois de Mahy\u00a0\u00bb &#8212; Lyc\u00e9e professionnel Fran\u00e7ois de Mahy, Saint-Pierre, La R\u00e9union\" src=\"https:\/\/etab.ac-reunion.fr\/lyc-francois-de-mahy\/andemik-974-herbier-de-plantes-rares-du-lycee-professionnel-francois-de-mahy\/embed\/#?secret=qdO7T6ehYx#?secret=AobIgi0qsS\" data-secret=\"AobIgi0qsS\" width=\"600\" height=\"338\" frameborder=\"0\" marginwidth=\"0\" marginheight=\"0\" scrolling=\"no\"><\/iframe>\n<\/div><\/figure>\n\n\n\n<figure class=\"wp-block-embed is-type-wp-embed is-provider-lyc-e-professionnel-fran-ois-de-mahy-saint-pierre-la-r-union wp-block-embed-lyc-e-professionnel-fran-ois-de-mahy-saint-pierre-la-r-union\"><div class=\"wp-block-embed__wrapper\">\n<blockquote class=\"wp-embedded-content\" data-secret=\"d4ksnQRdVB\"><a href=\"https:\/\/etab.ac-reunion.fr\/lyc-francois-de-mahy\/le-lycee-francois-de-mahy-celebre-la-journee-de-la-biodiversite-et-du-developpement-durable\/\">Notre lyc\u00e9e c\u00e9l\u00e8bre la Journ\u00e9e de la biodiversit\u00e9 et du d\u00e9veloppement durable !<\/a><\/blockquote><iframe loading=\"lazy\" class=\"wp-embedded-content\" sandbox=\"allow-scripts\" security=\"restricted\" style=\"position: absolute; visibility: hidden;\" title=\"\u00ab\u00a0Notre lyc\u00e9e c\u00e9l\u00e8bre la Journ\u00e9e de la biodiversit\u00e9 et du d\u00e9veloppement durable !\u00a0\u00bb &#8212; Lyc\u00e9e professionnel Fran\u00e7ois de Mahy, Saint-Pierre, La R\u00e9union\" src=\"https:\/\/etab.ac-reunion.fr\/lyc-francois-de-mahy\/le-lycee-francois-de-mahy-celebre-la-journee-de-la-biodiversite-et-du-developpement-durable\/embed\/#?secret=shXlPn2rb2#?secret=d4ksnQRdVB\" data-secret=\"d4ksnQRdVB\" width=\"600\" height=\"338\" frameborder=\"0\" marginwidth=\"0\" marginheight=\"0\" scrolling=\"no\"><\/iframe>\n<\/div><\/figure>\n\n\n\n<figure class=\"wp-block-embed is-type-wp-embed is-provider-lyc-e-professionnel-fran-ois-de-mahy-saint-pierre-la-r-union wp-block-embed-lyc-e-professionnel-fran-ois-de-mahy-saint-pierre-la-r-union\"><div class=\"wp-block-embed__wrapper\">\n<blockquote class=\"wp-embedded-content\" data-secret=\"P6i9I4V3zH\"><a href=\"https:\/\/etab.ac-reunion.fr\/lyc-francois-de-mahy\/journee-de-la-biodiversite-le-24-avril-au-lycee\/\">Journ\u00e9e de la Biodiversit\u00e9 le 24 avril au lyc\u00e9e<\/a><\/blockquote><iframe loading=\"lazy\" class=\"wp-embedded-content\" sandbox=\"allow-scripts\" security=\"restricted\" style=\"position: absolute; visibility: hidden;\" title=\"\u00ab\u00a0Journ\u00e9e de la Biodiversit\u00e9 le 24 avril au lyc\u00e9e\u00a0\u00bb &#8212; Lyc\u00e9e professionnel Fran\u00e7ois de Mahy, Saint-Pierre, La R\u00e9union\" src=\"https:\/\/etab.ac-reunion.fr\/lyc-francois-de-mahy\/journee-de-la-biodiversite-le-24-avril-au-lycee\/embed\/#?secret=D9vJdW8Hc6#?secret=P6i9I4V3zH\" data-secret=\"P6i9I4V3zH\" width=\"600\" height=\"338\" frameborder=\"0\" marginwidth=\"0\" marginheight=\"0\" scrolling=\"no\"><\/iframe>\n<\/div><\/figure>\n\n\n\n<figure class=\"wp-block-embed is-type-wp-embed is-provider-lyc-e-professionnel-fran-ois-de-mahy-saint-pierre-la-r-union wp-block-embed-lyc-e-professionnel-fran-ois-de-mahy-saint-pierre-la-r-union\"><div class=\"wp-block-embed__wrapper\">\n<blockquote class=\"wp-embedded-content\" data-secret=\"A8ZIwOEirp\"><a href=\"https:\/\/etab.ac-reunion.fr\/lyc-francois-de-mahy\/sortie-pedagogique-en-foret-a-la-decouverte-des-plantes-envahissantes\/\">Sortie p\u00e9dagogique en for\u00eat : \u00e0 la d\u00e9couverte des plantes envahissantes<\/a><\/blockquote><iframe loading=\"lazy\" class=\"wp-embedded-content\" sandbox=\"allow-scripts\" security=\"restricted\" style=\"position: absolute; visibility: hidden;\" title=\"\u00ab\u00a0Sortie p\u00e9dagogique en for\u00eat : \u00e0 la d\u00e9couverte des plantes envahissantes\u00a0\u00bb &#8212; Lyc\u00e9e professionnel Fran\u00e7ois de Mahy, Saint-Pierre, La R\u00e9union\" src=\"https:\/\/etab.ac-reunion.fr\/lyc-francois-de-mahy\/sortie-pedagogique-en-foret-a-la-decouverte-des-plantes-envahissantes\/embed\/#?secret=bWsKlxuIOa#?secret=A8ZIwOEirp\" data-secret=\"A8ZIwOEirp\" width=\"600\" height=\"338\" frameborder=\"0\" marginwidth=\"0\" marginheight=\"0\" scrolling=\"no\"><\/iframe>\n<\/div><\/figure>\n\n\n\n<figure class=\"wp-block-embed is-type-wp-embed is-provider-lyc-e-professionnel-fran-ois-de-mahy-saint-pierre-la-r-union wp-block-embed-lyc-e-professionnel-fran-ois-de-mahy-saint-pierre-la-r-union\"><div class=\"wp-block-embed__wrapper\">\n<blockquote class=\"wp-embedded-content\" data-secret=\"eTZhsTYtGY\"><a href=\"https:\/\/etab.ac-reunion.fr\/lyc-francois-de-mahy\/la-civis-organise-des-actions-de-sensibilisation-aux-ecogestes-pour-les-eco-delegues\/\">La CIVIS organise des actions de sensibilisation aux \u00e9cogestes<\/a><\/blockquote><iframe loading=\"lazy\" class=\"wp-embedded-content\" sandbox=\"allow-scripts\" security=\"restricted\" style=\"position: absolute; visibility: hidden;\" title=\"\u00ab\u00a0La CIVIS organise des actions de sensibilisation aux \u00e9cogestes\u00a0\u00bb &#8212; Lyc\u00e9e professionnel Fran\u00e7ois de Mahy, Saint-Pierre, La R\u00e9union\" src=\"https:\/\/etab.ac-reunion.fr\/lyc-francois-de-mahy\/la-civis-organise-des-actions-de-sensibilisation-aux-ecogestes-pour-les-eco-delegues\/embed\/#?secret=8Q7nxgKAcx#?secret=eTZhsTYtGY\" data-secret=\"eTZhsTYtGY\" width=\"600\" height=\"338\" frameborder=\"0\" marginwidth=\"0\" marginheight=\"0\" scrolling=\"no\"><\/iframe>\n<\/div><\/figure>\n\n\n\n<figure class=\"wp-block-embed is-type-wp-embed is-provider-lyc-e-professionnel-fran-ois-de-mahy-saint-pierre-la-r-union wp-block-embed-lyc-e-professionnel-fran-ois-de-mahy-saint-pierre-la-r-union\"><div class=\"wp-block-embed__wrapper\">\n<blockquote class=\"wp-embedded-content\" data-secret=\"cNVCX72kpx\"><a href=\"https:\/\/etab.ac-reunion.fr\/lyc-francois-de-mahy\/27909-2\/\">Vente \u00e9ph\u00e9m\u00e8re de plantes et de pots de fleurs le 10 d\u00e9cembre<\/a><\/blockquote><iframe loading=\"lazy\" class=\"wp-embedded-content\" sandbox=\"allow-scripts\" security=\"restricted\" style=\"position: absolute; visibility: hidden;\" title=\"\u00ab\u00a0Vente \u00e9ph\u00e9m\u00e8re de plantes et de pots de fleurs le 10 d\u00e9cembre\u00a0\u00bb &#8212; Lyc\u00e9e professionnel Fran\u00e7ois de Mahy, Saint-Pierre, La R\u00e9union\" src=\"https:\/\/etab.ac-reunion.fr\/lyc-francois-de-mahy\/27909-2\/embed\/#?secret=VdXUqgql4K#?secret=cNVCX72kpx\" data-secret=\"cNVCX72kpx\" width=\"600\" height=\"338\" frameborder=\"0\" marginwidth=\"0\" marginheight=\"0\" scrolling=\"no\"><\/iframe>\n<\/div><\/figure>\n\n\n\n<figure class=\"wp-block-embed is-type-wp-embed is-provider-lyc-e-professionnel-fran-ois-de-mahy-saint-pierre-la-r-union wp-block-embed-lyc-e-professionnel-fran-ois-de-mahy-saint-pierre-la-r-union\"><div class=\"wp-block-embed__wrapper\">\n<blockquote class=\"wp-embedded-content\" data-secret=\"i6zcszQeat\"><a href=\"https:\/\/etab.ac-reunion.fr\/lyc-francois-de-mahy\/l-operation-plastique-a-loupe-pal\/\">L&rsquo; Op\u00e9ration Plastique \u00e0 la Loupe ( PAL )<\/a><\/blockquote><iframe loading=\"lazy\" class=\"wp-embedded-content\" sandbox=\"allow-scripts\" security=\"restricted\" style=\"position: absolute; visibility: hidden;\" title=\"\u00ab\u00a0L&rsquo; Op\u00e9ration Plastique \u00e0 la Loupe ( PAL )\u00a0\u00bb &#8212; Lyc\u00e9e professionnel Fran\u00e7ois de Mahy, Saint-Pierre, La R\u00e9union\" src=\"https:\/\/etab.ac-reunion.fr\/lyc-francois-de-mahy\/l-operation-plastique-a-loupe-pal\/embed\/#?secret=DowE0i0xpO#?secret=i6zcszQeat\" data-secret=\"i6zcszQeat\" width=\"600\" height=\"338\" frameborder=\"0\" marginwidth=\"0\" marginheight=\"0\" scrolling=\"no\"><\/iframe>\n<\/div><\/figure>\n\n\n\n<figure class=\"wp-block-embed is-type-wp-embed is-provider-lyc-e-professionnel-fran-ois-de-mahy-saint-pierre-la-r-union wp-block-embed-lyc-e-professionnel-fran-ois-de-mahy-saint-pierre-la-r-union\"><div class=\"wp-block-embed__wrapper\">\n<blockquote class=\"wp-embedded-content\" data-secret=\"SLudYCqRZH\"><a href=\"https:\/\/etab.ac-reunion.fr\/lyc-francois-de-mahy\/chef-doeuvre-des-tpag2-2023-2024-et-amenagement-dun-jardin-exotique-le-21-aout-2024\/\">Chef-d\u2019\u0153uvre  des TPAG2 2023-2024 et Am\u00e9nagement d&rsquo;un jardin exotique le 21 ao\u00fbt 2024<\/a><\/blockquote><iframe loading=\"lazy\" class=\"wp-embedded-content\" sandbox=\"allow-scripts\" security=\"restricted\" style=\"position: absolute; visibility: hidden;\" title=\"\u00ab\u00a0Chef-d\u2019\u0153uvre  des TPAG2 2023-2024 et Am\u00e9nagement d&rsquo;un jardin exotique le 21 ao\u00fbt 2024\u00a0\u00bb &#8212; Lyc\u00e9e professionnel Fran\u00e7ois de Mahy, Saint-Pierre, La R\u00e9union\" src=\"https:\/\/etab.ac-reunion.fr\/lyc-francois-de-mahy\/chef-doeuvre-des-tpag2-2023-2024-et-amenagement-dun-jardin-exotique-le-21-aout-2024\/embed\/#?secret=jjAScOgo5c#?secret=SLudYCqRZH\" data-secret=\"SLudYCqRZH\" width=\"600\" height=\"338\" frameborder=\"0\" marginwidth=\"0\" marginheight=\"0\" scrolling=\"no\"><\/iframe>\n<\/div><\/figure>\n\n\n\n<p><\/p>\n","protected":false},"excerpt":{"rendered":"<p>Notre \u00e9tablissement est en D\u00e9marche de D\u00e9veloppement Durable. Le d\u00e9veloppement durable r\u00e9pond aux besoins des g\u00e9n\u00e9rations actuelles sans compromettre la capacit\u00e9 des g\u00e9n\u00e9rations futures \u00e0 r\u00e9pondre \u00e0 leurs propres besoins. Notre lyc\u00e9e a obtenu le label E3D Niveau Expert. Notre lyc\u00e9e organise r\u00e9guli\u00e8rement des actions qui s&rsquo;appuient sur les objectifs du d\u00e9veloppement durable. R\u00e9f\u00e9rente EDD [&hellip;]<\/p>\n","protected":false},"author":969,"featured_media":20272,"parent":0,"menu_order":0,"comment_status":"closed","ping_status":"closed","template":"","meta":{"footnotes":""},"class_list":["post-3929","page","type-page","status-publish","has-post-thumbnail","hentry"],"_links":{"self":[{"href":"https:\/\/etab.ac-reunion.fr\/lyc-francois-de-mahy\/wp-json\/wp\/v2\/pages\/3929","targetHints":{"allow":["GET"]}}],"collection":[{"href":"https:\/\/etab.ac-reunion.fr\/lyc-francois-de-mahy\/wp-json\/wp\/v2\/pages"}],"about":[{"href":"https:\/\/etab.ac-reunion.fr\/lyc-francois-de-mahy\/wp-json\/wp\/v2\/types\/page"}],"author":[{"embeddable":true,"href":"https:\/\/etab.ac-reunion.fr\/lyc-francois-de-mahy\/wp-json\/wp\/v2\/users\/969"}],"replies":[{"embeddable":true,"href":"https:\/\/etab.ac-reunion.fr\/lyc-francois-de-mahy\/wp-json\/wp\/v2\/comments?post=3929"}],"version-history":[{"count":287,"href":"https:\/\/etab.ac-reunion.fr\/lyc-francois-de-mahy\/wp-json\/wp\/v2\/pages\/3929\/revisions"}],"predecessor-version":[{"id":30766,"href":"https:\/\/etab.ac-reunion.fr\/lyc-francois-de-mahy\/wp-json\/wp\/v2\/pages\/3929\/revisions\/30766"}],"wp:featuredmedia":[{"embeddable":true,"href":"https:\/\/etab.ac-reunion.fr\/lyc-francois-de-mahy\/wp-json\/wp\/v2\/media\/20272"}],"wp:attachment":[{"href":"https:\/\/etab.ac-reunion.fr\/lyc-francois-de-mahy\/wp-json\/wp\/v2\/media?parent=3929"}],"curies":[{"name":"wp","href":"https:\/\/api.w.org\/{rel}","templated":true}]}}