{"id":121,"date":"2014-06-26T12:54:44","date_gmt":"2014-06-26T08:54:44","guid":{"rendered":"http:\/\/lycee-stella-tmp.ac-reunion.fr\/?page_id=121"},"modified":"2025-09-23T11:54:19","modified_gmt":"2025-09-23T07:54:19","slug":"contacts","status":"publish","type":"page","link":"https:\/\/etab.ac-reunion.fr\/lyc-gerard-etheve\/contacts\/","title":{"rendered":"Contacts"},"content":{"rendered":"\n<h2 class=\"wp-block-heading\">JOINDRE UN SERVICE<\/h2>\n\n\n\n<div class=\"wp-block-columns is-layout-flex wp-container-core-columns-is-layout-9d6595d7 wp-block-columns-is-layout-flex\">\n<div class=\"wp-block-column is-layout-flow wp-block-column-is-layout-flow\">\n<p><strong>ADRESSE POSTALE<\/strong><\/p>\n\n\n\n<blockquote class=\"wp-block-quote is-layout-flow wp-block-quote-is-layout-flow\">\n<p><strong>LYC\u00c9E G\u00c9RARD ETH\u00c8VE (EX LYC\u00c9E STELLA)<\/strong><br>CD 11<br>BP 17<br>97424 PITON SAINT-LEU<\/p>\n<\/blockquote>\n<\/div>\n\n\n\n<div class=\"wp-block-column is-layout-flow wp-block-column-is-layout-flow\">\n<p><strong>HORAIRES G\u00c9N\u00c9RAUX DU LYC\u00c9E<\/strong><\/p>\n\n\n\n<blockquote class=\"wp-block-quote is-layout-flow wp-block-quote-is-layout-flow\">\n<p><strong>7h00-12h00 <\/strong>: du lundi au samedi<br><strong>12h00-17h30 <\/strong>: sauf mercredi et samedi<\/p>\n<cite>Les horaires peuvent varier selon l<em>es services<\/em>.<\/cite><\/blockquote>\n<\/div>\n<\/div>\n\n\n\n<div class=\"wp-block-columns is-layout-flex wp-container-core-columns-is-layout-9d6595d7 wp-block-columns-is-layout-flex\">\n<div class=\"wp-block-column is-layout-flow wp-block-column-is-layout-flow\">\n<p><strong><strong>ACCUEIL<\/strong><\/strong><\/p>\n\n\n\n<blockquote class=\"wp-block-quote is-layout-flow wp-block-quote-is-layout-flow\">\n<p><strong>T\u00e9l\u00e9phone<\/strong> : 02 62 34 20 20<br><em><strong>Mail<\/strong> : <\/em><a href=\"mailto:ce.9741052a@ac-reunion.fr\"><\/a><a href=\"mailto:ce.9741052a@ac-reunion.fr\">ce.9741052a@ac-reunion.fr<\/a><\/p>\n<\/blockquote>\n<\/div>\n\n\n\n<div class=\"wp-block-column is-layout-flow wp-block-column-is-layout-flow\">\n<p><strong><strong>VIE SCOLAIRE<\/strong><\/strong><\/p>\n\n\n\n<blockquote class=\"wp-block-quote is-layout-flow wp-block-quote-is-layout-flow\">\n<p><strong>CPE : Mme MEYER et M. MELCHIOR<\/strong><\/p>\n\n\n\n<p><strong>T\u00e9l\u00e9phone 1 <\/strong>: 02 62 34 20 21&nbsp;<br><strong>T\u00e9l\u00e9phone 2<\/strong> : 02 62 34 60 55<\/p>\n<\/blockquote>\n<\/div>\n<\/div>\n\n\n\n<div class=\"wp-block-columns is-layout-flex wp-container-core-columns-is-layout-9d6595d7 wp-block-columns-is-layout-flex\">\n<div class=\"wp-block-column is-layout-flow wp-block-column-is-layout-flow\">\n<p><strong>ADMINISTRATION<\/strong><\/p>\n\n\n\n<blockquote class=\"wp-block-quote is-layout-flow wp-block-quote-is-layout-flow\">\n<p>Proviseur : <strong>M. ARTHEMISE<\/strong><br>Proviseure adjointe<strong> : Mme NARALINGOM<\/strong><br><br>Secr\u00e9taire g\u00e9n\u00e9rale d&rsquo;EPLE et agent comptable :<strong> Mme BERTRAND<\/strong><br><br>Assistante de direction : <strong>Mme MAGREY<\/strong><br>Assistante p\u00e9dagogique :<strong> Mme CADET<\/strong><\/p>\n\n\n\n<p><em><strong>Mail<\/strong> : <\/em><a href=\"mailto:ce.9741052a@ac-reunion.fr\"><\/a><a href=\"mailto:ce.9741052a@ac-reunion.fr\">ce.9741052a@ac-reunion.fr<\/a><\/p>\n<\/blockquote>\n<\/div>\n\n\n\n<div class=\"wp-block-column is-layout-flow wp-block-column-is-layout-flow\">\n<p><strong>FORMATION PRO ET TECHNO<\/strong><\/p>\n\n\n\n<blockquote class=\"wp-block-quote is-layout-flow wp-block-quote-is-layout-flow\">\n<p><strong><strong>Mme BARRAU<\/strong><br><\/strong>Directrice D\u00e9l\u00e9gu\u00e9e aux Formations Professionnelles et Technologiques (DDFPT)<\/p>\n\n\n\n<p><strong>Mme DURAND<br><\/strong>Adjointe \u00e0 la DDFPT<\/p>\n\n\n\n<p><strong>Mme COULAMA<\/strong><br>Bureau des entreprises<\/p>\n\n\n\n<p><strong>T<strong>\u00e9l\u00e9phone<\/strong> <\/strong>: 02 62 34 20 23<strong><br><strong>Mail<\/strong><\/strong> : <a href=\"mailto:ce.9741052a@ac-reunion.fr\"><\/a><a href=\"mailto:ddfpt.stella@ac-reunion.fr\">ddfpt.stella@ac-reunion.fr<\/a><\/p>\n\n\n\n<p><\/p>\n<\/blockquote>\n<\/div>\n<\/div>\n\n\n\n<div class=\"wp-block-columns is-layout-flex wp-container-core-columns-is-layout-9d6595d7 wp-block-columns-is-layout-flex\">\n<div class=\"wp-block-column is-layout-flow wp-block-column-is-layout-flow\">\n<p><strong>INFIRMERIE<\/strong><\/p>\n\n\n\n<blockquote class=\"wp-block-quote is-layout-flow wp-block-quote-is-layout-flow\">\n<p><strong>Mme FOREST<\/strong><\/p>\n<cite><strong>T\u00e9l\u00e9phone<\/strong> : 02 62 34 60 56<br><strong>Mail<\/strong> : <a href=\"mailto:ce.9741052a@ac-reunion.fr\"><\/a><a href=\"mailto:ddfpt.stella@ac-reunion.fr\"><em><\/em><\/a><em><a href=\"mailto:cecile.forest@ac-reunion.fr\">cecile.forest@ac-reunion.fr<\/a><\/em><\/cite><\/blockquote>\n<\/div>\n\n\n\n<div class=\"wp-block-column is-layout-flow wp-block-column-is-layout-flow\">\n<p><strong>ASSISTANCE SOCIALE<\/strong><\/p>\n\n\n\n<blockquote class=\"wp-block-quote is-layout-flow wp-block-quote-is-layout-flow\">\n<p><strong>Mme GRONDIN<\/strong><\/p>\n<cite><em><strong>T\u00e9l\u00e9phone<\/strong> : 02 62 34 60 59<\/em><br><em><strong>Mail<\/strong> : <\/em><a href=\"mailto:ce.9741052a@ac-reunion.fr\"><\/a><a href=\"mailto:ce.9741052a@ac-reunion.fr\">ce.9741052a@ac-reunion.fr<\/a><\/cite><\/blockquote>\n<\/div>\n<\/div>\n\n\n\n<div class=\"wp-block-columns is-layout-flex wp-container-core-columns-is-layout-9d6595d7 wp-block-columns-is-layout-flex\">\n<div class=\"wp-block-column is-layout-flow wp-block-column-is-layout-flow\">\n<p><strong><strong>PSYEN<\/strong><\/strong><\/p>\n\n\n\n<blockquote class=\"wp-block-quote is-layout-flow wp-block-quote-is-layout-flow\">\n<p>Psychologue de l&rsquo;\u00c9ducation Nationale<\/p>\n<cite>Prise de rendez-vous aupr\u00e8s de la vie scolaire<\/cite><\/blockquote>\n<\/div>\n\n\n\n<div class=\"wp-block-column is-layout-flow wp-block-column-is-layout-flow\">\n<p><strong><strong>GESTION<\/strong><\/strong><\/p>\n\n\n\n<blockquote class=\"wp-block-quote is-layout-flow wp-block-quote-is-layout-flow\">\n<p><strong>Mme PICARD<\/strong><br><strong>Mme BRUGEILLE<\/strong><br><strong><strong>M. AH-YOU<\/strong><br><\/strong>Services de Gestion et des Bourses<\/p>\n<cite><strong>T\u00e9l\u00e9phone<\/strong> : 02 62 34 20 23<br><strong>Mail<\/strong> : <a href=\"mailto:gestion.9741052a@ac-reunion.fr\">gestion.9741052a@ac-reunion.fr<\/a><\/cite><\/blockquote>\n<\/div>\n<\/div>\n\n\n\n<div class=\"wp-block-columns is-layout-flex wp-container-core-columns-is-layout-9d6595d7 wp-block-columns-is-layout-flex\">\n<div class=\"wp-block-column is-layout-flow wp-block-column-is-layout-flow\">\n<p><strong>WEBMASTER<\/strong><\/p>\n\n\n\n<blockquote class=\"wp-block-quote is-layout-flow wp-block-quote-is-layout-flow\">\n<p><strong>M. NATIVEL<\/strong><br>Pour tout signalement li\u00e9 \u00e0 la plateforme Web<\/p>\n<cite><em><strong>Mail<\/strong> :<\/em> <a href=\"mailto:christopher.nativel@ac-reunion.fr\">christopher.nativel@ac-reunion.fr<\/a><\/cite><\/blockquote>\n<\/div>\n\n\n\n<div class=\"wp-block-column is-layout-flow wp-block-column-is-layout-flow\">\n<p><\/p>\n<\/div>\n<\/div>\n\n\n\n<p class=\"has-text-align-center\"><strong>ASSOCIATIONS DE PARENTS D&rsquo;\u00c9L\u00c8VES<\/strong><\/p>\n\n\n\n<div class=\"wp-block-columns is-layout-flex wp-container-core-columns-is-layout-9d6595d7 wp-block-columns-is-layout-flex\">\n<div class=\"wp-block-column is-layout-flow wp-block-column-is-layout-flow\">\n<p class=\"has-text-align-center\"><strong>L&rsquo;association C.I.P.E.<\/strong><\/p>\n\n\n\n<blockquote class=\"wp-block-quote is-layout-flow wp-block-quote-is-layout-flow\">\n<p>La Coordination Ind\u00e9pendante des Parents d\u2019\u00c9l\u00e8ves de Saint-Leu<\/p>\n\n\n\n<p>151 C, Chemin D\u00e9partemental 13<br>au P\u00f4le Multiservices de l&rsquo;Etang <br>97436 Saint-Leu<\/p>\n<cite><a href=\"mailto:cipe.saint.leu@gmail.com\">cipe.saint.leu@gmail.com<\/a><br>0262 34 02 09<\/cite><\/blockquote>\n<\/div>\n\n\n\n<div class=\"wp-block-column is-layout-flow wp-block-column-is-layout-flow\">\n<p class=\"has-text-align-center\"><strong><strong>L&rsquo;association<\/strong> G.A.P.E.<\/strong><\/p>\n\n\n\n<blockquote class=\"wp-block-quote is-layout-flow wp-block-quote-is-layout-flow\">\n<p>Le Groupement Autonome des Parents d&rsquo;\u00c9l\u00e8ves<\/p>\n\n\n\n<p>Sandrine BOYER <br>194 B chemin Pierre Deguign\u00e9 <br>97424 Saint-Leu<\/p>\n\n\n\n<p><a href=\"mailto:cipe.saint.leu@gmail.com\"><em>gape.stella974@gmail.com<\/em><\/a><br><em>0693 33 95 32<\/em><\/p>\n<cite><a href=\"mailto:cipe.saint.leu@gmail.com\"><br><\/a><\/cite><\/blockquote>\n<\/div>\n<\/div>\n\n\n\n<h2 class=\"wp-block-heading\">CARTE D&rsquo;ACC\u00c8S<\/h2>\n\n\n\n<div class=\"wp-block-columns is-layout-flex wp-container-core-columns-is-layout-9d6595d7 wp-block-columns-is-layout-flex\">\n<div class=\"wp-block-column is-layout-flow wp-block-column-is-layout-flow\">\n<p>Vous avez la possibilit\u00e9 de nous rejoindre en planifiant votre trajet. Pour cela, cliquez sur le bouton \u00ab\u00a0Itin\u00e9raires\u00a0\u00bb dans le plan interactif ci-apr\u00e8s.<\/p>\n\n\n\n<div class=\"wp-block-columns is-layout-flex wp-container-core-columns-is-layout-9d6595d7 wp-block-columns-is-layout-flex\">\n<div class=\"wp-block-column is-layout-flow wp-block-column-is-layout-flow\">\n<div class=\"su-gmap su-u-responsive-media-yes\"><iframe loading=\"lazy\" width=\"440\" height=\"320\" src=\"\/\/maps.google.com\/maps?q=lyc%C3%A9e%20stella%2C%20piton%20saint%20leu&amp;output=embed&amp;z=10\" title=\"\"><\/iframe><\/div>\n<\/div>\n<\/div>\n<\/div>\n<\/div>\n\n\n\n<div class=\"wp-block-columns is-layout-flex wp-container-core-columns-is-layout-9d6595d7 wp-block-columns-is-layout-flex\">\n<div class=\"wp-block-column is-layout-flow wp-block-column-is-layout-flow\"><\/div>\n\n\n\n<div class=\"wp-block-column is-layout-flow wp-block-column-is-layout-flow\"><\/div>\n<\/div>\n","protected":false},"excerpt":{"rendered":"<p>JOINDRE UN SERVICE ADRESSE POSTALE LYC\u00c9E G\u00c9RARD ETH\u00c8VE (EX LYC\u00c9E&#8230; <a class=\"continue-reading-link\" href=\"https:\/\/etab.ac-reunion.fr\/lyc-gerard-etheve\/contacts\/\">Continuer de lire<\/a><\/p>\n","protected":false},"author":32747,"featured_media":2813,"parent":0,"menu_order":0,"comment_status":"closed","ping_status":"closed","template":"","meta":{"footnotes":"","_links_to":"","_links_to_target":""},"class_list":["post-121","page","type-page","status-publish","has-post-thumbnail","hentry"],"_links":{"self":[{"href":"https:\/\/etab.ac-reunion.fr\/lyc-gerard-etheve\/wp-json\/wp\/v2\/pages\/121","targetHints":{"allow":["GET"]}}],"collection":[{"href":"https:\/\/etab.ac-reunion.fr\/lyc-gerard-etheve\/wp-json\/wp\/v2\/pages"}],"about":[{"href":"https:\/\/etab.ac-reunion.fr\/lyc-gerard-etheve\/wp-json\/wp\/v2\/types\/page"}],"author":[{"embeddable":true,"href":"https:\/\/etab.ac-reunion.fr\/lyc-gerard-etheve\/wp-json\/wp\/v2\/users\/32747"}],"replies":[{"embeddable":true,"href":"https:\/\/etab.ac-reunion.fr\/lyc-gerard-etheve\/wp-json\/wp\/v2\/comments?post=121"}],"version-history":[{"count":103,"href":"https:\/\/etab.ac-reunion.fr\/lyc-gerard-etheve\/wp-json\/wp\/v2\/pages\/121\/revisions"}],"predecessor-version":[{"id":13025,"href":"https:\/\/etab.ac-reunion.fr\/lyc-gerard-etheve\/wp-json\/wp\/v2\/pages\/121\/revisions\/13025"}],"wp:featuredmedia":[{"embeddable":true,"href":"https:\/\/etab.ac-reunion.fr\/lyc-gerard-etheve\/wp-json\/wp\/v2\/media\/2813"}],"wp:attachment":[{"href":"https:\/\/etab.ac-reunion.fr\/lyc-gerard-etheve\/wp-json\/wp\/v2\/media?parent=121"}],"curies":[{"name":"wp","href":"https:\/\/api.w.org\/{rel}","templated":true}]}}