{"id":49,"date":"2014-06-26T12:32:42","date_gmt":"2014-06-26T08:32:42","guid":{"rendered":"http:\/\/lycee-stella-tmp.ac-reunion.fr\/?page_id=49"},"modified":"2025-10-09T15:21:29","modified_gmt":"2025-10-09T11:21:29","slug":"professionelle","status":"publish","type":"page","link":"https:\/\/etab.ac-reunion.fr\/lyc-gerard-etheve\/professionelle\/","title":{"rendered":"Formations professionnelles"},"content":{"rendered":"<div id=\"su_carousel_69de706127408\" class=\"su-carousel su-carousel-centered su-carousel-pages-no su-carousel-responsive-yes\" style=\"width:100%\" data-autoplay=\"3000\" data-speed=\"600\" data-mousewheel=\"true\" data-items=\"4\" data-scroll=\"1\"><div class=\"su-carousel-slides\"><div class=\"su-carousel-slide\"><a><img decoding=\"async\" src=\"https:\/\/etab.ac-reunion.fr\/lyc-gerard-etheve\/wp-content\/uploads\/sites\/90\/2015\/04\/IMG_1047.jpg\" alt=\"IMG_1047\" \/><\/a><\/div><div class=\"su-carousel-slide\"><a><img decoding=\"async\" src=\"https:\/\/etab.ac-reunion.fr\/lyc-gerard-etheve\/wp-content\/uploads\/sites\/90\/2015\/04\/IMG_1046.jpg\" alt=\"IMG_1046\" \/><\/a><\/div><div class=\"su-carousel-slide\"><a><img decoding=\"async\" src=\"https:\/\/etab.ac-reunion.fr\/lyc-gerard-etheve\/wp-content\/uploads\/sites\/90\/2015\/04\/IMG_1048.jpg\" alt=\"IMG_1048\" \/><\/a><\/div><div class=\"su-carousel-slide\"><a><img decoding=\"async\" src=\"https:\/\/etab.ac-reunion.fr\/lyc-gerard-etheve\/wp-content\/uploads\/sites\/90\/2015\/04\/IMG_1049.jpg\" alt=\"IMG_1049\" \/><\/a><\/div><div class=\"su-carousel-slide\"><a><img decoding=\"async\" src=\"https:\/\/etab.ac-reunion.fr\/lyc-gerard-etheve\/wp-content\/uploads\/sites\/90\/2015\/04\/IMG_1051.jpg\" alt=\"IMG_1051\" \/><\/a><\/div><div class=\"su-carousel-slide\"><a><img decoding=\"async\" src=\"https:\/\/etab.ac-reunion.fr\/lyc-gerard-etheve\/wp-content\/uploads\/sites\/90\/2015\/04\/IMG_1050.jpg\" alt=\"IMG_1050\" \/><\/a><\/div><div class=\"su-carousel-slide\"><a><img decoding=\"async\" src=\"https:\/\/etab.ac-reunion.fr\/lyc-gerard-etheve\/wp-content\/uploads\/sites\/90\/2015\/04\/IMG_1052.jpg\" alt=\"IMG_1052\" \/><\/a><\/div><div class=\"su-carousel-slide\"><a><img decoding=\"async\" src=\"https:\/\/etab.ac-reunion.fr\/lyc-gerard-etheve\/wp-content\/uploads\/sites\/90\/2015\/04\/IMG_1058.jpg\" alt=\"IMG_1058\" \/><\/a><\/div><div class=\"su-carousel-slide\"><a><img decoding=\"async\" src=\"https:\/\/etab.ac-reunion.fr\/lyc-gerard-etheve\/wp-content\/uploads\/sites\/90\/2015\/04\/IMG_1057.jpg\" alt=\"IMG_1057\" \/><\/a><\/div><div class=\"su-carousel-slide\"><a><img decoding=\"async\" src=\"https:\/\/etab.ac-reunion.fr\/lyc-gerard-etheve\/wp-content\/uploads\/sites\/90\/2015\/04\/IMG_1059.jpg\" alt=\"IMG_1059\" \/><\/a><\/div><\/div><div class=\"su-carousel-nav\"><div class=\"su-carousel-pagination\"><\/div><\/div><\/div>\n<p>Le Lyc\u00e9e propose des formations professionnelles dans le domaine de la M\u00e9canique Automobile et la Maintenance A\u00e9ronautique.<\/p>\n<p>En <strong>M\u00e9canique Automobile<\/strong> :<\/p>\n<ul>\n<li><a href=\"https:\/\/etab.ac-reunion.fr\/lyc-gerard-etheve\/professionelle\/cap-mva\/\">le CAP Maintenance des V\u00e9hicules option Voitures Particuli\u00e8res<\/a><\/li>\n<li><a href=\"https:\/\/etab.ac-reunion.fr\/lyc-gerard-etheve\/professionelle\/bac-pro-mvvp\/\">le Bac Professionnel Maintenance des V\u00e9hicules option Voitures Particuli\u00e8res<\/a><\/li>\n<\/ul>\n<p>En <strong>Maintenance A\u00e9ronautique<\/strong> :<\/p>\n<ul>\n<li><a href=\"https:\/\/etab.ac-reunion.fr\/lyc-gerard-etheve\/professionelle\/bac-pro-aero\/\">le Bac Professionnel A\u00e9ronautique options Syst\u00e8mes<\/a><\/li>\n<li><a href=\"https:\/\/etab.ac-reunion.fr\/lyc-gerard-etheve\/professionelle\/mcaer\/\">la Certification de Sp\u00e9cialisation A\u00e9ronautique option Moteurs \u00e0 Turbines<\/a><\/li>\n<\/ul>\n<p>Des <strong>compl\u00e9ments de formations<\/strong> :<\/p>\n<ul>\n<li><a href=\"https:\/\/etab.ac-reunion.fr\/lyc-gerard-etheve\/agrement-part-147\/\">Agr\u00e9ment PART 147<\/a><\/li>\n<li><a style=\"font-size: revert;font-family: -apple-system, BlinkMacSystemFont, 'Segoe UI', Roboto, Oxygen-Sans, Ubuntu, Cantarell, 'Helvetica Neue', sans-serif\" href=\"http:\/\/ftlvreunion.fr\/\" target=\"_blank\" rel=\"noopener\">GRETA <\/a><span style=\"font-size: revert;color: initial;font-family: -apple-system, BlinkMacSystemFont, 'Segoe UI', Roboto, Oxygen-Sans, Ubuntu, Cantarell, 'Helvetica Neue', sans-serif\">(formation professionnelle tout au long de la vie)<\/span><\/li>\n<\/ul>\n<p>Enfin, n&rsquo;oubliez pas de <a href=\"https:\/\/etab.ac-reunion.fr\/lyc-gerard-etheve\/category\/projets-des-formations-professionnelles\/\">consulter quelques projets men\u00e9s par des \u00e9l\u00e8ves en formation professionnelle<\/a>\u00a0!<\/p>\n\n\n<p><\/p>\n","protected":false},"excerpt":{"rendered":"<p>Le Lyc\u00e9e propose des formations professionnelles dans le domaine de&#8230; <a class=\"continue-reading-link\" href=\"https:\/\/etab.ac-reunion.fr\/lyc-gerard-etheve\/professionelle\/\">Continuer de lire<\/a><\/p>\n","protected":false},"author":1802,"featured_media":655,"parent":0,"menu_order":0,"comment_status":"closed","ping_status":"closed","template":"","meta":{"footnotes":"","_links_to":"","_links_to_target":""},"class_list":["post-49","page","type-page","status-publish","has-post-thumbnail","hentry"],"_links":{"self":[{"href":"https:\/\/etab.ac-reunion.fr\/lyc-gerard-etheve\/wp-json\/wp\/v2\/pages\/49","targetHints":{"allow":["GET"]}}],"collection":[{"href":"https:\/\/etab.ac-reunion.fr\/lyc-gerard-etheve\/wp-json\/wp\/v2\/pages"}],"about":[{"href":"https:\/\/etab.ac-reunion.fr\/lyc-gerard-etheve\/wp-json\/wp\/v2\/types\/page"}],"author":[{"embeddable":true,"href":"https:\/\/etab.ac-reunion.fr\/lyc-gerard-etheve\/wp-json\/wp\/v2\/users\/1802"}],"replies":[{"embeddable":true,"href":"https:\/\/etab.ac-reunion.fr\/lyc-gerard-etheve\/wp-json\/wp\/v2\/comments?post=49"}],"version-history":[{"count":41,"href":"https:\/\/etab.ac-reunion.fr\/lyc-gerard-etheve\/wp-json\/wp\/v2\/pages\/49\/revisions"}],"predecessor-version":[{"id":13034,"href":"https:\/\/etab.ac-reunion.fr\/lyc-gerard-etheve\/wp-json\/wp\/v2\/pages\/49\/revisions\/13034"}],"wp:featuredmedia":[{"embeddable":true,"href":"https:\/\/etab.ac-reunion.fr\/lyc-gerard-etheve\/wp-json\/wp\/v2\/media\/655"}],"wp:attachment":[{"href":"https:\/\/etab.ac-reunion.fr\/lyc-gerard-etheve\/wp-json\/wp\/v2\/media?parent=49"}],"curies":[{"name":"wp","href":"https:\/\/api.w.org\/{rel}","templated":true}]}}