{"id":10476,"date":"2020-01-15T14:35:49","date_gmt":"2020-01-15T10:35:49","guid":{"rendered":"http:\/\/lycee-isnelle-amelin.ac-reunion.fr\/?page_id=10476"},"modified":"2020-01-15T15:57:05","modified_gmt":"2020-01-15T11:57:05","slug":"focus-actu-2","status":"publish","type":"page","link":"https:\/\/etab.ac-reunion.fr\/lyc-isnelle-amelin\/focus-actu-2","title":{"rendered":"Focus Actu #2"},"content":{"rendered":"[et_pb_section fb_built=\u00a0\u00bb1&Prime; custom_padding_last_edited=\u00a0\u00bbon|desktop\u00a0\u00bb _builder_version=\u00a0\u00bb3.23.3&Prime; custom_margin_tablet=\u00a0\u00bb0px||0px\u00a0\u00bb custom_margin_phone=\u00a0\u00bb0px||0px\u00a0\u00bb custom_margin_last_edited=\u00a0\u00bbon|desktop\u00a0\u00bb custom_padding_tablet=\u00a0\u00bb0px||0px\u00a0\u00bb custom_padding_phone=\u00a0\u00bb0px||0px\u00a0\u00bb][et_pb_row _builder_version=\u00a0\u00bb4.1&Prime; custom_padding=\u00a0\u00bb20px||||false|false\u00a0\u00bb hover_enabled=\u00a0\u00bb0&Prime;][et_pb_column type=\u00a0\u00bb4_4&Prime; _builder_version=\u00a0\u00bb3.25&Prime; custom_padding=\u00a0\u00bb|||\u00a0\u00bb custom_padding__hover=\u00a0\u00bb|||\u00a0\u00bb][\/et_pb_column][\/et_pb_row][et_pb_row _builder_version=\u00a0\u00bb3.25&Prime; custom_margin=\u00a0\u00bb15px||15px\u00a0\u00bb custom_margin_tablet=\u00a0\u00bb\u00a0\u00bb custom_margin_phone=\u00a0\u00bb-40px||-50px\u00a0\u00bb custom_margin_last_edited=\u00a0\u00bbon|desktop\u00a0\u00bb custom_padding=\u00a0\u00bb0px||0px\u00a0\u00bb][et_pb_column type=\u00a0\u00bb4_4&Prime; _builder_version=\u00a0\u00bb3.25&Prime; custom_padding=\u00a0\u00bb|||\u00a0\u00bb custom_padding__hover=\u00a0\u00bb|||\u00a0\u00bb][et_pb_text _builder_version=\u00a0\u00bb4.1&Prime; text_font=\u00a0\u00bb|||on|||||\u00a0\u00bb text_font_size=\u00a0\u00bb48px\u00a0\u00bb text_line_height=\u00a0\u00bb1em\u00a0\u00bb width_tablet=\u00a0\u00bb\u00a0\u00bb width_phone=\u00a0\u00bb100%\u00a0\u00bb width_last_edited=\u00a0\u00bbon|desktop\u00a0\u00bb custom_margin=\u00a0\u00bb||20px\u00a0\u00bb hover_enabled=\u00a0\u00bb0&Prime; text_font_size_tablet=\u00a0\u00bb33px\u00a0\u00bb text_font_size_phone=\u00a0\u00bb20px\u00a0\u00bb text_font_size_last_edited=\u00a0\u00bbon|tablet\u00a0\u00bb]\n<p class=\"p1\" style=\"text-align: center\"><span style=\"color: #b70567\">Odyss\u00e9a : une vague rose\u00a0d\u00e9ferle dans la for\u00eat de\u00a0l&rsquo;Etang-Sal\u00e9<\/span><\/p>\n[\/et_pb_text][\/et_pb_column][\/et_pb_row][et_pb_row use_custom_gutter=\u00a0\u00bbon\u00a0\u00bb gutter_width=\u00a0\u00bb2&Prime; disabled_on=\u00a0\u00bboff|off|on\u00a0\u00bb _builder_version=\u00a0\u00bb3.25&Prime; custom_margin=\u00a0\u00bb-30px|auto||auto||\u00a0\u00bb][et_pb_column type=\u00a0\u00bb4_4&Prime; _builder_version=\u00a0\u00bb3.25&Prime; custom_padding=\u00a0\u00bb|||\u00a0\u00bb custom_padding__hover=\u00a0\u00bb|||\u00a0\u00bb][et_pb_text _builder_version=\u00a0\u00bb4.1&Prime; text_font=\u00a0\u00bb||||||||\u00a0\u00bb text_font_size=\u00a0\u00bb15px\u00a0\u00bb text_orientation=\u00a0\u00bbcenter\u00a0\u00bb hover_enabled=\u00a0\u00bb0&Prime; border_width_top=\u00a0\u00bb2px\u00a0\u00bb border_width_bottom=\u00a0\u00bb2px\u00a0\u00bb]\n<p>Par les \u00e9l\u00e8ves de la TCEVSAB<\/p>\n[\/et_pb_text][et_pb_text _builder_version=\u00a0\u00bb4.1&Prime; text_font=\u00a0\u00bb||||||||\u00a0\u00bb text_font_size=\u00a0\u00bb13px\u00a0\u00bb text_orientation=\u00a0\u00bbjustified\u00a0\u00bb custom_margin=\u00a0\u00bb20px||\u00a0\u00bb hover_enabled=\u00a0\u00bb0&Prime;]\n<p><strong>A la R\u00e9union, 400 femmes sont diagnostiqu\u00e9es chaque ann\u00e9e pour un cancer du sein, des femmes plut\u00f4t jeunes, qui ont moins de 50 ans et comme tous les ans, Odyssea a lieu \u00e0 l&rsquo;Etang-Sal\u00e9 et comme tous les ans de nombreux r\u00e9unionnais et r\u00e9unionnaises s&rsquo;impliquent dans cette manifestation, cette ann\u00e9e il fallait y ajouter les \u00e9l\u00e8ves d&rsquo;Isnelle Amelin.\u00a0Les \u00e9l\u00e8ves de la TCEVSAB, nous raconte leur Odyssea :<\/strong><\/p>\n[\/et_pb_text][et_pb_image src=\u00a0\u00bbhttps:\/\/etab.ac-reunion.fr\/lyc-isnelle-amelin\/wp-content\/uploads\/sites\/43\/2020\/01\/odyssea-1-scaled.jpg\u00a0\u00bb force_fullwidth=\u00a0\u00bbon\u00a0\u00bb align_tablet=\u00a0\u00bbcenter\u00a0\u00bb align_phone=\u00a0\u00bb\u00a0\u00bb align_last_edited=\u00a0\u00bbon|desktop\u00a0\u00bb _builder_version=\u00a0\u00bb4.1&Prime; custom_margin=\u00a0\u00bb20px||\u00a0\u00bb hover_enabled=\u00a0\u00bb0&Prime;][\/et_pb_image][et_pb_text _builder_version=\u00a0\u00bb4.1&Prime; text_font=\u00a0\u00bb||||||||\u00a0\u00bb text_font_size=\u00a0\u00bb16px\u00a0\u00bb custom_margin=\u00a0\u00bb20px||\u00a0\u00bb hover_enabled=\u00a0\u00bb0&Prime; border_width_bottom=\u00a0\u00bb2px\u00a0\u00bb]\n<p style=\"text-align: left\"><strong>L\u2019Odyss\u00e9e Amelin<\/strong><\/p>\n[\/et_pb_text][et_pb_text _builder_version=\u00a0\u00bb3.27.4&Prime; text_font=\u00a0\u00bb||||||||\u00a0\u00bb text_font_size=\u00a0\u00bb13px\u00a0\u00bb text_orientation=\u00a0\u00bbjustified\u00a0\u00bb custom_margin=\u00a0\u00bb10px||\u00a0\u00bb]\n<p class=\"p1\">Le 9 novembre 2019, \u00e0 l\u2019Etang-Sal\u00e9, nous \u00e9tions nombreux (\u00e9l\u00e8ves d\u2019EVS, d\u2019Esth\u00e9tique, de Coiffure, de M\u00e9tiers de la Mode, professeurs, CPE et parents) \u00e0 mettre au service nos comp\u00e9tences pour r\u00e9colter des fonds pour l\u2019association Odyssea qui aide les femmes atteintes d\u2019un cancer du sein.<\/p>\n<p class=\"p1\">Ainsi, nous tenions un stand o\u00f9 nous proposions des services (tresses, pose vernis, modelage des mains). Nous avons aussi vendu l\u2019ensemble des serviettes rafraichissantes \u00e0 l\u2019effigie d\u2019Odyssea, brod\u00e9es par les \u00e9l\u00e8ves du lyc\u00e9e, en quelques minutes. Nous ne pouvions m\u00eame plus r\u00e9pondre \u00e0 la demande !<\/p>\n[\/et_pb_text][et_pb_image src=\u00a0\u00bbhttps:\/\/etab.ac-reunion.fr\/lyc-isnelle-amelin\/wp-content\/uploads\/sites\/43\/2020\/01\/odyssea-5-1.jpg\u00a0\u00bb force_fullwidth=\u00a0\u00bbon\u00a0\u00bb _builder_version=\u00a0\u00bb4.1&Prime; custom_margin=\u00a0\u00bb20px||20px\u00a0\u00bb hover_enabled=\u00a0\u00bb0&Prime;][\/et_pb_image][et_pb_text disabled_on=\u00a0\u00bboff|off|off\u00a0\u00bb admin_label=\u00a0\u00bbsur le terrain suite\u00a0\u00bb _builder_version=\u00a0\u00bb3.27.4&Prime; text_font=\u00a0\u00bb||||||||\u00a0\u00bb text_font_size=\u00a0\u00bb13px\u00a0\u00bb text_orientation=\u00a0\u00bbjustified\u00a0\u00bb custom_margin=\u00a0\u00bb10px||\u00a0\u00bb custom_padding=\u00a0\u00bb||0px|||\u00a0\u00bb]\n<p class=\"p1\">Notre stand a \u00e9t\u00e9 tr\u00e8s pris\u00e9 et a eu beaucoup de succ\u00e8s ! Nous avons r\u00e9colt\u00e9 environ <span class=\"s1\">350\u00a0<\/span><span class=\"s1\">euros <\/span>pour la cause entre notre inscription \u00e0 la marche (5km \u00e0 pied, \u00e7a use..) et la recette de\u00a0<span style=\"font-size: 13px\">nos prestations.\u00a0<\/span><span style=\"font-size: 13px\">Cette journ\u00e9e s\u2019est d\u00e9roul\u00e9e dans la joie et la.. Zumba !<\/span><\/p>\n[\/et_pb_text][et_pb_image src=\u00a0\u00bbhttps:\/\/etab.ac-reunion.fr\/lyc-isnelle-amelin\/wp-content\/uploads\/sites\/43\/2020\/01\/odyssea-2.jpg\u00a0\u00bb _builder_version=\u00a0\u00bb4.1&Prime; custom_margin=\u00a0\u00bb20px||20px\u00a0\u00bb hover_enabled=\u00a0\u00bb0&Prime;][\/et_pb_image][et_pb_text _builder_version=\u00a0\u00bb4.1&Prime; text_font=\u00a0\u00bb||||||||\u00a0\u00bb text_font_size=\u00a0\u00bb15px\u00a0\u00bb custom_margin=\u00a0\u00bb15px||\u00a0\u00bb custom_padding=\u00a0\u00bb5px||5px\u00a0\u00bb hover_enabled=\u00a0\u00bb0&Prime; border_width_bottom=\u00a0\u00bb2px\u00a0\u00bb]\n<p style=\"text-align: left\"><strong>ODYSSEA \u2013 un rendez vous incontournable<\/strong><\/p>\n[\/et_pb_text][et_pb_text _builder_version=\u00a0\u00bb3.27.4&Prime; text_font=\u00a0\u00bb||||||||\u00a0\u00bb text_font_size=\u00a0\u00bb13px\u00a0\u00bb text_orientation=\u00a0\u00bbjustified\u00a0\u00bb custom_margin=\u00a0\u00bb20px||\u00a0\u00bb]\n<p class=\"p1\">Rassembler, sensibiliser, c&rsquo;est le leitmotiv d&rsquo;Odyss\u00e9a qui chaque ann\u00e9e au mois de novembre lance sa vague rose sous les filaos, les bois noirs et les tamarins d&rsquo;Inde de la for\u00eat domaniale de l&rsquo;Etang-Sal\u00e9, une v\u00e9g\u00e9tation plant\u00e9e sur 1000 hectares par l\u2019homme afin de\u00a0<span style=\"font-size: 13px\">maintenir les dunes de sables.\u00a0<\/span><\/p>\n<p class=\"p1\">Course et marche attirent pr\u00e8s de 20 000 personnes autour d&rsquo;une grande cause, le cancer du sein, premier cancer chez la femme en occident et responsable de 12000 victimes par an.\u00a0<span style=\"font-size: 13px\">Depuis 2008, ann\u00e9e du lancement d&rsquo;Odyss\u00e9a, l&rsquo;implication de 124 000 personnes a permis\u00a0<\/span><span style=\"font-size: 13px\">de r\u00e9colter plus de 950 000 euros pour apporter du soutien aux femmes malades et aux\u00a0<\/span><span style=\"font-size: 13px\">familles. Le jour de la course, les fonds sont d&rsquo;ailleurs revers\u00e9s aux association locales qui\u00a0<\/span><span style=\"font-size: 13px\">interviennent au quotidien aupr\u00e8s de ces derni\u00e8res. En 2018, la manifestation a rapport\u00e9 175\u00a0<\/span><span class=\"s1\" style=\"font-size: 13px\">000 euros de dons. <strong>Cette ann\u00e9e p<\/strong><\/span><strong><span style=\"font-size: 13px\">our cette 12\u00e8me \u00e9dition de ODYSSEA \u00e0 la R\u00e9union,\u00a0<\/span><span style=\"font-size: 13px\">tous les records ont \u00e9t\u00e9 battus. 185 000 euros ont ainsi pu \u00eatre collect\u00e9s au profit des\u00a0<\/span><span style=\"font-size: 13px\">associations locales.<\/span><\/strong><\/p>\n[\/et_pb_text][et_pb_image src=\u00a0\u00bbhttps:\/\/etab.ac-reunion.fr\/lyc-isnelle-amelin\/wp-content\/uploads\/sites\/43\/2020\/01\/odyssea-3-1.jpg\u00a0\u00bb _builder_version=\u00a0\u00bb4.1&Prime; custom_margin=\u00a0\u00bb20px||||false|false\u00a0\u00bb hover_enabled=\u00a0\u00bb0&Prime;][\/et_pb_image][\/et_pb_column][\/et_pb_row][et_pb_row column_structure=\u00a0\u00bb1_4,3_4&Prime; use_custom_gutter=\u00a0\u00bbon\u00a0\u00bb gutter_width=\u00a0\u00bb2&Prime; disabled_on=\u00a0\u00bbon|on|off\u00a0\u00bb _builder_version=\u00a0\u00bb3.25&Prime;][et_pb_column type=\u00a0\u00bb1_4&Prime; _builder_version=\u00a0\u00bb3.25&Prime; custom_padding=\u00a0\u00bb|||\u00a0\u00bb custom_padding__hover=\u00a0\u00bb|||\u00a0\u00bb][et_pb_text _builder_version=\u00a0\u00bb4.1&Prime; text_font=\u00a0\u00bb||||||||\u00a0\u00bb text_font_size=\u00a0\u00bb15px\u00a0\u00bb text_orientation=\u00a0\u00bbcenter\u00a0\u00bb hover_enabled=\u00a0\u00bb0&Prime; border_width_top=\u00a0\u00bb2px\u00a0\u00bb border_width_bottom=\u00a0\u00bb2px\u00a0\u00bb]\n<p>Par les \u00e9l\u00e8ves de la TCEVSAB<\/p>\n[\/et_pb_text][et_pb_text _builder_version=\u00a0\u00bb3.27.4&Prime; text_font=\u00a0\u00bb||||||||\u00a0\u00bb text_font_size=\u00a0\u00bb13px\u00a0\u00bb text_orientation=\u00a0\u00bbjustified\u00a0\u00bb]\n<p class=\"p1\"><strong>A la R\u00e9union, 400 femmes sont diagnostiqu\u00e9es chaque ann\u00e9e pour un cancer du sein, des femmes plut\u00f4t jeunes, qui ont moins de 50 ans et comme tous les ans, Odyssea a lieu \u00e0 l&rsquo;Etang-Sal\u00e9 et comme tous les ans de nombreux r\u00e9unionnais et r\u00e9unionnaises s&rsquo;impliquent dans cette manifestation, cette ann\u00e9e il fallait y ajouter les \u00e9l\u00e8ves d&rsquo;<span class=\"s1\">Isnelle Amelin<\/span>. Les \u00e9l\u00e8ves de la TCEVSAB nous racontent leur Odyssea :<\/strong><\/p>\n[\/et_pb_text][et_pb_text _builder_version=\u00a0\u00bb4.1&Prime; text_font=\u00a0\u00bb||||||||\u00a0\u00bb text_font_size=\u00a0\u00bb18px\u00a0\u00bb hover_enabled=\u00a0\u00bb0&Prime;]\n<p style=\"text-align: center\"><strong>L&rsquo;Odyss\u00e9e Amelin<\/strong><\/p>\n[\/et_pb_text][et_pb_text _builder_version=\u00a0\u00bb3.27.4&Prime; text_font=\u00a0\u00bb||||||||\u00a0\u00bb text_font_size=\u00a0\u00bb13px\u00a0\u00bb text_orientation=\u00a0\u00bbjustified\u00a0\u00bb]\n<p class=\"p1\">Le 9 novembre 2019, \u00e0 l\u2019Etang-Sal\u00e9, nous \u00e9tions nombreux (\u00e9l\u00e8ves d\u2019EVS, d\u2019Esth\u00e9tique, de Coiffure, de M\u00e9tiers de la Mode, professeurs, CPE et parents) \u00e0 mettre au service nos comp\u00e9tences pour r\u00e9colter des fonds pour l\u2019association Odyssea qui aide les femmes atteintes d\u2019un cancer du sein.<\/p>\n[\/et_pb_text][\/et_pb_column][et_pb_column type=\u00a0\u00bb3_4&Prime; _builder_version=\u00a0\u00bb3.25&Prime; custom_padding=\u00a0\u00bb|||\u00a0\u00bb custom_padding__hover=\u00a0\u00bb|||\u00a0\u00bb][et_pb_image src=\u00a0\u00bbhttps:\/\/etab.ac-reunion.fr\/lyc-isnelle-amelin\/wp-content\/uploads\/sites\/43\/2020\/01\/odyssea-1-2-scaled.jpg\u00a0\u00bb align_tablet=\u00a0\u00bbcenter\u00a0\u00bb align_phone=\u00a0\u00bb\u00a0\u00bb align_last_edited=\u00a0\u00bbon|desktop\u00a0\u00bb _builder_version=\u00a0\u00bb4.1&Prime; hover_enabled=\u00a0\u00bb0&Prime; width=\u00a0\u00bb100%\u00a0\u00bb height=\u00a0\u00bb550px\u00a0\u00bb][\/et_pb_image][\/et_pb_column][\/et_pb_row][et_pb_row column_structure=\u00a0\u00bb1_4,1_4,1_2&Prime; use_custom_gutter=\u00a0\u00bbon\u00a0\u00bb gutter_width=\u00a0\u00bb2&Prime; disabled_on=\u00a0\u00bbon|on|off\u00a0\u00bb _builder_version=\u00a0\u00bb3.25&Prime; custom_margin=\u00a0\u00bb40px||\u00a0\u00bb custom_padding=\u00a0\u00bb||0px|||\u00a0\u00bb][et_pb_column type=\u00a0\u00bb1_4&Prime; _builder_version=\u00a0\u00bb3.25&Prime; custom_padding=\u00a0\u00bb|||\u00a0\u00bb custom_padding__hover=\u00a0\u00bb|||\u00a0\u00bb][et_pb_image src=\u00a0\u00bbhttps:\/\/etab.ac-reunion.fr\/lyc-isnelle-amelin\/wp-content\/uploads\/sites\/43\/2020\/01\/odyssea-2.jpg\u00a0\u00bb _builder_version=\u00a0\u00bb4.1&Prime; custom_margin=\u00a0\u00bb||\u00a0\u00bb hover_enabled=\u00a0\u00bb0&Prime;][\/et_pb_image][et_pb_text disabled_on=\u00a0\u00bboff|off|off\u00a0\u00bb _builder_version=\u00a0\u00bb3.27.4&Prime; text_font=\u00a0\u00bb||||||||\u00a0\u00bb text_font_size=\u00a0\u00bb13px\u00a0\u00bb text_orientation=\u00a0\u00bbjustified\u00a0\u00bb custom_margin=\u00a0\u00bb20px||\u00a0\u00bb custom_margin_tablet=\u00a0\u00bb\u00a0\u00bb custom_margin_phone=\u00a0\u00bb-30px||\u00a0\u00bb custom_margin_last_edited=\u00a0\u00bbon|phone\u00a0\u00bb custom_padding=\u00a0\u00bb||0px|||\u00a0\u00bb]\n<p class=\"p1\">Ainsi, nous tenions un stand o\u00f9 nous proposions des services (tresses, pose vernis, modelage des mains). Nous avons aussi vendu l\u2019ensemble des serviettes rafraichissantes \u00e0 l\u2019effigie<\/p>\n<p class=\"p1\">\n[\/et_pb_text][\/et_pb_column][et_pb_column type=\u00a0\u00bb1_4&Prime; _builder_version=\u00a0\u00bb3.25&Prime; custom_padding=\u00a0\u00bb|||\u00a0\u00bb custom_padding__hover=\u00a0\u00bb|||\u00a0\u00bb][et_pb_text disabled_on=\u00a0\u00bboff|off|off\u00a0\u00bb _builder_version=\u00a0\u00bb3.27.4&Prime; text_font=\u00a0\u00bb||||||||\u00a0\u00bb text_font_size=\u00a0\u00bb13px\u00a0\u00bb text_orientation=\u00a0\u00bbjustified\u00a0\u00bb custom_margin=\u00a0\u00bb-5px||\u00a0\u00bb custom_margin_tablet=\u00a0\u00bb\u00a0\u00bb custom_margin_phone=\u00a0\u00bb-30px||\u00a0\u00bb custom_margin_last_edited=\u00a0\u00bbon|phone\u00a0\u00bb]\n<p class=\"p1\">d\u2019Odyssea, brod\u00e9es par les \u00e9l\u00e8ves du lyc\u00e9e, en quelques minutes. Nous ne pouvions m\u00eame plus r\u00e9pondre \u00e0 la demande !<\/p>\n<p class=\"p1\">Notre stand a \u00e9t\u00e9 tr\u00e8s pris\u00e9 et a eu beaucoup de succ\u00e8s ! Nous avons r\u00e9colt\u00e9 environ <span class=\"s1\">350\u00a0<\/span><span class=\"s1\">euros <\/span>pour la cause entre notre inscription \u00e0 la marche (5km \u00e0 pied, \u00e7a use..) et la recette de nos prestations.<\/p>\n[\/et_pb_text][et_pb_text disabled_on=\u00a0\u00bboff|off|off\u00a0\u00bb _builder_version=\u00a0\u00bb3.27.4&Prime; text_font=\u00a0\u00bb||||||||\u00a0\u00bb text_font_size=\u00a0\u00bb18px\u00a0\u00bb custom_margin=\u00a0\u00bb||\u00a0\u00bb]\n<p class=\"p1\" style=\"text-align: center\"><strong>Cette journ\u00e9e s\u2019est d\u00e9roul\u00e9e dans la joie et la.. Zumba !<\/strong><\/p>\n[\/et_pb_text][\/et_pb_column][et_pb_column type=\u00a0\u00bb1_2&Prime; _builder_version=\u00a0\u00bb3.25&Prime; custom_padding=\u00a0\u00bb|||\u00a0\u00bb custom_padding__hover=\u00a0\u00bb|||\u00a0\u00bb][et_pb_image src=\u00a0\u00bbhttps:\/\/etab.ac-reunion.fr\/lyc-isnelle-amelin\/wp-content\/uploads\/sites\/43\/2020\/01\/odyssea-5-1.jpg\u00a0\u00bb _builder_version=\u00a0\u00bb4.1&Prime; custom_margin=\u00a0\u00bb||\u00a0\u00bb hover_enabled=\u00a0\u00bb0&Prime;][\/et_pb_image][\/et_pb_column][\/et_pb_row][et_pb_row column_structure=\u00a0\u00bb1_2,1_4,1_4&Prime; use_custom_gutter=\u00a0\u00bbon\u00a0\u00bb gutter_width=\u00a0\u00bb2&Prime; disabled_on=\u00a0\u00bbon|on|off\u00a0\u00bb _builder_version=\u00a0\u00bb3.25&Prime; custom_margin=\u00a0\u00bb35px||\u00a0\u00bb custom_padding=\u00a0\u00bb||0px|||\u00a0\u00bb][et_pb_column type=\u00a0\u00bb1_2&Prime; _builder_version=\u00a0\u00bb3.25&Prime; custom_padding=\u00a0\u00bb|||\u00a0\u00bb custom_padding__hover=\u00a0\u00bb|||\u00a0\u00bb][et_pb_image src=\u00a0\u00bbhttps:\/\/etab.ac-reunion.fr\/lyc-isnelle-amelin\/wp-content\/uploads\/sites\/43\/2020\/01\/odyssea-3.jpg\u00a0\u00bb _builder_version=\u00a0\u00bb4.1&Prime; hover_enabled=\u00a0\u00bb0&Prime; height=\u00a0\u00bb384px\u00a0\u00bb][\/et_pb_image][\/et_pb_column][et_pb_column type=\u00a0\u00bb1_4&Prime; _builder_version=\u00a0\u00bb3.25&Prime; custom_padding=\u00a0\u00bb|||\u00a0\u00bb custom_padding__hover=\u00a0\u00bb|||\u00a0\u00bb][et_pb_text disabled_on=\u00a0\u00bboff|off|off\u00a0\u00bb _builder_version=\u00a0\u00bb4.1&Prime; text_font=\u00a0\u00bb||||||||\u00a0\u00bb text_font_size=\u00a0\u00bb18px\u00a0\u00bb custom_margin=\u00a0\u00bb||\u00a0\u00bb hover_enabled=\u00a0\u00bb0&Prime;]\n<p style=\"text-align: center\"><strong>ODYSSEA \u2013 un rendez vous incontournable<\/strong><\/p>\n[\/et_pb_text][et_pb_text _builder_version=\u00a0\u00bb3.27.4&Prime; text_font=\u00a0\u00bb||||||||\u00a0\u00bb text_font_size=\u00a0\u00bb13px\u00a0\u00bb text_orientation=\u00a0\u00bbjustified\u00a0\u00bb custom_margin=\u00a0\u00bb20px||\u00a0\u00bb]\n<p class=\"p1\">Rassembler, sensibiliser, c&rsquo;est le leitmotiv d&rsquo;Odyss\u00e9a qui chaque ann\u00e9e au mois de novembre lance sa vague rose sous les filaos, les bois noirs et les tamarins d&rsquo;Inde de la for\u00eat domaniale de l&rsquo;Etang-Sal\u00e9, une v\u00e9g\u00e9tation plant\u00e9e sur 1000 hectares par l\u2019homme afin de maintenir les dunes de sables.\u00a0<span style=\"font-size: 13px\">Course et marche attirent pr\u00e8s de 20 000 personnes autour d&rsquo;une grande\u00a0cause, le cancer du sein, premier cancer chez la femme en occident et responsable de 12000 victimes par an.<\/span><\/p>\n[\/et_pb_text][\/et_pb_column][et_pb_column type=\u00a0\u00bb1_4&Prime; _builder_version=\u00a0\u00bb3.25&Prime; custom_padding=\u00a0\u00bb|||\u00a0\u00bb custom_padding__hover=\u00a0\u00bb|||\u00a0\u00bb][et_pb_text _builder_version=\u00a0\u00bb3.27.4&Prime; text_font=\u00a0\u00bb||||||||\u00a0\u00bb text_font_size=\u00a0\u00bb13px\u00a0\u00bb text_orientation=\u00a0\u00bbjustified\u00a0\u00bb]\n<p>\u00a0<span style=\"font-size: 13px\">Depuis 2008, ann\u00e9e du lancement d&rsquo;Odyss\u00e9a, l&rsquo;implication de 124 000 personnes a permis de r\u00e9colter plus de 950 000 euros pour apporter du soutien aux femmes malades et aux familles. Le jour de la course, les fonds sont d&rsquo;ailleurs revers\u00e9s aux association locales qui interviennent au quotidien aupr\u00e8s de ces derni\u00e8res. En 2018, la manifestation a rapport\u00e9 175\u00a0<\/span><span class=\"s1\" style=\"font-size: 13px\">000 euros de dons. <strong>Cette ann\u00e9e p<\/strong><\/span><span style=\"font-size: 13px\"><strong>our cette 12\u00e8me \u00e9dition de ODYSSEA \u00e0 la R\u00e9union, tous les records ont \u00e9t\u00e9 battus. 185 000 euros ont ainsi pu \u00eatre collect\u00e9s au profit des associations locales.<\/strong><\/span><\/p>\n[\/et_pb_text][\/et_pb_column][\/et_pb_row][et_pb_row use_custom_gutter=\u00a0\u00bbon\u00a0\u00bb gutter_width=\u00a0\u00bb2&Prime; _builder_version=\u00a0\u00bb4.1&Prime; custom_margin=\u00a0\u00bb20px||\u00a0\u00bb custom_padding=\u00a0\u00bb||40px\u00a0\u00bb hover_enabled=\u00a0\u00bb0&Prime; custom_margin_last_edited=\u00a0\u00bbon|phone\u00a0\u00bb custom_margin_phone=\u00a0\u00bb-25px||||false|false\u00a0\u00bb][et_pb_column type=\u00a0\u00bb4_4&Prime; _builder_version=\u00a0\u00bb3.25&Prime; custom_padding=\u00a0\u00bb|||\u00a0\u00bb custom_padding__hover=\u00a0\u00bb|||\u00a0\u00bb][et_pb_text _builder_version=\u00a0\u00bb4.1&Prime; text_font=\u00a0\u00bb||||||||\u00a0\u00bb text_font_size=\u00a0\u00bb18px\u00a0\u00bb custom_margin=\u00a0\u00bb15px||30px\u00a0\u00bb custom_padding=\u00a0\u00bb5px||5px\u00a0\u00bb hover_enabled=\u00a0\u00bb0&Prime; border_width_top=\u00a0\u00bb3px\u00a0\u00bb border_width_bottom=\u00a0\u00bb3px\u00a0\u00bb]\n<p style=\"text-align: center\"><strong>Odyssea 2019 en quelques chiffres<\/strong><\/p>\n[\/et_pb_text][et_pb_image src=\u00a0\u00bbhttps:\/\/etab.ac-reunion.fr\/lyc-isnelle-amelin\/wp-content\/uploads\/sites\/43\/2020\/01\/Odyssea-infographie-2019.jpg\u00a0\u00bb align=\u00a0\u00bbcenter\u00a0\u00bb force_fullwidth=\u00a0\u00bbon\u00a0\u00bb align_tablet=\u00a0\u00bbcenter\u00a0\u00bb align_phone=\u00a0\u00bb\u00a0\u00bb align_last_edited=\u00a0\u00bbon|desktop\u00a0\u00bb _builder_version=\u00a0\u00bb4.1&Prime; hover_enabled=\u00a0\u00bb0&Prime;][\/et_pb_image][\/et_pb_column][\/et_pb_row][\/et_pb_section]\n<!-- AddThis Advanced Settings generic via filter on the_content --><!-- AddThis Share Buttons generic via filter on the_content -->","protected":false},"excerpt":{"rendered":"<p><!-- AddThis Advanced Settings generic via filter on the_excerpt --><!-- AddThis Share Buttons generic via filter on the_excerpt --><\/p>\n","protected":false},"author":8646,"featured_media":0,"parent":0,"menu_order":0,"comment_status":"closed","ping_status":"closed","template":"","meta":{"_et_pb_use_builder":"on","_et_pb_old_content":"","_et_gb_content_width":"","footnotes":"","_links_to":"","_links_to_target":""},"class_list":["post-10476","page","type-page","status-publish","hentry"],"_links":{"self":[{"href":"https:\/\/etab.ac-reunion.fr\/lyc-isnelle-amelin\/wp-json\/wp\/v2\/pages\/10476","targetHints":{"allow":["GET"]}}],"collection":[{"href":"https:\/\/etab.ac-reunion.fr\/lyc-isnelle-amelin\/wp-json\/wp\/v2\/pages"}],"about":[{"href":"https:\/\/etab.ac-reunion.fr\/lyc-isnelle-amelin\/wp-json\/wp\/v2\/types\/page"}],"author":[{"embeddable":true,"href":"https:\/\/etab.ac-reunion.fr\/lyc-isnelle-amelin\/wp-json\/wp\/v2\/users\/8646"}],"replies":[{"embeddable":true,"href":"https:\/\/etab.ac-reunion.fr\/lyc-isnelle-amelin\/wp-json\/wp\/v2\/comments?post=10476"}],"version-history":[{"count":15,"href":"https:\/\/etab.ac-reunion.fr\/lyc-isnelle-amelin\/wp-json\/wp\/v2\/pages\/10476\/revisions"}],"predecessor-version":[{"id":14950,"href":"https:\/\/etab.ac-reunion.fr\/lyc-isnelle-amelin\/wp-json\/wp\/v2\/pages\/10476\/revisions\/14950"}],"wp:attachment":[{"href":"https:\/\/etab.ac-reunion.fr\/lyc-isnelle-amelin\/wp-json\/wp\/v2\/media?parent=10476"}],"curies":[{"name":"wp","href":"https:\/\/api.w.org\/{rel}","templated":true}]}}