{"id":192,"date":"2015-10-07T06:12:58","date_gmt":"2015-10-07T05:12:58","guid":{"rendered":"http:\/\/lycee-jean-joly.ac-reunion.fr\/?page_id=192"},"modified":"2021-06-28T08:15:10","modified_gmt":"2021-06-28T04:15:10","slug":"cesc","status":"publish","type":"page","link":"https:\/\/etab.ac-reunion.fr\/lyc-jean-joly\/cesc\/","title":{"rendered":"Comit\u00e9 d&rsquo;Education \u00e0 la Sant\u00e9 et \u00e0 la Citoyennet\u00e9"},"content":{"rendered":"<div>Le comit\u00e9 d&rsquo;\u00e9ducation \u00e0 la sant\u00e9 et \u00e0 la citoyennet\u00e9 (CESC) r\u00e9unit, sous la pr\u00e9sidence du chef d&rsquo;\u00e9tablissement, les personnels d&rsquo;\u00e9ducation, sociaux et de sant\u00e9 de l&rsquo;\u00e9tablissement et des repr\u00e9sentants des personnels enseignants, des parents et des \u00e9l\u00e8ves, d\u00e9sign\u00e9s par le chef d&rsquo;\u00e9tablissement sur proposition des membres du conseil d&rsquo;administration appartenant \u00e0 leurs cat\u00e9gories respectives, ainsi que les repr\u00e9sentants de la commune et de la collectivit\u00e9 territoriale de rattachement au sein de ce conseil. En fonction des sujets trait\u00e9s, il peut associer \u00e0 ses travaux toute personne dont il estime l&rsquo;avis utile.<\/div>\n<div><\/div>\n<div align=\"center\"><b>Missions<\/b><\/div>\n<div>Le comit\u00e9 d&rsquo;\u00e9ducation \u00e0 la sant\u00e9 et \u00e0 la citoyennet\u00e9 exerce les missions suivantes<\/div>\n<div>1\u00b0 Il contribue \u00e0 l&rsquo;\u00e9ducation \u00e0 la citoyennet\u00e9 ;<\/div>\n<div><i>par des actions sur l\u2019\u00e9galit\u00e9 entre les filles et les gar\u00e7ons,<\/i> <i>la formation des d\u00e9l\u00e9gu\u00e9s d\u2019\u00e9l\u00e8ves, <\/i><i>la formation aux premiers secours,<\/i> <i>l\u2019\u00e9ducation \u00e0 la s\u00e9curit\u00e9 routi\u00e8re, <\/i><i>\u00e0 l\u2019environnement pour un d\u00e9veloppement durable, <\/i><i>\u00e0 la s\u00e9curit\u00e9 aux risques, <\/i><i>\u00e0 la d\u00e9fense\u2026,<\/i> <i>les droits de l&rsquo;enfant , <\/i><i>l&rsquo;abolition de l&rsquo;esclavage, <\/i><i>les droits de l&rsquo;homme, <\/i><i>les droits de la femme<\/i>, <i>la lutte contre le racisme<\/i><\/div>\n<div><i>&nbsp;<\/i><br \/>\n2\u00b0 Il pr\u00e9pare le plan de pr\u00e9vention de la violence ;<\/div>\n<div><i>diagnostic de s\u00e9curit\u00e9,<\/i><i>la mise en \u0153uvre d\u2019un plan en liaison avec les dispositifs locaux<\/i><\/div>\n<div>3\u00b0 Il propose des actions pour aider les parents en difficult\u00e9 et lutter contre l&rsquo;exclusion ;<\/div>\n<div>4\u00b0 Il d\u00e9finit un programme d&rsquo;\u00e9ducation \u00e0 la sant\u00e9 et \u00e0 la sexualit\u00e9 et de pr\u00e9vention des comportements \u00e0 risques.<\/div>\n<div><i>Les grossesses pr\u00e9coces non d\u00e9sir\u00e9es, <\/i><i>Les infections sexuellement transmissibles, dont le VIH \/sida ,&nbsp; <\/i><i>les relations entre gar\u00e7ons et filles, <\/i><i>les violences sexuelles, <\/i><i>la pornographi,&nbsp; <\/i><i>la lutte contre les pr\u00e9jug\u00e9s sexistes ou homophobes, <\/i><i>La pr\u00e9vention des conduites addictives (Les drogues illicites, le tabac, l&rsquo;alcool), <\/i><i>la lutte contre l\u2019ob\u00e9sit\u00e9<\/i><\/div>\n<div><\/div>\n<div><\/div>\n","protected":false},"excerpt":{"rendered":"<p>Le comit\u00e9 d&rsquo;\u00e9ducation \u00e0 la sant\u00e9 et \u00e0 la citoyennet\u00e9 (CESC) r\u00e9unit, sous la pr\u00e9sidence du chef d&rsquo;\u00e9tablissement, les personnels d&rsquo;\u00e9ducation, sociaux et de sant\u00e9 de l&rsquo;\u00e9tablissement et des repr\u00e9sentants&#8230;<\/p>\n<p> <a class=\"continue-reading-link\" href=\"https:\/\/etab.ac-reunion.fr\/lyc-jean-joly\/cesc\/\"><span>Lire la suite<\/span><i class=\"crycon-right-dir\"><\/i><\/a> <\/p>\n","protected":false},"author":4396,"featured_media":0,"parent":0,"menu_order":0,"comment_status":"closed","ping_status":"closed","template":"","meta":{"footnotes":""},"class_list":["post-192","page","type-page","status-publish","hentry"],"_links":{"self":[{"href":"https:\/\/etab.ac-reunion.fr\/lyc-jean-joly\/wp-json\/wp\/v2\/pages\/192","targetHints":{"allow":["GET"]}}],"collection":[{"href":"https:\/\/etab.ac-reunion.fr\/lyc-jean-joly\/wp-json\/wp\/v2\/pages"}],"about":[{"href":"https:\/\/etab.ac-reunion.fr\/lyc-jean-joly\/wp-json\/wp\/v2\/types\/page"}],"author":[{"embeddable":true,"href":"https:\/\/etab.ac-reunion.fr\/lyc-jean-joly\/wp-json\/wp\/v2\/users\/4396"}],"replies":[{"embeddable":true,"href":"https:\/\/etab.ac-reunion.fr\/lyc-jean-joly\/wp-json\/wp\/v2\/comments?post=192"}],"version-history":[{"count":6,"href":"https:\/\/etab.ac-reunion.fr\/lyc-jean-joly\/wp-json\/wp\/v2\/pages\/192\/revisions"}],"predecessor-version":[{"id":5425,"href":"https:\/\/etab.ac-reunion.fr\/lyc-jean-joly\/wp-json\/wp\/v2\/pages\/192\/revisions\/5425"}],"wp:attachment":[{"href":"https:\/\/etab.ac-reunion.fr\/lyc-jean-joly\/wp-json\/wp\/v2\/media?parent=192"}],"curies":[{"name":"wp","href":"https:\/\/api.w.org\/{rel}","templated":true}]}}