{"id":3677,"date":"2020-06-25T23:47:58","date_gmt":"2020-06-25T19:47:58","guid":{"rendered":"http:\/\/lycee-jeanjoly.ac-reunion.fr\/?page_id=3677"},"modified":"2025-06-27T16:01:17","modified_gmt":"2025-06-27T12:01:17","slug":"inscriptions-secondes-generales","status":"publish","type":"page","link":"https:\/\/etab.ac-reunion.fr\/lyc-jean-joly\/inscriptions-secondes-generales\/","title":{"rendered":"Inscriptions &#8211; 2nde g\u00e9n\u00e9rale et technologique"},"content":{"rendered":"\n<p><\/p>\n\n\n\n<p><br>Vous souhaitez inscrire votre enfant en seconde au LPO Jean JOLY pour l\u2019ann\u00e9e 2025-2026, suite \u00e0 son affectation par le SAIO le Vendredi 27 Juin 2025.<\/p>\n\n\n\n<p>Dans le cadre de la t\u00e9l\u00e9 inscription, vous trouverez toute la proc\u00e9dure d&rsquo;inscription sur votre espace EDUCONNECT (modalit\u00e9s et pi\u00e8ces \u00e0 fournir) \u00e0 compter du jeudi 26 Juin 2025.<\/p>\n\n\n\n<p>Une r\u00e9union d&rsquo;accueil des responsables l\u00e9gaux et des \u00e9l\u00e8ves affect\u00e9s en seconde GT <strong>est programm\u00e9e le Samedi 28 Juin \u00e0 8h00 pour le coll\u00e8ge H\u00e9gesippe Hoarau et 9h30 pour le coll\u00e8ge du Ruisseau et autres coll\u00e8ges <\/strong>au Lyc\u00e9e Jean Joly (accueil par le Proviseur du Lyc\u00e9e, pr\u00e9sentation des options par les enseignants, pr\u00e9sentation de la t\u00e9l\u00e9inscription par M. ROGER (r\u00e9f\u00e9rent num\u00e9rique).<\/p>\n\n\n\n<p><strong>A l&rsquo;issue de chaque r\u00e9union pl\u00e9ni\u00e8re d&rsquo;accueil (1\u00e8re vague Coll\u00e8ge H.Hoarau\/ 2\u00e8me vague Coll\u00e8ge Le Ruisseau et autres coll\u00e8ges)<\/strong> les parents sont invit\u00e9s \u00e0 prendre un rendez-vous aupr\u00e8s des AED de vie scolaire pour l&rsquo;inscription de leur(s) enfant(s) sur les cr\u00e9neaux propos\u00e9s du 30 juin au 3 juillet. <\/p>\n\n\n\n<p>La campagne de t\u00e9l\u00e9inscription sera ouverte le 27\/06\/25 \u00e0 partir de 17h00 jusqu&rsquo;au 3\/07\/25 17h00. Au moment de l&rsquo;inscription au lyc\u00e9e, les parents devront avoir effectu\u00e9 au pr\u00e9alable, les d\u00e9marches en ligne.<\/p>\n\n\n\n<p>Pour toute assistance pour cette proc\u00e9dure d&rsquo;inscription, vous pouvez appeler sur le num\u00e9ro suivant <\/p>\n\n\n\n<p><strong>0693 51 21 55<\/strong>.<\/p>\n\n\n\n<p><\/p>\n\n\n\n<p><strong>Pour les inscriptions hors affectation<\/strong> SAIO ou en cours d&rsquo;ann\u00e9e 2025-2026, merci de contacter la CPE en charge de la fili\u00e8re Mme. BOYER sur le num\u00e9ro <strong>0693 51 21 55<\/strong>.<\/p>\n\n\n\n<p>T\u00e9l\u00e9phone du lyc\u00e9e (standard) : 0262 39 75 00 <\/p>\n\n\n\n<p>Mail \u00e9tablissement : <a href=\"mailto:ce.9741182s@ac-reunion.fr\">ce.9741182s@ac-reunion.fr<\/a> <\/p>\n\n\n\n<p class=\"has-luminous-vivid-orange-color has-text-color has-link-color wp-elements-a580d2b12de1f42f21e488df827d2ec4\"><strong>Ci-dessous les 11 documents \u00e0 t\u00e9l\u00e9charger, \u00e0 compl\u00e9ter et \u00e0 ramener lors de l&rsquo;inscription : <\/strong><\/p>\n\n\n\n<div class=\"wp-block-file\"><a id=\"wp-block-file--media-b2b577a3-2405-44ed-9c4d-b58285d91c16\" href=\"https:\/\/etab.ac-reunion.fr\/lyc-jean-joly\/wp-content\/uploads\/sites\/114\/2025\/06\/fiche-documents-a-ramener-2GT.pdf\">1) fiche documents \u00e0 ramener 2GT<\/a><a href=\"https:\/\/etab.ac-reunion.fr\/lyc-jean-joly\/wp-content\/uploads\/sites\/114\/2025\/06\/fiche-documents-a-ramener-2GT.pdf\" class=\"wp-block-file__button wp-element-button\" download aria-describedby=\"wp-block-file--media-b2b577a3-2405-44ed-9c4d-b58285d91c16\">T\u00e9l\u00e9charger<\/a><\/div>\n\n\n\n<div class=\"wp-block-file\"><a id=\"wp-block-file--media-70475d16-7799-4a7d-becc-5c76080d638f\" href=\"https:\/\/etab.ac-reunion.fr\/lyc-jean-joly\/wp-content\/uploads\/sites\/114\/2024\/06\/2nde-GT-conseils-pour-lutilisation-des-outils-numeriques-3.pdf\">2) Fiche pour l&rsquo;utilisation des outils num\u00e9riques<\/a><a href=\"https:\/\/etab.ac-reunion.fr\/lyc-jean-joly\/wp-content\/uploads\/sites\/114\/2024\/06\/2nde-GT-conseils-pour-lutilisation-des-outils-numeriques-3.pdf\" class=\"wp-block-file__button wp-element-button\" download aria-describedby=\"wp-block-file--media-70475d16-7799-4a7d-becc-5c76080d638f\">T\u00e9l\u00e9charger<\/a><\/div>\n\n\n\n<div class=\"wp-block-file\"><a id=\"wp-block-file--media-658f486b-ff12-4385-a4ed-ffc2b6739d74\" href=\"https:\/\/etab.ac-reunion.fr\/lyc-jean-joly\/wp-content\/uploads\/sites\/114\/2025\/06\/Evacuation-2025-2026pdf.pdf\">3) Fiche d&rsquo;\u00e9vacuation 2025-2026<\/a><a href=\"https:\/\/etab.ac-reunion.fr\/lyc-jean-joly\/wp-content\/uploads\/sites\/114\/2025\/06\/Evacuation-2025-2026pdf.pdf\" class=\"wp-block-file__button wp-element-button\" download aria-describedby=\"wp-block-file--media-658f486b-ff12-4385-a4ed-ffc2b6739d74\">T\u00e9l\u00e9charger<\/a><\/div>\n\n\n\n<div class=\"wp-block-file\"><a id=\"wp-block-file--media-c6aba5fd-f571-4f5c-90bd-a6e826c0d148\" href=\"https:\/\/etab.ac-reunion.fr\/lyc-jean-joly\/wp-content\/uploads\/sites\/114\/2025\/06\/fiche-de-gestion-2025-2026.pdf\">4) Fiche de gestion 2025 2026<\/a><a href=\"https:\/\/etab.ac-reunion.fr\/lyc-jean-joly\/wp-content\/uploads\/sites\/114\/2025\/06\/fiche-de-gestion-2025-2026.pdf\" class=\"wp-block-file__button wp-element-button\" download aria-describedby=\"wp-block-file--media-c6aba5fd-f571-4f5c-90bd-a6e826c0d148\">T\u00e9l\u00e9charger<\/a><\/div>\n\n\n\n<div class=\"wp-block-file\"><a id=\"wp-block-file--media-f90cf0a3-8500-476e-ad07-0f982cad9f3f\" href=\"https:\/\/etab.ac-reunion.fr\/lyc-jean-joly\/wp-content\/uploads\/sites\/114\/2025\/06\/fiche-infirmerie.pdf\">5) Fiche infirmerie<\/a><a href=\"https:\/\/etab.ac-reunion.fr\/lyc-jean-joly\/wp-content\/uploads\/sites\/114\/2025\/06\/fiche-infirmerie.pdf\" class=\"wp-block-file__button wp-element-button\" download aria-describedby=\"wp-block-file--media-f90cf0a3-8500-476e-ad07-0f982cad9f3f\">T\u00e9l\u00e9charger<\/a><\/div>\n\n\n\n<div class=\"wp-block-file\"><a id=\"wp-block-file--media-1a055635-5271-4f9d-9494-7fc87539994f\" href=\"https:\/\/etab.ac-reunion.fr\/lyc-jean-joly\/wp-content\/uploads\/sites\/114\/2025\/06\/Fiche-PAP-2025-2026.pdf\">6) Fiche PAP 2025-2026<\/a><a href=\"https:\/\/etab.ac-reunion.fr\/lyc-jean-joly\/wp-content\/uploads\/sites\/114\/2025\/06\/Fiche-PAP-2025-2026.pdf\" class=\"wp-block-file__button wp-element-button\" download aria-describedby=\"wp-block-file--media-1a055635-5271-4f9d-9494-7fc87539994f\">T\u00e9l\u00e9charger<\/a><\/div>\n\n\n\n<div class=\"wp-block-file\"><a id=\"wp-block-file--media-459aa41d-f106-4676-9d42-2ef8123be471\" href=\"https:\/\/etab.ac-reunion.fr\/lyc-jean-joly\/wp-content\/uploads\/sites\/114\/2025\/06\/Fiche-rappel-vie-scolaire-.pdf\">7) Fiche rappel vie scolaire<\/a><a href=\"https:\/\/etab.ac-reunion.fr\/lyc-jean-joly\/wp-content\/uploads\/sites\/114\/2025\/06\/Fiche-rappel-vie-scolaire-.pdf\" class=\"wp-block-file__button wp-element-button\" download aria-describedby=\"wp-block-file--media-459aa41d-f106-4676-9d42-2ef8123be471\">T\u00e9l\u00e9charger<\/a><\/div>\n\n\n\n<div class=\"wp-block-file\"><a id=\"wp-block-file--media-221af003-91ee-4ac5-b940-8cc7bc8bd331\" href=\"https:\/\/etab.ac-reunion.fr\/lyc-jean-joly\/wp-content\/uploads\/sites\/114\/2025\/06\/mdl-1.pdf\">8) Fiche maison des lyc\u00e9ens<\/a><a href=\"https:\/\/etab.ac-reunion.fr\/lyc-jean-joly\/wp-content\/uploads\/sites\/114\/2025\/06\/mdl-1.pdf\" class=\"wp-block-file__button wp-element-button\" download aria-describedby=\"wp-block-file--media-221af003-91ee-4ac5-b940-8cc7bc8bd331\">T\u00e9l\u00e9charger<\/a><\/div>\n\n\n\n<div class=\"wp-block-file\"><a id=\"wp-block-file--media-380173b0-d1bb-43a4-9053-b85f2a5f5131\" href=\"https:\/\/etab.ac-reunion.fr\/lyc-jean-joly\/wp-content\/uploads\/sites\/114\/2025\/06\/NUMERISAK.pdf\">9) Fiche Numerisak<\/a><a href=\"https:\/\/etab.ac-reunion.fr\/lyc-jean-joly\/wp-content\/uploads\/sites\/114\/2025\/06\/NUMERISAK.pdf\" class=\"wp-block-file__button wp-element-button\" download aria-describedby=\"wp-block-file--media-380173b0-d1bb-43a4-9053-b85f2a5f5131\">T\u00e9l\u00e9charger<\/a><\/div>\n\n\n\n<div class=\"wp-block-file\"><a id=\"wp-block-file--media-bcbaa566-6a37-4de8-8385-b690dee629d7\" href=\"https:\/\/etab.ac-reunion.fr\/lyc-jean-joly\/wp-content\/uploads\/sites\/114\/2025\/06\/Fiche-option-seconde-2025-2026.pdf\">10) Fiche option seconde 2025-2026<\/a><a href=\"https:\/\/etab.ac-reunion.fr\/lyc-jean-joly\/wp-content\/uploads\/sites\/114\/2025\/06\/Fiche-option-seconde-2025-2026.pdf\" class=\"wp-block-file__button wp-element-button\" download aria-describedby=\"wp-block-file--media-bcbaa566-6a37-4de8-8385-b690dee629d7\">T\u00e9l\u00e9charger<\/a><\/div>\n\n\n\n<div class=\"wp-block-file\"><a id=\"wp-block-file--media-1f4fde0b-e9a0-450b-9afa-afe25d632c6a\" href=\"https:\/\/etab.ac-reunion.fr\/lyc-jean-joly\/wp-content\/uploads\/sites\/114\/2025\/06\/consentement-bourse-NOUVEAUX-ARRIVANTS-1.pdf\">11) consentement bourse NOUVEAUX ARRIVANTS<\/a><a href=\"https:\/\/etab.ac-reunion.fr\/lyc-jean-joly\/wp-content\/uploads\/sites\/114\/2025\/06\/consentement-bourse-NOUVEAUX-ARRIVANTS-1.pdf\" class=\"wp-block-file__button wp-element-button\" download aria-describedby=\"wp-block-file--media-1f4fde0b-e9a0-450b-9afa-afe25d632c6a\">T\u00e9l\u00e9charger<\/a><\/div>\n\n\n\n<p><\/p>\n","protected":false},"excerpt":{"rendered":"<p>Vous souhaitez inscrire votre enfant en seconde au LPO Jean JOLY pour l\u2019ann\u00e9e 2025-2026, suite \u00e0 son affectation par le SAIO le Vendredi 27 Juin 2025. Dans le cadre de&#8230;<\/p>\n<p> <a class=\"continue-reading-link\" href=\"https:\/\/etab.ac-reunion.fr\/lyc-jean-joly\/inscriptions-secondes-generales\/\"><span>Lire la suite<\/span><i class=\"crycon-right-dir\"><\/i><\/a> <\/p>\n","protected":false},"author":4396,"featured_media":0,"parent":0,"menu_order":0,"comment_status":"closed","ping_status":"closed","template":"","meta":{"footnotes":""},"class_list":["post-3677","page","type-page","status-publish","hentry"],"_links":{"self":[{"href":"https:\/\/etab.ac-reunion.fr\/lyc-jean-joly\/wp-json\/wp\/v2\/pages\/3677","targetHints":{"allow":["GET"]}}],"collection":[{"href":"https:\/\/etab.ac-reunion.fr\/lyc-jean-joly\/wp-json\/wp\/v2\/pages"}],"about":[{"href":"https:\/\/etab.ac-reunion.fr\/lyc-jean-joly\/wp-json\/wp\/v2\/types\/page"}],"author":[{"embeddable":true,"href":"https:\/\/etab.ac-reunion.fr\/lyc-jean-joly\/wp-json\/wp\/v2\/users\/4396"}],"replies":[{"embeddable":true,"href":"https:\/\/etab.ac-reunion.fr\/lyc-jean-joly\/wp-json\/wp\/v2\/comments?post=3677"}],"version-history":[{"count":41,"href":"https:\/\/etab.ac-reunion.fr\/lyc-jean-joly\/wp-json\/wp\/v2\/pages\/3677\/revisions"}],"predecessor-version":[{"id":8603,"href":"https:\/\/etab.ac-reunion.fr\/lyc-jean-joly\/wp-json\/wp\/v2\/pages\/3677\/revisions\/8603"}],"wp:attachment":[{"href":"https:\/\/etab.ac-reunion.fr\/lyc-jean-joly\/wp-json\/wp\/v2\/media?parent=3677"}],"curies":[{"name":"wp","href":"https:\/\/api.w.org\/{rel}","templated":true}]}}