{"id":3700,"date":"2020-06-25T23:44:34","date_gmt":"2020-06-25T19:44:34","guid":{"rendered":"http:\/\/lycee-jeanjoly.ac-reunion.fr\/?page_id=3700"},"modified":"2025-06-23T09:48:18","modified_gmt":"2025-06-23T05:48:18","slug":"inscriptions-2nde-pro-tcb","status":"publish","type":"page","link":"https:\/\/etab.ac-reunion.fr\/lyc-jean-joly\/inscriptions-2nde-pro-tcb\/","title":{"rendered":"Inscriptions &#8211; 2nde PRO TCB"},"content":{"rendered":"\n<p>Vous allez inscrire votre enfant en seconde professionnelle TCB au LPO Jean JOLY pour l\u2019ann\u00e9e 2025-2026, suite \u00e0 son affectation par le SAIO le Vendredi  27 Juin 2025.<\/p>\n\n\n\n<p>Dans le cadre de la t\u00e9l\u00e9 inscription, vous trouverez toute la proc\u00e9dure de t\u00e9l\u00e9inscription sur votre espace EDUCONNECT (modalit\u00e9s et pi\u00e8ces \u00e0 fournir) \u00e0 compter du Jeudi 26 Juin.<\/p>\n\n\n\n<p>Une r\u00e9union d&rsquo;accueil des responsables l\u00e9gaux et de l&rsquo;\u00e9l\u00e8ve affect\u00e9 en seconde Pro, est programm\u00e9e le Mardi 1er Juillet \u00e0 10H00. Vous serez accueillis par la direction, la CPE, et le DDFPT. L\u2019inscription se fera de 11h00 \u00e0 12h30.<\/p>\n\n\n\n<p>Pour les parents qui n&rsquo;auront pas fait la t\u00e9l\u00e9inscription avant cette r\u00e9union, munissez-vous IMP\u00c9RATIVEMENT de votre identifiant et du mot de passe Educonnect sans lesquels l&rsquo;inscription ne pourra \u00eatre r\u00e9alis\u00e9e.<\/p>\n\n\n\n<p>les documents suivant seront \u00e0 remplir sur place le jour de l&rsquo;inscription: <strong>Fiche rappel Vie scolaire<\/strong> \/ <strong>Gratification PFMP<\/strong> \/ <strong>Autorisation parentale pour la valorisation des PFMP<\/strong> \/ <strong>Liste des mat\u00e9riels  scolaires<\/strong><\/p>\n\n\n\n<p>Pour toute assistance pour cette proc\u00e9dure d&rsquo;inscription, vous pouvez appeler sur le num\u00e9ro suivant<\/p>\n\n\n\n<p><strong>0693 51 21 55<\/strong>.<\/p>\n\n\n\n<p class=\"has-luminous-vivid-orange-color has-text-color has-link-color wp-elements-bd4eb2a8ff2124ae2029b776f56ddb5e\"><strong>Documents \u00e0 t\u00e9l\u00e9charger, \u00e0 remplir et \u00e0 ramener au moment de l&rsquo;inscription :<\/strong><\/p>\n\n\n\n<div class=\"wp-block-file\"><a id=\"wp-block-file--media-d7de19f7-e5a8-472d-9dba-6aede1e467d0\" href=\"https:\/\/etab.ac-reunion.fr\/lyc-jean-joly\/wp-content\/uploads\/sites\/114\/2024\/06\/2NDE-TCB-conseils-pour-lutilisation-des-outils-numeriques-1.pdf\">1) Conseils pour l&rsquo;utilisation des outils num\u00e9riques<\/a><a href=\"https:\/\/etab.ac-reunion.fr\/lyc-jean-joly\/wp-content\/uploads\/sites\/114\/2024\/06\/2NDE-TCB-conseils-pour-lutilisation-des-outils-numeriques-1.pdf\" class=\"wp-block-file__button wp-element-button\" download aria-describedby=\"wp-block-file--media-d7de19f7-e5a8-472d-9dba-6aede1e467d0\">T\u00e9l\u00e9charger<\/a><\/div>\n\n\n\n<div class=\"wp-block-file\"><a id=\"wp-block-file--media-5addecfe-cfc9-4127-b599-eda91c952295\" href=\"https:\/\/etab.ac-reunion.fr\/lyc-jean-joly\/wp-content\/uploads\/sites\/114\/2025\/06\/Evacuation-2025-2026pdf-4.pdf\">2) Fiche d&rsquo;\u00e9vacuation 2025-2026<\/a><a href=\"https:\/\/etab.ac-reunion.fr\/lyc-jean-joly\/wp-content\/uploads\/sites\/114\/2025\/06\/Evacuation-2025-2026pdf-4.pdf\" class=\"wp-block-file__button wp-element-button\" download aria-describedby=\"wp-block-file--media-5addecfe-cfc9-4127-b599-eda91c952295\">T\u00e9l\u00e9charger<\/a><\/div>\n\n\n\n<div class=\"wp-block-file\"><a id=\"wp-block-file--media-6b377c4d-9d0c-4a42-9d03-2f89178e4cdd\" href=\"https:\/\/etab.ac-reunion.fr\/lyc-jean-joly\/wp-content\/uploads\/sites\/114\/2025\/06\/fiche-de-gestion-2025-2026-1.pdf\">3) Fiche de gestion 2025 2026<\/a><a href=\"https:\/\/etab.ac-reunion.fr\/lyc-jean-joly\/wp-content\/uploads\/sites\/114\/2025\/06\/fiche-de-gestion-2025-2026-1.pdf\" class=\"wp-block-file__button wp-element-button\" download aria-describedby=\"wp-block-file--media-6b377c4d-9d0c-4a42-9d03-2f89178e4cdd\">T\u00e9l\u00e9charger<\/a><\/div>\n\n\n\n<div class=\"wp-block-file\"><a id=\"wp-block-file--media-b5906f14-8aa3-4ae4-a321-0611f571439c\" href=\"https:\/\/etab.ac-reunion.fr\/lyc-jean-joly\/wp-content\/uploads\/sites\/114\/2025\/06\/Fiche-PAP-2025-2026-1.pdf\">6) Fiche PAP 2025-2026<\/a><a href=\"https:\/\/etab.ac-reunion.fr\/lyc-jean-joly\/wp-content\/uploads\/sites\/114\/2025\/06\/Fiche-PAP-2025-2026-1.pdf\" class=\"wp-block-file__button wp-element-button\" download aria-describedby=\"wp-block-file--media-b5906f14-8aa3-4ae4-a321-0611f571439c\">T\u00e9l\u00e9charger<\/a><\/div>\n\n\n\n<div class=\"wp-block-file\"><a id=\"wp-block-file--media-9f521d14-7441-4cfc-a8e6-252d0c1372ea\" href=\"https:\/\/etab.ac-reunion.fr\/lyc-jean-joly\/wp-content\/uploads\/sites\/114\/2025\/06\/fiche-infirmerie-4.pdf\">7) Fiche infirmerie<\/a><a href=\"https:\/\/etab.ac-reunion.fr\/lyc-jean-joly\/wp-content\/uploads\/sites\/114\/2025\/06\/fiche-infirmerie-4.pdf\" class=\"wp-block-file__button wp-element-button\" download aria-describedby=\"wp-block-file--media-9f521d14-7441-4cfc-a8e6-252d0c1372ea\">T\u00e9l\u00e9charger<\/a><\/div>\n\n\n\n<div class=\"wp-block-file\"><a id=\"wp-block-file--media-62d9412e-f934-4500-abc2-2e833081e75c\" href=\"https:\/\/etab.ac-reunion.fr\/lyc-jean-joly\/wp-content\/uploads\/sites\/114\/2024\/06\/2-PRO-TCB-mdl.adhesion-11.pdf\">8) Adh\u00e9sion Maison des lyc\u00e9ens<\/a><a href=\"https:\/\/etab.ac-reunion.fr\/lyc-jean-joly\/wp-content\/uploads\/sites\/114\/2024\/06\/2-PRO-TCB-mdl.adhesion-11.pdf\" class=\"wp-block-file__button wp-element-button\" download aria-describedby=\"wp-block-file--media-62d9412e-f934-4500-abc2-2e833081e75c\">T\u00e9l\u00e9charger<\/a><\/div>\n\n\n\n<div class=\"wp-block-file\"><a id=\"wp-block-file--media-7b40f7cf-3c2e-43a8-87b3-fd5cd8b9b304\" href=\"https:\/\/etab.ac-reunion.fr\/lyc-jean-joly\/wp-content\/uploads\/sites\/114\/2025\/06\/NUMERISAK-1.pdf\">9) Fiche NUMERISAK<\/a><a href=\"https:\/\/etab.ac-reunion.fr\/lyc-jean-joly\/wp-content\/uploads\/sites\/114\/2025\/06\/NUMERISAK-1.pdf\" class=\"wp-block-file__button wp-element-button\" download aria-describedby=\"wp-block-file--media-7b40f7cf-3c2e-43a8-87b3-fd5cd8b9b304\">T\u00e9l\u00e9charger<\/a><\/div>\n\n\n\n<div class=\"wp-block-file\"><a id=\"wp-block-file--media-b80b123f-998f-4954-bfc4-97f2e0948c4c\" href=\"https:\/\/etab.ac-reunion.fr\/lyc-jean-joly\/wp-content\/uploads\/sites\/114\/2025\/06\/2PRO-1STI2D-ST2S-BTS1-Questionnaire-sante-parents-entrants.pdf\">10) Questionnaire sant\u00e9 parents<\/a><a href=\"https:\/\/etab.ac-reunion.fr\/lyc-jean-joly\/wp-content\/uploads\/sites\/114\/2025\/06\/2PRO-1STI2D-ST2S-BTS1-Questionnaire-sante-parents-entrants.pdf\" class=\"wp-block-file__button wp-element-button\" download aria-describedby=\"wp-block-file--media-b80b123f-998f-4954-bfc4-97f2e0948c4c\">T\u00e9l\u00e9charger<\/a><\/div>\n\n\n\n<p><\/p>\n","protected":false},"excerpt":{"rendered":"<p>Vous allez inscrire votre enfant en seconde professionnelle TCB au LPO Jean JOLY pour l\u2019ann\u00e9e 2025-2026, suite \u00e0 son affectation par le SAIO le Vendredi 27 Juin 2025. Dans le&#8230;<\/p>\n<p> <a class=\"continue-reading-link\" href=\"https:\/\/etab.ac-reunion.fr\/lyc-jean-joly\/inscriptions-2nde-pro-tcb\/\"><span>Lire la suite<\/span><i class=\"crycon-right-dir\"><\/i><\/a> <\/p>\n","protected":false},"author":4396,"featured_media":0,"parent":0,"menu_order":0,"comment_status":"closed","ping_status":"closed","template":"","meta":{"footnotes":""},"class_list":["post-3700","page","type-page","status-publish","hentry"],"_links":{"self":[{"href":"https:\/\/etab.ac-reunion.fr\/lyc-jean-joly\/wp-json\/wp\/v2\/pages\/3700","targetHints":{"allow":["GET"]}}],"collection":[{"href":"https:\/\/etab.ac-reunion.fr\/lyc-jean-joly\/wp-json\/wp\/v2\/pages"}],"about":[{"href":"https:\/\/etab.ac-reunion.fr\/lyc-jean-joly\/wp-json\/wp\/v2\/types\/page"}],"author":[{"embeddable":true,"href":"https:\/\/etab.ac-reunion.fr\/lyc-jean-joly\/wp-json\/wp\/v2\/users\/4396"}],"replies":[{"embeddable":true,"href":"https:\/\/etab.ac-reunion.fr\/lyc-jean-joly\/wp-json\/wp\/v2\/comments?post=3700"}],"version-history":[{"count":30,"href":"https:\/\/etab.ac-reunion.fr\/lyc-jean-joly\/wp-json\/wp\/v2\/pages\/3700\/revisions"}],"predecessor-version":[{"id":8591,"href":"https:\/\/etab.ac-reunion.fr\/lyc-jean-joly\/wp-json\/wp\/v2\/pages\/3700\/revisions\/8591"}],"wp:attachment":[{"href":"https:\/\/etab.ac-reunion.fr\/lyc-jean-joly\/wp-json\/wp\/v2\/media?parent=3700"}],"curies":[{"name":"wp","href":"https:\/\/api.w.org\/{rel}","templated":true}]}}