{"id":3713,"date":"2020-06-25T23:47:03","date_gmt":"2020-06-25T19:47:03","guid":{"rendered":"http:\/\/lycee-jeanjoly.ac-reunion.fr\/?page_id=3713"},"modified":"2025-06-19T10:01:31","modified_gmt":"2025-06-19T06:01:31","slug":"bts-2ere-annee","status":"publish","type":"page","link":"https:\/\/etab.ac-reunion.fr\/lyc-jean-joly\/bts-2ere-annee\/","title":{"rendered":"R\u00e9inscriptions &#8211; BTS 2\u1d49 ann\u00e9e \u2014 Ann\u00e9e scolaire 2025\/2026"},"content":{"rendered":"\n<p>Les \u00e9tudiants de 1\u02b3\u1d49 ann\u00e9e de BTS qui ont \u00e9t\u00e9 autoris\u00e9s \u00e0 int\u00e9grer la 2\u1d49 ann\u00e9e sont <strong>pr\u00e9-inscrits automatiquement en 2\u1d49 ann\u00e9e<\/strong>.&nbsp;<br><\/p>\n\n\n\n<ul class=\"wp-block-list\">\n<li><strong>Copie de l\u2019attestation d\u2019assurance en responsabilit\u00e9 civile<\/strong> ;<\/li>\n\n\n\n<li><strong>Copie de l\u2019attestation de recensement<\/strong> ou de la journ\u00e9e d\u2019appel ;<\/li>\n\n\n\n<li><strong>Un ch\u00e8que de 7.50\u20ac<\/strong> (ordre : \u00ab&nbsp;agent comptable du lyc\u00e9e Jean Joly&nbsp;\u00bb) <strong>ou esp\u00e8ces<\/strong> pour financer le T-shirt de l\u2019atelier, qui sera distribu\u00e9 \u00e0 la rentr\u00e9e. <strong>Cet achat est OBLIGATOIRE pour chaque rentr\u00e9e.<\/strong><\/li>\n\n\n\n<li><strong>Copie de la notification de bourse pour la nouvelle ann\u00e9e scolaire <\/strong><\/li>\n<\/ul>\n\n\n\n<p>Lors de votre rentr\u00e9e du <strong>mercredi 20 ao\u00fbt<\/strong> 2025 de 7h30 \u00e0 10h30 (accueil par le professeur principal), la vie scolaire fera un point avec vous sur le reste des documents \u00e0 ramener.<\/p>\n","protected":false},"excerpt":{"rendered":"<p>Les \u00e9tudiants de 1\u02b3\u1d49 ann\u00e9e de BTS qui ont \u00e9t\u00e9 autoris\u00e9s \u00e0 int\u00e9grer la 2\u1d49 ann\u00e9e sont pr\u00e9-inscrits automatiquement en 2\u1d49 ann\u00e9e.&nbsp; Lors de votre rentr\u00e9e du mercredi 20 ao\u00fbt&#8230;<\/p>\n<p> <a class=\"continue-reading-link\" href=\"https:\/\/etab.ac-reunion.fr\/lyc-jean-joly\/bts-2ere-annee\/\"><span>Lire la suite<\/span><i class=\"crycon-right-dir\"><\/i><\/a> <\/p>\n","protected":false},"author":4396,"featured_media":0,"parent":0,"menu_order":0,"comment_status":"closed","ping_status":"closed","template":"","meta":{"footnotes":""},"class_list":["post-3713","page","type-page","status-publish","hentry"],"_links":{"self":[{"href":"https:\/\/etab.ac-reunion.fr\/lyc-jean-joly\/wp-json\/wp\/v2\/pages\/3713","targetHints":{"allow":["GET"]}}],"collection":[{"href":"https:\/\/etab.ac-reunion.fr\/lyc-jean-joly\/wp-json\/wp\/v2\/pages"}],"about":[{"href":"https:\/\/etab.ac-reunion.fr\/lyc-jean-joly\/wp-json\/wp\/v2\/types\/page"}],"author":[{"embeddable":true,"href":"https:\/\/etab.ac-reunion.fr\/lyc-jean-joly\/wp-json\/wp\/v2\/users\/4396"}],"replies":[{"embeddable":true,"href":"https:\/\/etab.ac-reunion.fr\/lyc-jean-joly\/wp-json\/wp\/v2\/comments?post=3713"}],"version-history":[{"count":22,"href":"https:\/\/etab.ac-reunion.fr\/lyc-jean-joly\/wp-json\/wp\/v2\/pages\/3713\/revisions"}],"predecessor-version":[{"id":8542,"href":"https:\/\/etab.ac-reunion.fr\/lyc-jean-joly\/wp-json\/wp\/v2\/pages\/3713\/revisions\/8542"}],"wp:attachment":[{"href":"https:\/\/etab.ac-reunion.fr\/lyc-jean-joly\/wp-json\/wp\/v2\/media?parent=3713"}],"curies":[{"name":"wp","href":"https:\/\/api.w.org\/{rel}","templated":true}]}}