{"id":430,"date":"2015-11-20T10:05:30","date_gmt":"2015-11-20T09:05:30","guid":{"rendered":"http:\/\/lycee-jean-joly.ac-reunion.fr\/?page_id=430"},"modified":"2025-01-28T14:36:20","modified_gmt":"2025-01-28T10:36:20","slug":"bts-systemes-constructifs-bois-et-habitat","status":"publish","type":"page","link":"https:\/\/etab.ac-reunion.fr\/lyc-jean-joly\/bts-systemes-constructifs-bois-et-habitat\/","title":{"rendered":"Le BTS SCBH : Syst\u00e8mes Constructifs Bois et Habitat"},"content":{"rendered":"\n<blockquote class=\"wp-block-quote has-text-align-center is-layout-flow wp-block-quote-is-layout-flow\">\n<figure class=\"wp-block-video\"><video height=\"1080\" style=\"aspect-ratio: 1920 \/ 1080;\" width=\"1920\" controls src=\"https:\/\/etab.ac-reunion.fr\/lyc-jean-joly\/wp-content\/uploads\/sites\/114\/2021\/03\/Presentatio-SCBH.mp4\"><\/video><\/figure>\n<\/blockquote>\n\n\n\n<h3 class=\"wp-block-heading\"><strong>Un BTS, c\u2019est quoi&nbsp;?<\/strong><\/h3>\n\n\n\n<p>Le <strong>brevet de technicien sup\u00e9rieur<\/strong> est un dipl\u00f4me obtenu en <strong>2 ans<\/strong>, apr\u00e8s le bac. Il permet de <strong>monter en comp\u00e9tences<\/strong> et d&rsquo;acqu\u00e9rir de nombreuses connaissances dans le <strong>domaine de la construction bois.<\/strong><\/p>\n\n\n<div class=\"wp-block-image\">\n<figure class=\"aligncenter size-large is-resized\"><img loading=\"lazy\" decoding=\"async\" width=\"1024\" height=\"484\" src=\"https:\/\/etab.ac-reunion.fr\/lyc-jean-joly\/wp-content\/uploads\/sites\/114\/2021\/03\/BTS-SCBH-sur-machine-a-commande-numerique-1024x484.jpg\" alt=\"\" class=\"wp-image-4582\" style=\"width:650px;height:298px\" srcset=\"https:\/\/etab.ac-reunion.fr\/lyc-jean-joly\/wp-content\/uploads\/sites\/114\/2021\/03\/BTS-SCBH-sur-machine-a-commande-numerique-1024x484.jpg 1024w, https:\/\/etab.ac-reunion.fr\/lyc-jean-joly\/wp-content\/uploads\/sites\/114\/2021\/03\/BTS-SCBH-sur-machine-a-commande-numerique-300x142.jpg 300w, https:\/\/etab.ac-reunion.fr\/lyc-jean-joly\/wp-content\/uploads\/sites\/114\/2021\/03\/BTS-SCBH-sur-machine-a-commande-numerique-150x71.jpg 150w, https:\/\/etab.ac-reunion.fr\/lyc-jean-joly\/wp-content\/uploads\/sites\/114\/2021\/03\/BTS-SCBH-sur-machine-a-commande-numerique.jpg 1044w\" sizes=\"auto, (max-width: 1024px) 100vw, 1024px\" \/><figcaption class=\"wp-element-caption\"><em><span class=\"has-inline-color has-cyan-bluish-gray-color\">Cr\u00e9dit photographique : Elsa FOUGEROUSE<\/span><\/em><\/figcaption><\/figure>\n<\/div>\n\n\n<h3 class=\"wp-block-heading\"><strong>Pourquoi aller en BTS&nbsp;?<\/strong><strong><\/strong><\/h3>\n\n\n\n<p>Le BTS vous permettra d\u2019\u00eatre performant dans les missions&nbsp;:<\/p>\n\n\n\n<ul class=\"wp-block-list\">\n<li>de <strong>dessin en 2D et 3D<\/strong>, sur Cadwork notamment&nbsp;;<\/li>\n\n\n\n<li>de <strong>conception<\/strong> et calcul de structure&nbsp;;<\/li>\n\n\n\n<li>de <strong>conception<\/strong> d\u2019habitat&nbsp;;<\/li>\n\n\n\n<li>de <strong>pr\u00e9paration de chantier&nbsp;<\/strong>;<\/li>\n\n\n\n<li>de <strong>gestion de probl\u00e9matiques<\/strong> (qualit\u00e9, s\u00e9curit\u00e9, environnement) ;<\/li>\n\n\n\n<li>de <strong>management<\/strong>.<\/li>\n<\/ul>\n\n\n\n<p>Il vous permettra de b\u00e9n\u00e9ficier d&rsquo;une <strong>meilleure reconnaissance professionnelle<\/strong>. Avec de l&rsquo;exp\u00e9rience, vous pourrez rapidement \u00e9voluer vers des postes \u00e0 responsabilit\u00e9s.<\/p>\n\n\n<div class=\"wp-block-image\">\n<figure class=\"aligncenter size-large is-resized\"><img loading=\"lazy\" decoding=\"async\" width=\"1024\" height=\"768\" src=\"https:\/\/etab.ac-reunion.fr\/lyc-jean-joly\/wp-content\/uploads\/sites\/114\/2021\/03\/Dessin-en-3D-sur-Cadwork-1024x768.jpg\" alt=\"\" class=\"wp-image-4583\" style=\"width:650px;height:473px\" srcset=\"https:\/\/etab.ac-reunion.fr\/lyc-jean-joly\/wp-content\/uploads\/sites\/114\/2021\/03\/Dessin-en-3D-sur-Cadwork-1024x768.jpg 1024w, https:\/\/etab.ac-reunion.fr\/lyc-jean-joly\/wp-content\/uploads\/sites\/114\/2021\/03\/Dessin-en-3D-sur-Cadwork-300x225.jpg 300w, https:\/\/etab.ac-reunion.fr\/lyc-jean-joly\/wp-content\/uploads\/sites\/114\/2021\/03\/Dessin-en-3D-sur-Cadwork-1536x1152.jpg 1536w, https:\/\/etab.ac-reunion.fr\/lyc-jean-joly\/wp-content\/uploads\/sites\/114\/2021\/03\/Dessin-en-3D-sur-Cadwork-2048x1536.jpg 2048w, https:\/\/etab.ac-reunion.fr\/lyc-jean-joly\/wp-content\/uploads\/sites\/114\/2021\/03\/Dessin-en-3D-sur-Cadwork-150x113.jpg 150w\" sizes=\"auto, (max-width: 1024px) 100vw, 1024px\" \/><figcaption class=\"wp-element-caption\"><em><span class=\"has-inline-color has-cyan-bluish-gray-color\">Cr\u00e9dit photographique : Elsa FOUGEROUSE<\/span><\/em><\/figcaption><\/figure>\n<\/div>\n\n\n<h3 class=\"wp-block-heading\"><strong>Quelles diff\u00e9rences entre un Bac Pro TCB et un BTS SCBH&nbsp;?<\/strong><\/h3>\n\n\n\n<p>Un <strong>bac professionnel TCB<\/strong> d\u00e9bouche sur une carri\u00e8re de <strong>technicien qualifi\u00e9 pour la construction<\/strong> bois, que ce soit \u00e0 la fabrication en atelier ou \u00e0 la pose sur chantier.<\/p>\n\n\n\n<p>En choisissant de vous former en <strong>BTS SCBH<\/strong>, vous vous donnez la possibilit\u00e9 de devenir <strong>technicien de bureau d\u2019\u00e9tudes<\/strong>, <strong>chef de chantier, projeteur<\/strong>&#8230; Vos comp\u00e9tences vous permettent de vous occuper d\u2019un chantier de petite \u00e0 moyenne envergure de A \u00e0 Z&nbsp;: conception, calcul, dessin, pr\u00e9paration de chantier, fabrication, levage.<\/p>\n\n\n\n<figure class=\"wp-block-table aligncenter is-style-stripes\"><table><tbody><tr><td>&nbsp;<\/td><td><strong>Bac Pro TCB<\/strong><\/td><td><strong>BTS SCBH<\/strong><\/td><\/tr><tr><td><strong>Dur\u00e9e de la formation<\/strong><\/td><td>3 ans apr\u00e8s le brevet<\/td><td>2 ans apr\u00e8s le bac<\/td><\/tr><tr><td><strong>Mati\u00e8res g\u00e9n\u00e9rales<\/strong><\/td><td>18,5h\/semaine<\/td><td>11h\/semaine<\/td><\/tr><tr><td><strong>Mati\u00e8res professionnelles th\u00e9oriques (conception et industrialisation)<\/strong><\/td><td>8h\/semaine<\/td><td>18h\/semaine<\/td><\/tr><tr><td><strong>Mati\u00e8res professionnelles pratiques (atelier)<\/strong><\/td><td>6h\/semaine<\/td><td>4h\/semaine<\/td><\/tr><tr><td><strong>Stages<\/strong><\/td><td>22 semaines r\u00e9parties sur 3 ans<\/td><td>6 \u00e0 8 semaines en une seule fois<\/td><\/tr><\/tbody><\/table><figcaption class=\"wp-element-caption\">Comparaison de la grille horaire du Bac Pro TCB et du BTS SCBH<\/figcaption><\/figure>\n\n\n\n<h3 class=\"wp-block-heading\"><strong>Quelles diff\u00e9rences entre un bac STI2D et un BTS SCBH&nbsp;?<\/strong><\/h3>\n\n\n\n<p>Un <strong>bac STI2D<\/strong> vous permet d\u2019acqu\u00e9rir des <strong>m\u00e9thodes de travail<\/strong> et de d\u00e9couvrir les <strong>3 domaines du monde de la technologie<\/strong>&nbsp;: l\u2019\u00e9nergie, la mati\u00e8re, l\u2019information.<\/p>\n\n\n\n<p>Choisir de poursuivre vos \u00e9tudes en BTS SCBH, c\u2019est choisir de <strong>vous former \u00e0 un m\u00e9tier<\/strong> et vous donner la possibilit\u00e9 <strong>d\u2019int\u00e9grer le monde du travail<\/strong> au bout de 2 ans de formation. Vous y apprendrez \u00e0 <strong>concevoir des ouvrages en bois <\/strong>d\u2019un point de vue structurel, mais aussi thermique et acoustique. Vous apprendrez \u00e9galement \u00e0 <strong>g\u00e9rer un chantier depuis sa pr\u00e9paration jusqu\u2019\u00e0 sa r\u00e9ception.<\/strong><\/p>\n\n\n\n<p>Vos comp\u00e9tences acquises dans les mati\u00e8res g\u00e9n\u00e9rales vous permettront de vous concentrer sur les mati\u00e8res techniques.<\/p>\n\n\n\n<figure class=\"wp-block-table aligncenter is-style-stripes\"><table><tbody><tr><td>&nbsp;<\/td><td><strong>Bac STI2D<\/strong><\/td><td><strong>BTS SCBH<\/strong><\/td><\/tr><tr><td><strong>Dur\u00e9e de la formation<\/strong><\/td><td>3 ans apr\u00e8s le brevet<\/td><td>2 ans apr\u00e8s le bac<\/td><\/tr><tr><td><strong>Mati\u00e8res g\u00e9n\u00e9rales<\/strong><\/td><td>22 h\/semaine<\/td><td>11h\/semaine<\/td><\/tr><tr><td><strong>Mati\u00e8res techniques th\u00e9oriques (conception et industrialisation)<\/strong><\/td><td>8 h\/semaine<\/td><td>18h\/semaine<\/td><\/tr><tr><td><strong>Mati\u00e8res techniques pratiques (atelier)<\/strong><\/td><td>4 h\/semaine<\/td><td>4h\/semaine<\/td><\/tr><tr><td><strong>Stages<\/strong><\/td><td>Aucun<\/td><td>6 \u00e0 8 semaines en une seule fois<\/td><\/tr><\/tbody><\/table><figcaption class=\"wp-element-caption\">Comparaison des grilles horaires du bac STI2D et du BTS SCBH<\/figcaption><\/figure>\n\n\n\n<h3 class=\"wp-block-heading\"><strong>A qui est-il destin\u00e9&nbsp;?<\/strong><\/h3>\n\n\n\n<p>Les <strong>BAC PRO TCB<\/strong> ou <strong>BAC STI2D<\/strong> sont les profils les plus courants. Mais les candidatures sont ouvertes \u00e0 tous les <strong>titulaires d&rsquo;un bac<\/strong>.<\/p>\n\n\n\n<h2 class=\"wp-block-heading has-text-align-center\"><strong><span class=\"has-inline-color has-luminous-vivid-orange-color\">15 places disponibles<\/span><\/strong><\/h2>\n\n\n<div class=\"wp-block-image\">\n<figure class=\"aligncenter size-large is-resized\"><img loading=\"lazy\" decoding=\"async\" width=\"608\" height=\"380\" src=\"https:\/\/etab.ac-reunion.fr\/lyc-jean-joly\/wp-content\/uploads\/sites\/114\/2021\/03\/Repartition-des-places-en-BTS.png\" alt=\"\" class=\"wp-image-4570\" style=\"width:304px;height:190px\" srcset=\"https:\/\/etab.ac-reunion.fr\/lyc-jean-joly\/wp-content\/uploads\/sites\/114\/2021\/03\/Repartition-des-places-en-BTS.png 608w, https:\/\/etab.ac-reunion.fr\/lyc-jean-joly\/wp-content\/uploads\/sites\/114\/2021\/03\/Repartition-des-places-en-BTS-300x188.png 300w, https:\/\/etab.ac-reunion.fr\/lyc-jean-joly\/wp-content\/uploads\/sites\/114\/2021\/03\/Repartition-des-places-en-BTS-150x94.png 150w\" sizes=\"auto, (max-width: 608px) 100vw, 608px\" \/><figcaption class=\"wp-element-caption\">R\u00e9partition du nombre de places en BTS SCBH selon le bac obtenu<\/figcaption><\/figure>\n<\/div>\n\n\n<h3 class=\"wp-block-heading\"><strong>Qu\u2019est-ce qu\u2019on y apprend&nbsp;?<\/strong><\/h3>\n\n\n\n<p>Le BTS SCBH forme des futurs techniciens dans le domaine de la construction bois. Les th\u00e9matiques abord\u00e9es sont vari\u00e9es : <strong>connaissance des mat\u00e9riaux, conception de structure, r\u00e9sistance des mat\u00e9riaux, thermique, acoustique, pr\u00e9paration de chantier, fabrication d\u2019ouvrages.<\/strong><\/p>\n\n\n<div class=\"wp-block-image\">\n<figure class=\"aligncenter size-large is-resized\"><img loading=\"lazy\" decoding=\"async\" width=\"1024\" height=\"683\" src=\"https:\/\/etab.ac-reunion.fr\/lyc-jean-joly\/wp-content\/uploads\/sites\/114\/2021\/03\/Essai-de-materiaux-1024x683.jpg\" alt=\"\" class=\"wp-image-4584\" style=\"width:650px;height:390px\" srcset=\"https:\/\/etab.ac-reunion.fr\/lyc-jean-joly\/wp-content\/uploads\/sites\/114\/2021\/03\/Essai-de-materiaux-1024x683.jpg 1024w, https:\/\/etab.ac-reunion.fr\/lyc-jean-joly\/wp-content\/uploads\/sites\/114\/2021\/03\/Essai-de-materiaux-300x200.jpg 300w, https:\/\/etab.ac-reunion.fr\/lyc-jean-joly\/wp-content\/uploads\/sites\/114\/2021\/03\/Essai-de-materiaux-1536x1024.jpg 1536w, https:\/\/etab.ac-reunion.fr\/lyc-jean-joly\/wp-content\/uploads\/sites\/114\/2021\/03\/Essai-de-materiaux-2048x1365.jpg 2048w, https:\/\/etab.ac-reunion.fr\/lyc-jean-joly\/wp-content\/uploads\/sites\/114\/2021\/03\/Essai-de-materiaux-150x100.jpg 150w\" sizes=\"auto, (max-width: 1024px) 100vw, 1024px\" \/><figcaption class=\"wp-element-caption\"><em><span class=\"has-inline-color has-cyan-bluish-gray-color\">Cr\u00e9dit photographique : Elsa FOUGEROUSE<\/span><\/em><\/figcaption><\/figure>\n<\/div>\n\n\n<p><strong>Une semaine type en BTS SCBH&nbsp;?<\/strong><\/p>\n\n\n\n<p>En formation initiale, vous b\u00e9n\u00e9ficiez de <strong>33 heures de cours<\/strong> par semaine, dont un tiers est d\u00e9di\u00e9 aux enseignements g\u00e9n\u00e9raux et deux tiers aux mati\u00e8res techniques.<\/p>\n\n\n<div class=\"wp-block-image\">\n<figure class=\"aligncenter size-large is-resized\"><img loading=\"lazy\" decoding=\"async\" width=\"528\" height=\"264\" src=\"https:\/\/etab.ac-reunion.fr\/lyc-jean-joly\/wp-content\/uploads\/sites\/114\/2021\/03\/Grille-horaire-en-BTS-SCBH.png\" alt=\"\" class=\"wp-image-4585\" style=\"width:528px;height:264px\" srcset=\"https:\/\/etab.ac-reunion.fr\/lyc-jean-joly\/wp-content\/uploads\/sites\/114\/2021\/03\/Grille-horaire-en-BTS-SCBH.png 528w, https:\/\/etab.ac-reunion.fr\/lyc-jean-joly\/wp-content\/uploads\/sites\/114\/2021\/03\/Grille-horaire-en-BTS-SCBH-300x150.png 300w, https:\/\/etab.ac-reunion.fr\/lyc-jean-joly\/wp-content\/uploads\/sites\/114\/2021\/03\/Grille-horaire-en-BTS-SCBH-150x75.png 150w\" sizes=\"auto, (max-width: 528px) 100vw, 528px\" \/><figcaption class=\"wp-element-caption\">Grille horaire en BTS SCBH<\/figcaption><\/figure>\n<\/div>\n\n\n<h3 class=\"wp-block-heading\"><strong>Comment obtient-on le BTS&nbsp;?<\/strong><\/h3>\n\n\n\n<p>Certaines comp\u00e9tences seront \u00e9valu\u00e9es au cours des deux ann\u00e9es de formation (<strong>Contr\u00f4le en Cours de Formation<\/strong>). Les autres sont contr\u00f4l\u00e9es en fin de deuxi\u00e8me ann\u00e9e, sous forme d&rsquo;une <strong>\u00e9preuve \u00e9crite<\/strong> ou d&rsquo;une <strong>\u00e9preuve orale.<\/strong><\/p>\n\n\n\n<h3 class=\"wp-block-heading\"><strong>Des stages en entreprise&nbsp;?<\/strong><\/h3>\n\n\n\n<p>Au cours de votre formation, une p\u00e9riode de stage de <strong>6 \u00e0 8 semaines<\/strong> vous permettra de vous ouvrir sur le monde professionnel.<\/p>\n\n\n\n<p>De nombreuses entreprises partenaires du lyc\u00e9e sont pr\u00eates \u00e0 vous accueillir et cherchent \u00e0 recruter de jeunes talents \u00e0 la sortie de leur dipl\u00f4me. La fili\u00e8re du bois est en plein essor, n\u2019h\u00e9sitez plus \u00e0 la rejoindre&nbsp;!<\/p>\n\n\n\n<h3 class=\"wp-block-heading\"><strong>Une possibilit\u00e9 de faire mon BTS en alternance&nbsp;?<\/strong><\/h3>\n\n\n\n<p>Oui&nbsp;!<\/p>\n\n\n\n<p>Le lyc\u00e9e Jean Joly est habilit\u00e9 \u00e0 former des \u00e9tudiants sous le r\u00e9gime de l\u2019apprentissage. Vous avez ainsi la possibilit\u00e9 de suivre une formation mixte&nbsp;: <strong>la moiti\u00e9 du temps au lyc\u00e9e, l\u2019autre moiti\u00e9 en entreprise<\/strong>. Vous \u00eates alors <strong>r\u00e9mun\u00e9r\u00e9<\/strong> tout au long de votre formation.<\/p>\n\n\n<div class=\"wp-block-image\">\n<figure class=\"aligncenter size-large is-resized\"><img loading=\"lazy\" decoding=\"async\" width=\"728\" height=\"292\" src=\"https:\/\/etab.ac-reunion.fr\/lyc-jean-joly\/wp-content\/uploads\/sites\/114\/2021\/03\/Apprentissage-1.jpg\" alt=\"\" class=\"wp-image-4577\" style=\"width:355px;height:142px\" srcset=\"https:\/\/etab.ac-reunion.fr\/lyc-jean-joly\/wp-content\/uploads\/sites\/114\/2021\/03\/Apprentissage-1.jpg 728w, https:\/\/etab.ac-reunion.fr\/lyc-jean-joly\/wp-content\/uploads\/sites\/114\/2021\/03\/Apprentissage-1-300x120.jpg 300w, https:\/\/etab.ac-reunion.fr\/lyc-jean-joly\/wp-content\/uploads\/sites\/114\/2021\/03\/Apprentissage-1-150x60.jpg 150w\" sizes=\"auto, (max-width: 728px) 100vw, 728px\" \/><\/figure>\n<\/div>\n\n\n<h3 class=\"wp-block-heading\"><strong>Exemples de r\u00e9alisations au lyc\u00e9e Jean Joly<\/strong><\/h3>\n\n\n<div class=\"wp-block-image\">\n<figure class=\"aligncenter size-large is-resized\"><img loading=\"lazy\" decoding=\"async\" width=\"866\" height=\"650\" src=\"https:\/\/etab.ac-reunion.fr\/lyc-jean-joly\/wp-content\/uploads\/sites\/114\/2021\/03\/Construction-dun-abri-a-fontaine.jpg\" alt=\"\" class=\"wp-image-4586\" style=\"width:650px;height:488px\" srcset=\"https:\/\/etab.ac-reunion.fr\/lyc-jean-joly\/wp-content\/uploads\/sites\/114\/2021\/03\/Construction-dun-abri-a-fontaine.jpg 866w, https:\/\/etab.ac-reunion.fr\/lyc-jean-joly\/wp-content\/uploads\/sites\/114\/2021\/03\/Construction-dun-abri-a-fontaine-300x225.jpg 300w, https:\/\/etab.ac-reunion.fr\/lyc-jean-joly\/wp-content\/uploads\/sites\/114\/2021\/03\/Construction-dun-abri-a-fontaine-150x113.jpg 150w\" sizes=\"auto, (max-width: 866px) 100vw, 866px\" \/><figcaption class=\"wp-element-caption\"><em><span class=\"has-inline-color has-cyan-bluish-gray-color\">Cr\u00e9dit photographique : Eric GERBITH<\/span><\/em><\/figcaption><\/figure>\n<\/div>\n\n<div class=\"wp-block-image\">\n<figure class=\"aligncenter size-large is-resized\"><img loading=\"lazy\" decoding=\"async\" width=\"866\" height=\"650\" src=\"https:\/\/etab.ac-reunion.fr\/lyc-jean-joly\/wp-content\/uploads\/sites\/114\/2021\/03\/Realistion-dun-gabarit-de-cintrage.jpg\" alt=\"\" class=\"wp-image-4587\" style=\"width:650px;height:488px\" srcset=\"https:\/\/etab.ac-reunion.fr\/lyc-jean-joly\/wp-content\/uploads\/sites\/114\/2021\/03\/Realistion-dun-gabarit-de-cintrage.jpg 866w, https:\/\/etab.ac-reunion.fr\/lyc-jean-joly\/wp-content\/uploads\/sites\/114\/2021\/03\/Realistion-dun-gabarit-de-cintrage-300x225.jpg 300w, https:\/\/etab.ac-reunion.fr\/lyc-jean-joly\/wp-content\/uploads\/sites\/114\/2021\/03\/Realistion-dun-gabarit-de-cintrage-150x113.jpg 150w\" sizes=\"auto, (max-width: 866px) 100vw, 866px\" \/><figcaption class=\"wp-element-caption\"><em><span class=\"has-inline-color has-cyan-bluish-gray-color\">Cr\u00e9dit photographique : Eric GERBITH<\/span><\/em><\/figcaption><\/figure>\n<\/div>\n\n<div class=\"wp-block-image\">\n<figure class=\"aligncenter size-large is-resized\"><img loading=\"lazy\" decoding=\"async\" width=\"408\" height=\"306\" src=\"https:\/\/etab.ac-reunion.fr\/lyc-jean-joly\/wp-content\/uploads\/sites\/114\/2021\/03\/Pose-de-la-converture-dun-panneau-daffichage.jpg\" alt=\"\" class=\"wp-image-4588\" style=\"width:650px;height:488px\" srcset=\"https:\/\/etab.ac-reunion.fr\/lyc-jean-joly\/wp-content\/uploads\/sites\/114\/2021\/03\/Pose-de-la-converture-dun-panneau-daffichage.jpg 408w, https:\/\/etab.ac-reunion.fr\/lyc-jean-joly\/wp-content\/uploads\/sites\/114\/2021\/03\/Pose-de-la-converture-dun-panneau-daffichage-300x225.jpg 300w, https:\/\/etab.ac-reunion.fr\/lyc-jean-joly\/wp-content\/uploads\/sites\/114\/2021\/03\/Pose-de-la-converture-dun-panneau-daffichage-150x113.jpg 150w\" sizes=\"auto, (max-width: 408px) 100vw, 408px\" \/><figcaption class=\"wp-element-caption\"><em><span class=\"has-inline-color has-cyan-bluish-gray-color\">Cr\u00e9dit photographique : Eric GERBTIH<\/span><\/em><\/figcaption><\/figure>\n<\/div>\n\n<div class=\"wp-block-image\">\n<figure class=\"aligncenter size-large is-resized\"><img loading=\"lazy\" decoding=\"async\" width=\"960\" height=\"454\" src=\"https:\/\/etab.ac-reunion.fr\/lyc-jean-joly\/wp-content\/uploads\/sites\/114\/2021\/03\/Pose-dun-pergola.jpg\" alt=\"\" class=\"wp-image-4589\" style=\"width:650px;height:323px\" srcset=\"https:\/\/etab.ac-reunion.fr\/lyc-jean-joly\/wp-content\/uploads\/sites\/114\/2021\/03\/Pose-dun-pergola.jpg 960w, https:\/\/etab.ac-reunion.fr\/lyc-jean-joly\/wp-content\/uploads\/sites\/114\/2021\/03\/Pose-dun-pergola-300x142.jpg 300w, https:\/\/etab.ac-reunion.fr\/lyc-jean-joly\/wp-content\/uploads\/sites\/114\/2021\/03\/Pose-dun-pergola-150x71.jpg 150w\" sizes=\"auto, (max-width: 960px) 100vw, 960px\" \/><figcaption class=\"wp-element-caption\"><em><span class=\"has-inline-color has-cyan-bluish-gray-color\">Cr\u00e9dit photographique : David GIBERT<\/span><\/em><\/figcaption><\/figure>\n<\/div>\n\n\n<h3 class=\"wp-block-heading\"><strong>Encore un doute sur votre choix&nbsp;?<\/strong><\/h3>\n\n\n\n<p>Nous vous accueillons sur simple demande en <strong>immersion dans nos classes<\/strong>. Vous partagerez alors le quotidien de nos \u00e9tudiants au cours d\u2019une demi-journ\u00e9e, une journ\u00e9e, voire deux jours. Nous pouvons d\u00e9finir ensemble ce qui vous conviendra le mieux.<\/p>\n\n\n\n<p><strong>N\u2019h\u00e9sitez pas \u00e0 nous contacter pour toute information compl\u00e9mentaire&nbsp;!<\/strong><\/p>\n\n\n\n<figure class=\"wp-block-gallery aligncenter has-nested-images columns-default is-cropped wp-block-gallery-1 is-layout-flex wp-block-gallery-is-layout-flex\">\n<figure class=\"wp-block-image size-medium\"><img loading=\"lazy\" decoding=\"async\" width=\"212\" height=\"300\" data-id=\"7930\" src=\"https:\/\/etab.ac-reunion.fr\/lyc-jean-joly\/wp-content\/uploads\/sites\/114\/2024\/10\/Affiche-BTS-SCBH-et-DRB-1024-212x300.jpg\" alt=\"\" class=\"wp-image-7930\" srcset=\"https:\/\/etab.ac-reunion.fr\/lyc-jean-joly\/wp-content\/uploads\/sites\/114\/2024\/10\/Affiche-BTS-SCBH-et-DRB-1024-212x300.jpg 212w, https:\/\/etab.ac-reunion.fr\/lyc-jean-joly\/wp-content\/uploads\/sites\/114\/2024\/10\/Affiche-BTS-SCBH-et-DRB-1024-106x150.jpg 106w, https:\/\/etab.ac-reunion.fr\/lyc-jean-joly\/wp-content\/uploads\/sites\/114\/2024\/10\/Affiche-BTS-SCBH-et-DRB-1024.jpg 724w\" sizes=\"auto, (max-width: 212px) 100vw, 212px\" \/><\/figure>\n<\/figure>\n\n\n\n<hr class=\"wp-block-separator\" id=\"block-f9472193-e039-48bb-93c3-2b38493d1396\" \/>\n\n\n\n<p class=\"has-text-align-center\" id=\"block-9cb3f490-e3b0-4b9c-adec-b383701ce8f8\"><em><a href=\"https:\/\/etab.ac-reunion.fr\/lyc-jean-joly\/category\/bts-scbh\/\">Cliquez ici pour retrouver toute l&rsquo;actualit\u00e9 des BTS SCBH au lyc\u00e9e.<\/a><\/em><\/p>\n","protected":false},"excerpt":{"rendered":"<p>Un BTS, c\u2019est quoi&nbsp;? Le brevet de technicien sup\u00e9rieur est un dipl\u00f4me obtenu en 2 ans, apr\u00e8s le bac. Il permet de monter en comp\u00e9tences et d&rsquo;acqu\u00e9rir de nombreuses connaissances&#8230;<\/p>\n<p> <a class=\"continue-reading-link\" href=\"https:\/\/etab.ac-reunion.fr\/lyc-jean-joly\/bts-systemes-constructifs-bois-et-habitat\/\"><span>Lire la suite<\/span><i class=\"crycon-right-dir\"><\/i><\/a> <\/p>\n","protected":false},"author":4396,"featured_media":0,"parent":0,"menu_order":0,"comment_status":"closed","ping_status":"closed","template":"","meta":{"footnotes":""},"class_list":["post-430","page","type-page","status-publish","hentry"],"_links":{"self":[{"href":"https:\/\/etab.ac-reunion.fr\/lyc-jean-joly\/wp-json\/wp\/v2\/pages\/430","targetHints":{"allow":["GET"]}}],"collection":[{"href":"https:\/\/etab.ac-reunion.fr\/lyc-jean-joly\/wp-json\/wp\/v2\/pages"}],"about":[{"href":"https:\/\/etab.ac-reunion.fr\/lyc-jean-joly\/wp-json\/wp\/v2\/types\/page"}],"author":[{"embeddable":true,"href":"https:\/\/etab.ac-reunion.fr\/lyc-jean-joly\/wp-json\/wp\/v2\/users\/4396"}],"replies":[{"embeddable":true,"href":"https:\/\/etab.ac-reunion.fr\/lyc-jean-joly\/wp-json\/wp\/v2\/comments?post=430"}],"version-history":[{"count":33,"href":"https:\/\/etab.ac-reunion.fr\/lyc-jean-joly\/wp-json\/wp\/v2\/pages\/430\/revisions"}],"predecessor-version":[{"id":8105,"href":"https:\/\/etab.ac-reunion.fr\/lyc-jean-joly\/wp-json\/wp\/v2\/pages\/430\/revisions\/8105"}],"wp:attachment":[{"href":"https:\/\/etab.ac-reunion.fr\/lyc-jean-joly\/wp-json\/wp\/v2\/media?parent=430"}],"curies":[{"name":"wp","href":"https:\/\/api.w.org\/{rel}","templated":true}]}}