{"id":7435,"date":"2023-12-12T14:52:54","date_gmt":"2023-12-12T10:52:54","guid":{"rendered":"https:\/\/etab.ac-reunion.fr\/lyc-jean-joly\/?page_id=7435"},"modified":"2023-12-12T15:24:05","modified_gmt":"2023-12-12T11:24:05","slug":"3-numeros-dappel-gratuit-en-cas-de-difficultes","status":"publish","type":"page","link":"https:\/\/etab.ac-reunion.fr\/lyc-jean-joly\/3-numeros-dappel-gratuit-en-cas-de-difficultes\/","title":{"rendered":"3 num\u00e9ros d&rsquo;appel gratuit &#8211; en cas de difficult\u00e9s"},"content":{"rendered":"\n<p>Chers parents, chers \u00e9l\u00e8ves,<br>Vous trouverez en fichier joint un document de synth\u00e8se rappelant 3 num\u00e9ros d&rsquo;appel gratuit en cas de situation complexe<br>li\u00e9e \u00e0:<br>\u00a0<br>-violence \u00e0 la maison: 119<br>-harc\u00e8lement-cyberharc\u00e8lement: 3018<br>-pr\u00e9vention du suicide: 3114<br>\u00a0<br>Sur le document est \u00e9galement pr\u00e9cis\u00e9 le nom des personnels qui constituent l&rsquo;\u00e9quipe pHARe:<br>programme de lutte contre le HARc\u00e8lement.<br>L&rsquo;\u00e9quipe du lyc\u00e9e Jean Joly est disponible et mobilis\u00e9e \u00e0 vos c\u00f4t\u00e9s.<br><\/p>\n\n\n\n<figure class=\"wp-block-image size-large\"><img loading=\"lazy\" decoding=\"async\" width=\"718\" height=\"1024\" src=\"https:\/\/etab.ac-reunion.fr\/lyc-jean-joly\/wp-content\/uploads\/sites\/114\/2023\/12\/Diffusion-des-numeros-dappel-a-laide-2023-2024_page-0001-718x1024.jpg\" alt=\"\" class=\"wp-image-7437\" srcset=\"https:\/\/etab.ac-reunion.fr\/lyc-jean-joly\/wp-content\/uploads\/sites\/114\/2023\/12\/Diffusion-des-numeros-dappel-a-laide-2023-2024_page-0001-718x1024.jpg 718w, https:\/\/etab.ac-reunion.fr\/lyc-jean-joly\/wp-content\/uploads\/sites\/114\/2023\/12\/Diffusion-des-numeros-dappel-a-laide-2023-2024_page-0001-210x300.jpg 210w, https:\/\/etab.ac-reunion.fr\/lyc-jean-joly\/wp-content\/uploads\/sites\/114\/2023\/12\/Diffusion-des-numeros-dappel-a-laide-2023-2024_page-0001-1077x1536.jpg 1077w, https:\/\/etab.ac-reunion.fr\/lyc-jean-joly\/wp-content\/uploads\/sites\/114\/2023\/12\/Diffusion-des-numeros-dappel-a-laide-2023-2024_page-0001-105x150.jpg 105w, https:\/\/etab.ac-reunion.fr\/lyc-jean-joly\/wp-content\/uploads\/sites\/114\/2023\/12\/Diffusion-des-numeros-dappel-a-laide-2023-2024_page-0001.jpg 1205w\" sizes=\"auto, (max-width: 718px) 100vw, 718px\" \/><\/figure>\n\n\n\n<div class=\"wp-block-cover is-layout-constrained wp-block-cover-is-layout-constrained\"><span aria-hidden=\"true\" class=\"wp-block-cover__background has-background-dim-100 has-background-dim\"><\/span><div class=\"wp-block-cover__inner-container\"><\/div><\/div>\n","protected":false},"excerpt":{"rendered":"<p>Chers parents, chers \u00e9l\u00e8ves,Vous trouverez en fichier joint un document de synth\u00e8se rappelant 3 num\u00e9ros d&rsquo;appel gratuit en cas de situation complexeli\u00e9e \u00e0:\u00a0-violence \u00e0 la maison: 119-harc\u00e8lement-cyberharc\u00e8lement: 3018-pr\u00e9vention du suicide:&#8230;<\/p>\n<p> <a class=\"continue-reading-link\" href=\"https:\/\/etab.ac-reunion.fr\/lyc-jean-joly\/3-numeros-dappel-gratuit-en-cas-de-difficultes\/\"><span>Lire la suite<\/span><i class=\"crycon-right-dir\"><\/i><\/a> <\/p>\n","protected":false},"author":28764,"featured_media":7437,"parent":0,"menu_order":0,"comment_status":"closed","ping_status":"closed","template":"","meta":{"footnotes":""},"class_list":["post-7435","page","type-page","status-publish","has-post-thumbnail","hentry"],"_links":{"self":[{"href":"https:\/\/etab.ac-reunion.fr\/lyc-jean-joly\/wp-json\/wp\/v2\/pages\/7435","targetHints":{"allow":["GET"]}}],"collection":[{"href":"https:\/\/etab.ac-reunion.fr\/lyc-jean-joly\/wp-json\/wp\/v2\/pages"}],"about":[{"href":"https:\/\/etab.ac-reunion.fr\/lyc-jean-joly\/wp-json\/wp\/v2\/types\/page"}],"author":[{"embeddable":true,"href":"https:\/\/etab.ac-reunion.fr\/lyc-jean-joly\/wp-json\/wp\/v2\/users\/28764"}],"replies":[{"embeddable":true,"href":"https:\/\/etab.ac-reunion.fr\/lyc-jean-joly\/wp-json\/wp\/v2\/comments?post=7435"}],"version-history":[{"count":3,"href":"https:\/\/etab.ac-reunion.fr\/lyc-jean-joly\/wp-json\/wp\/v2\/pages\/7435\/revisions"}],"predecessor-version":[{"id":7445,"href":"https:\/\/etab.ac-reunion.fr\/lyc-jean-joly\/wp-json\/wp\/v2\/pages\/7435\/revisions\/7445"}],"wp:featuredmedia":[{"embeddable":true,"href":"https:\/\/etab.ac-reunion.fr\/lyc-jean-joly\/wp-json\/wp\/v2\/media\/7437"}],"wp:attachment":[{"href":"https:\/\/etab.ac-reunion.fr\/lyc-jean-joly\/wp-json\/wp\/v2\/media?parent=7435"}],"curies":[{"name":"wp","href":"https:\/\/api.w.org\/{rel}","templated":true}]}}