{"id":8190,"date":"2025-03-18T13:19:56","date_gmt":"2025-03-18T09:19:56","guid":{"rendered":"https:\/\/etab.ac-reunion.fr\/lyc-jean-joly\/?page_id=8190"},"modified":"2025-03-18T13:19:56","modified_gmt":"2025-03-18T09:19:56","slug":"decouvrez-le-bts-drb-a-travers-un-projet-concret","status":"publish","type":"page","link":"https:\/\/etab.ac-reunion.fr\/lyc-jean-joly\/decouvrez-le-bts-drb-a-travers-un-projet-concret\/","title":{"rendered":"D\u00e9couvrez le BTS DRB \u00e0 travers un projet concret"},"content":{"rendered":"\n<p>D\u00e9couvrez le <strong>BTS DRB<\/strong> \u00e0 travers un projet concret : <em>l\u2019agencement du bureau de la CPE, Mme Boyer<\/em><\/p>\n\n\n\n<p>Vous \u00eates passionn\u00e9 par <strong>le bois<\/strong>, <strong>le design<\/strong> et <strong>la r\u00e9alisation de projets concrets<\/strong> ? Le BTS D\u00e9veloppement et R\u00e9alisation Bois (DRB) du lyc\u00e9e Jean Joly est fait pour vous ! Nos \u00e9tudiants acqui\u00e8rent des comp\u00e9tences techniques et cr\u00e9atives en travaillant sur des projets r\u00e9els, comme celui de l\u2019am\u00e9nagement du bureau de Mme Boyer, CPE du lyc\u00e9e.<\/p>\n\n\n\n<p><strong><u>Un projet grandeur nature<\/u><\/strong><\/p>\n\n\n\n<p>En fin d\u2019ann\u00e9e scolaire 2022-2023, les \u00e9tudiants du BTS DRB ont eu pour mission de repenser enti\u00e8rement l\u2019agencement du bureau de Mme Boyer. Leur d\u00e9marche a \u00e9t\u00e9 similaire \u00e0 celle d\u2019une <strong>v\u00e9ritable entreprise<\/strong> :<\/p>\n\n\n\n<ol class=\"wp-block-list\">\n<li><strong>Analyse des besoins :<\/strong> apr\u00e8s avoir interrog\u00e9 la CPE sur ses attentes, ils ont d\u00e9fini un cahier des charges pr\u00e9cis. L\u2019objectif ? Cr\u00e9er une zone de rangement adapt\u00e9e, int\u00e9grer un espace pour un petit r\u00e9frig\u00e9rateur, pr\u00e9voir un emplacement pour les archives et concevoir un long plan de travail en bois clair.<\/li>\n\n\n\n<li><strong>\u00c9tude technique : <\/strong>les \u00e9tudiants ont ensuite effectu\u00e9 une visite sur site pour analyser les contraintes et prendre des mesures pr\u00e9cises, notamment pour camoufler les gaines \u00e9lectriques et informatiques.<\/li>\n\n\n\n<li><strong>Conception et validation :<\/strong> en cours de D\u00e9veloppement Projets avec Mme Le Borgne, ils ont dessin\u00e9 des croquis et propos\u00e9 des solutions adapt\u00e9es. Une fois les plans valid\u00e9s par Mme Boyer, place \u00e0 la fabrication !<\/li>\n\n\n\n<li><strong>Fabrication et installation :<\/strong> sous la supervision de M. Heurtin, les \u00e9tudiants ont r\u00e9alis\u00e9 l\u2019ensemble des \u00e9l\u00e9ments en atelier avant de les installer sur place, en respectant les techniques professionnelles.<\/li>\n<\/ol>\n\n\n\n<p><strong><u>Une exp\u00e9rience formatrice et professionnalisante<\/u><\/strong><\/p>\n\n\n\n<p>Ce projet a permis aux \u00e9tudiants de comprendre l\u2019importance de la rigueur et de la minutie dans leur m\u00e9tier. Une erreur de prise de mesure peut entra\u00eener des retours inutiles sur site, un luxe qu\u2019une entreprise ne peut pas se permettre ! Cette exp\u00e9rience leur a fait prendre conscience qu\u2019une <strong>bonne pr\u00e9paration<\/strong> est essentielle \u00e0 la r\u00e9ussite d\u2019un projet.<\/p>\n\n\n\n<p>Gr\u00e2ce \u00e0 ce projet, Mme Boyer b\u00e9n\u00e9ficie aujourd\u2019hui d\u2019un espace de travail fonctionnel et esth\u00e9tique, qui refl\u00e8te parfaitement le <strong>savoir-faire<\/strong> des \u00e9tudiants en BTS DRB.<\/p>\n\n\n\n<figure class=\"wp-block-gallery has-nested-images columns-default is-cropped wp-block-gallery-1 is-layout-flex wp-block-gallery-is-layout-flex\">\n<figure class=\"wp-block-image size-large\"><img loading=\"lazy\" decoding=\"async\" width=\"1024\" height=\"768\" data-id=\"8189\" src=\"https:\/\/etab.ac-reunion.fr\/lyc-jean-joly\/wp-content\/uploads\/sites\/114\/2025\/03\/bureaucpe3-1024x768.jpg\" alt=\"\" class=\"wp-image-8189\" srcset=\"https:\/\/etab.ac-reunion.fr\/lyc-jean-joly\/wp-content\/uploads\/sites\/114\/2025\/03\/bureaucpe3-1024x768.jpg 1024w, https:\/\/etab.ac-reunion.fr\/lyc-jean-joly\/wp-content\/uploads\/sites\/114\/2025\/03\/bureaucpe3-300x225.jpg 300w, https:\/\/etab.ac-reunion.fr\/lyc-jean-joly\/wp-content\/uploads\/sites\/114\/2025\/03\/bureaucpe3-1536x1152.jpg 1536w, https:\/\/etab.ac-reunion.fr\/lyc-jean-joly\/wp-content\/uploads\/sites\/114\/2025\/03\/bureaucpe3-150x113.jpg 150w, https:\/\/etab.ac-reunion.fr\/lyc-jean-joly\/wp-content\/uploads\/sites\/114\/2025\/03\/bureaucpe3.jpg 2016w\" sizes=\"auto, (max-width: 1024px) 100vw, 1024px\" \/><\/figure>\n\n\n\n<figure class=\"wp-block-image size-large\"><img loading=\"lazy\" decoding=\"async\" width=\"1024\" height=\"768\" data-id=\"8188\" src=\"https:\/\/etab.ac-reunion.fr\/lyc-jean-joly\/wp-content\/uploads\/sites\/114\/2025\/03\/bureaucpe2-1024x768.jpg\" alt=\"\" class=\"wp-image-8188\" srcset=\"https:\/\/etab.ac-reunion.fr\/lyc-jean-joly\/wp-content\/uploads\/sites\/114\/2025\/03\/bureaucpe2-1024x768.jpg 1024w, https:\/\/etab.ac-reunion.fr\/lyc-jean-joly\/wp-content\/uploads\/sites\/114\/2025\/03\/bureaucpe2-300x225.jpg 300w, https:\/\/etab.ac-reunion.fr\/lyc-jean-joly\/wp-content\/uploads\/sites\/114\/2025\/03\/bureaucpe2-1536x1152.jpg 1536w, https:\/\/etab.ac-reunion.fr\/lyc-jean-joly\/wp-content\/uploads\/sites\/114\/2025\/03\/bureaucpe2-150x113.jpg 150w, https:\/\/etab.ac-reunion.fr\/lyc-jean-joly\/wp-content\/uploads\/sites\/114\/2025\/03\/bureaucpe2.jpg 2016w\" sizes=\"auto, (max-width: 1024px) 100vw, 1024px\" \/><\/figure>\n\n\n\n<figure class=\"wp-block-image size-large\"><img loading=\"lazy\" decoding=\"async\" width=\"1024\" height=\"768\" data-id=\"8187\" src=\"https:\/\/etab.ac-reunion.fr\/lyc-jean-joly\/wp-content\/uploads\/sites\/114\/2025\/03\/bureaucpe1-1024x768.jpg\" alt=\"\" class=\"wp-image-8187\" srcset=\"https:\/\/etab.ac-reunion.fr\/lyc-jean-joly\/wp-content\/uploads\/sites\/114\/2025\/03\/bureaucpe1-1024x768.jpg 1024w, https:\/\/etab.ac-reunion.fr\/lyc-jean-joly\/wp-content\/uploads\/sites\/114\/2025\/03\/bureaucpe1-300x225.jpg 300w, https:\/\/etab.ac-reunion.fr\/lyc-jean-joly\/wp-content\/uploads\/sites\/114\/2025\/03\/bureaucpe1-1536x1152.jpg 1536w, https:\/\/etab.ac-reunion.fr\/lyc-jean-joly\/wp-content\/uploads\/sites\/114\/2025\/03\/bureaucpe1-150x113.jpg 150w, https:\/\/etab.ac-reunion.fr\/lyc-jean-joly\/wp-content\/uploads\/sites\/114\/2025\/03\/bureaucpe1.jpg 2016w\" sizes=\"auto, (max-width: 1024px) 100vw, 1024px\" \/><\/figure>\n<\/figure>\n\n\n\n<p>Si vous souhaitez vous former \u00e0 un <strong>m\u00e9tier passionnant<\/strong> m\u00ealant conception, fabrication et <strong>gestion de projet<\/strong>, rejoignez-nous en BTS DRB au lyc\u00e9e Jean Joly ! Vous apprendrez \u00e0 concr\u00e9tiser des projets ambitieux et \u00e0 d\u00e9velopper des comp\u00e9tences recherch\u00e9es dans le secteur du bois et de l\u2019agencement.<\/p>\n\n\n\n<p><em>Pr\u00eat \u00e0 relever le d\u00e9fi ? Venez d\u00e9couvrir notre formation et donnez vie \u00e0 vos id\u00e9es !<\/em><\/p>\n\n\n\n<p class=\"has-text-align-right has-white-background-color has-background\"><em><strong>Vanessa LE BORGNE<\/strong><\/em><\/p>\n","protected":false},"excerpt":{"rendered":"<p>D\u00e9couvrez le BTS DRB \u00e0 travers un projet concret : l\u2019agencement du bureau de la CPE, Mme Boyer Vous \u00eates passionn\u00e9 par le bois, le design et la r\u00e9alisation de&#8230;<\/p>\n<p> <a class=\"continue-reading-link\" href=\"https:\/\/etab.ac-reunion.fr\/lyc-jean-joly\/decouvrez-le-bts-drb-a-travers-un-projet-concret\/\"><span>Lire la suite<\/span><i class=\"crycon-right-dir\"><\/i><\/a> <\/p>\n","protected":false},"author":2538,"featured_media":8187,"parent":0,"menu_order":0,"comment_status":"closed","ping_status":"closed","template":"","meta":{"footnotes":""},"class_list":["post-8190","page","type-page","status-publish","has-post-thumbnail","hentry"],"_links":{"self":[{"href":"https:\/\/etab.ac-reunion.fr\/lyc-jean-joly\/wp-json\/wp\/v2\/pages\/8190","targetHints":{"allow":["GET"]}}],"collection":[{"href":"https:\/\/etab.ac-reunion.fr\/lyc-jean-joly\/wp-json\/wp\/v2\/pages"}],"about":[{"href":"https:\/\/etab.ac-reunion.fr\/lyc-jean-joly\/wp-json\/wp\/v2\/types\/page"}],"author":[{"embeddable":true,"href":"https:\/\/etab.ac-reunion.fr\/lyc-jean-joly\/wp-json\/wp\/v2\/users\/2538"}],"replies":[{"embeddable":true,"href":"https:\/\/etab.ac-reunion.fr\/lyc-jean-joly\/wp-json\/wp\/v2\/comments?post=8190"}],"version-history":[{"count":5,"href":"https:\/\/etab.ac-reunion.fr\/lyc-jean-joly\/wp-json\/wp\/v2\/pages\/8190\/revisions"}],"predecessor-version":[{"id":8195,"href":"https:\/\/etab.ac-reunion.fr\/lyc-jean-joly\/wp-json\/wp\/v2\/pages\/8190\/revisions\/8195"}],"wp:featuredmedia":[{"embeddable":true,"href":"https:\/\/etab.ac-reunion.fr\/lyc-jean-joly\/wp-json\/wp\/v2\/media\/8187"}],"wp:attachment":[{"href":"https:\/\/etab.ac-reunion.fr\/lyc-jean-joly\/wp-json\/wp\/v2\/media?parent=8190"}],"curies":[{"name":"wp","href":"https:\/\/api.w.org\/{rel}","templated":true}]}}