{"id":1166,"date":"2014-01-24T14:40:44","date_gmt":"2014-01-24T10:40:44","guid":{"rendered":"https:\/\/portail.jperrin.ac-reunion.fr\/wordpress\/?page_id=1166"},"modified":"2019-11-21T20:38:33","modified_gmt":"2019-11-21T16:38:33","slug":"maison-des-lyceens","status":"publish","type":"page","link":"https:\/\/etab.ac-reunion.fr\/lyc-jean-perrin\/maison-des-lyceens\/","title":{"rendered":"MDL du Lyc\u00e9e"},"content":{"rendered":"<div>\n<p style=\"text-align: center\"><a href=\"https:\/\/etab.ac-reunion.fr\/lyc-jean-perrin\/wp-content\/uploads\/sites\/40\/2014\/01\/mdl.jpg\"><img loading=\"lazy\" decoding=\"async\" class=\"aligncenter size-full wp-image-1173\" style=\"border: 0px none\" src=\"https:\/\/etab.ac-reunion.fr\/lyc-jean-perrin\/wp-content\/uploads\/sites\/40\/2014\/01\/mdl.jpg\" alt=\"mdl\" width=\"254\" height=\"128\" \/><\/a><\/p>\n<hr \/><\/div>\n<p>La Maison des Lyc\u00e9ens du Lyc\u00e9e Jean Perrin pour objet\u00a0de f\u00e9d\u00e9rer les initiatives\u00a0 port\u00e9es par les lyc\u00e9ens de l\u2019\u00e9tablissement au\u00a0 service de l\u2019int\u00e9r\u00eat collectif,\u00a0 notamment dans les domaines culturels, artistiques, sportifs et humanitaires.<\/p>\n<p><span style=\"text-decoration: underline\">L\u2019association se fixe comme moyens d\u2019action de<\/span> :<\/p>\n<p>&#8211; d\u00e9velopper la prise de responsabilit\u00e9 des \u00e9l\u00e8ves au sein de l\u2019\u00e9tablissement ;<\/p>\n<p>&#8211; favoriser leur acc\u00e8s \u00e0 l\u2019autonomie en stimulant leur cr\u00e9ativit\u00e9, l\u2019esprit d\u2019initiative, le travail en \u00e9quipe et le go\u00fbt d\u2019entreprendre ;<\/p>\n<p>&#8211; faciliter l\u2019organisation d\u2019activit\u00e9s pouvant g\u00e9n\u00e9rer des rentr\u00e9es de fonds n\u00e9cessaires \u00e0 la vie de l\u2019association (f\u00eate de fin d\u2019ann\u00e9e\u00a0\u2026)<\/p>\n<p>&#8211; contribuer \u00e0\u00a0 la vie culturelle de l\u2019\u00e9tablissement, en encourageant notamment la diffusion,\u00a0 l\u2019organisation et la participation \u00e0 des manifestations culturelles ou sportives ;<\/p>\n<p>&#8211; promouvoir les moyens d\u2019expression reconnus aux lyc\u00e9ens et codifi\u00e9s dans le Livre V du Code de l\u2019\u00e9ducation. (Cf article 3 du statut de l\u2019association).<\/p>\n<p><span style=\"color: #800000\"><b>Assembl\u00e9e g\u00e9n\u00e9rale du 02\/12\/2013<\/b><\/span><\/p>\n<p>La Maison des Lyc\u00e9ens est rest\u00e9e en sommeil depuis 2011.<\/p>\n<p>Le but de cette premi\u00e8re assembl\u00e9e g\u00e9n\u00e9rale est non seulement de mettre \u00e0 jour les statuts mais aussi d\u2019\u00e9lire un nouveau conseil d\u2019administration et un nouveau bureau.<\/p>\n<p>(Les statuts de la MDL Jean Perrin et le compte rendu de l\u2019 A.G sont disponibles \u00e0 la vie scolaire).<\/p>\n<p><span style=\"color: #800000\"><b>Membres du conseil d\u2019administration et du bureau pour l&rsquo;ann\u00e9e scolaire 2019-2020.<\/b><\/span><\/p>\n<p><strong>&#8211;\u00a0\u00a0\u00a0\u00a0\u00a0\u00a0 <span style=\"text-decoration: underline\">Sont \u00e9lus au CVL :<\/span><\/strong><\/p>\n<p style=\"text-align: left\">AMOURDOM \u00a0EMILIE \u00a0TLOG<br \/>DESILES \u00a0CEDRIC TLOG<br \/>GRONDIN \u00a0MA\u00cbVA 1VENTE<br \/>IMIZE CELIA 1VENTE<br \/>PAUSE\u00a0 ALICIA TGA1<br \/>LESTE \u00a0MORGANE TGA1<br \/>VIN\u00a0 AURELIEN 1SNA<br \/>DAMOUR \u00a0NAUSICAA 2RC2<br \/>GIRAUD\u00a0 REGIS 2RC2<br \/>CHUPPA SOFIANNE SOFIANNE 1GA2<br \/>MOUNIATA BORIS 2GATL1<br \/>DRULA JULIEN 2RC2 ALEMON \u00a0EMILIE \u00a02RC2<br \/>IBOUROI SANIA 1GA2<br \/>MARIAYE KRISHNA 1EBN<br \/>PATIRAM CECILIA TCOM<br \/>MADI DOULAILA 2GATL2<br \/>VINGADESSIN AUDREY TLOG<br \/>MANSARD NICOLAS 2GATL1<\/p>\n<p><strong>&#8211;\u00a0 Sont \u00e9lus \u00e0 la commission permanente :<\/strong><br \/><em>TITULAIRES \u00a0\u00a0\u00a0\u00a0\u00a0\u00a0\u00a0\u00a0\u00a0\u00a0\u00a0\u00a0\u00a0\u00a0\u00a0\u00a0\u00a0\u00a0\u00a0\u00a0\u00a0\u00a0\u00a0\u00a0\u00a0\u00a0\u00a0\u00a0\u00a0\u00a0\u00a0\u00a0\u00a0\u00a0\u00a0\u00a0\u00a0\u00a0\u00a0\u00a0\u00a0\u00a0\u00a0\u00a0\u00a0\u00a0\u00a0\u00a0\u00a0\u00a0\u00a0 SUPPL\u00c9ANTS<br \/><\/em><\/p>\n<p>PAUSE ALICIA TGA1\u00a0\u00a0\u00a0\u00a0\u00a0\u00a0\u00a0\u00a0\u00a0\u00a0\u00a0\u00a0\u00a0\u00a0\u00a0\u00a0\u00a0\u00a0\u00a0\u00a0\u00a0\u00a0\u00a0\u00a0\u00a0\u00a0\u00a0\u00a0\u00a0\u00a0\u00a0\u00a0\u00a0\u00a0\u00a0\u00a0\u00a0\u00a0\u00a0\u00a0\u00a0 GIRAUD REGIS 2RC2<br \/>LESTE MORGANE TGA1\u00a0\u00a0\u00a0\u00a0\u00a0\u00a0\u00a0\u00a0\u00a0\u00a0\u00a0\u00a0\u00a0\u00a0\u00a0\u00a0\u00a0\u00a0\u00a0\u00a0\u00a0\u00a0\u00a0\u00a0\u00a0\u00a0\u00a0\u00a0\u00a0\u00a0\u00a0\u00a0\u00a0\u00a0\u00a0 MANSARD NICOLAS 2GATL1<\/p>\n<p>&#8211; <strong>Sont \u00e9lus au CONSEIL D&rsquo;ADMINISTRATION<\/strong><br \/><em>TITULAIRES\u00a0 \u00a0<\/em> \u00a0 \u00a0 \u00a0 \u00a0 \u00a0 \u00a0 \u00a0 \u00a0 \u00a0 \u00a0 \u00a0 \u00a0 \u00a0 \u00a0 \u00a0 \u00a0 \u00a0 \u00a0 \u00a0 \u00a0 \u00a0 \u00a0 \u00a0 \u00a0 <em>\u00a0 \u00a0 SUPPL\u00c9ANTS<\/em><br \/>\u00a0<br \/>MOREL LUCAS BTS1\u00a0 \u00a0 \u00a0 \u00a0 \u00a0 \u00a0 \u00a0 \u00a0 \u00a0 \u00a0 \u00a0 \u00a0 \u00a0 \u00a0 \u00a0 \u00a0 \u00a0 \u00a0 \u00a0 \u00a0 \u00a0 BAREGE NAYER BTS1<br \/>PAUSE ALICIA TGA1\u00a0 (VP)\u00a0 \u00a0 \u00a0 \u00a0 \u00a0 \u00a0 \u00a0 \u00a0 \u00a0 \u00a0 \u00a0 \u00a0 \u00a0 \u00a0 \u00a0 \u00a0 \u00a0 DESILES CEDRIC TLOG\u00a0<br \/>LESTE MORGANE TGA1\u00a0 \u00a0 \u00a0 \u00a0 \u00a0 \u00a0 \u00a0 \u00a0 \u00a0 \u00a0 \u00a0 \u00a0 \u00a0 \u00a0 \u00a0 \u00a0 \u00a0 \u00a0 \u00a0MANSARD NICOLAS 2GATL1<br \/>VINGADESSIN AUDREY TLOG \u00a0 \u00a0 \u00a0 \u00a0 \u00a0 \u00a0 \u00a0 \u00a0 \u00a0 \u00a0 \u00a0 \u00a0 \u00a0 \u00a0GIRAUD REGIS 2RC2<br \/>AMOURDOM EMILIE TLOG \u00a0 \u00a0 \u00a0 \u00a0 \u00a0 \u00a0 \u00a0 \u00a0 \u00a0 \u00a0 \u00a0 \u00a0 \u00a0 \u00a0 \u00a0 \u00a0 \u00a0DRULA JULIEN 2RC2<br \/>\u00a0<br \/>VP = Vice -Pr\u00e9sident\u00a0<br \/>\u00a0<br \/><strong>&#8211; Sont \u00e9lus au CONSEIL DISCIPLINE<\/strong><br \/><em>TITULAIRES<\/em>\u00a0\u00a0\u00a0\u00a0\u00a0\u00a0\u00a0\u00a0\u00a0\u00a0\u00a0\u00a0\u00a0\u00a0\u00a0\u00a0\u00a0\u00a0\u00a0\u00a0\u00a0\u00a0\u00a0\u00a0\u00a0\u00a0\u00a0\u00a0\u00a0\u00a0\u00a0\u00a0\u00a0\u00a0\u00a0\u00a0\u00a0\u00a0\u00a0\u00a0\u00a0\u00a0<em>SUPPL\u00c9ANTS<\/em><\/p>\n<p>PAUSE ALICIA TGA1\u00a0\u00a0\u00a0\u00a0\u00a0\u00a0\u00a0\u00a0\u00a0\u00a0\u00a0\u00a0\u00a0\u00a0\u00a0\u00a0\u00a0\u00a0\u00a0\u00a0\u00a0\u00a0\u00a0\u00a0\u00a0\u00a0\u00a0\u00a0\u00a0 LESTE MORGANE TGA1<br \/>ROBERT ANGELIQUE 2SNA\u00a0 \u00a0 \u00a0 \u00a0 \u00a0 \u00a0 \u00a0 \u00a0 \u00a0 \u00a0 \u00a0VIDOT MAXENCE 1SNA<br \/>VINGADESSIN AUDREY TLOG\u00a0\u00a0\u00a0\u00a0\u00a0\u00a0\u00a0\u00a0\u00a0\u00a0\u00a0\u00a0\u00a0\u00a0\u00a0\u00a0\u00a0 DESILES CEDRIC TLOG<br \/>\u00a0<br \/>&#8211;<strong> Sont \u00e9lus ECO DELEGUES<\/strong><br \/><em>TITULAIRES\u00a0 \u00a0<\/em> \u00a0 \u00a0 \u00a0 \u00a0 \u00a0 \u00a0 \u00a0 \u00a0 \u00a0 \u00a0 \u00a0 \u00a0 \u00a0 \u00a0 \u00a0 <em>\u00a0 \u00a0 \u00a0\u00a0 SUPPL\u00c9ANTS<br \/><\/em><\/p>\n<p>PAUSE ALICIA TGA1\u00a0 \u00a0 \u00a0 \u00a0 \u00a0 \u00a0 \u00a0 \u00a0 \u00a0 \u00a0 \u00a0 \u00a0 \u00a0 \u00a0 GIRAUD REGIS 2RC2<br \/>\u00a0<br \/><strong>&#8211; Sont \u00e9lus au CESC<\/strong><br \/><em>TITULAIRES\u00a0 \u00a0 \u00a0<\/em> \u00a0 \u00a0 \u00a0 \u00a0 \u00a0 \u00a0 \u00a0 \u00a0 \u00a0 \u00a0 \u00a0 \u00a0 \u00a0 \u00a0 \u00a0 \u00a0 \u00a0 <em>SUPPL\u00c9ANTS<\/em><\/p>\n<p>DRULA JULIEN 2RC2\u00a0 \u00a0 \u00a0 \u00a0 \u00a0 \u00a0 \u00a0 \u00a0 \u00a0 \u00a0 \u00a0 \u00a0 \u00a0 \u00a0 \u00a0AMOURDOM EMILIE TLOG<br \/>DESILES CEDRIC TLOG \u00a0 \u00a0 \u00a0 \u00a0 \u00a0 \u00a0 \u00a0 \u00a0 \u00a0 \u00a0 \u00a0 \u00a0VIN AURELIEN 1SNB<br \/>\u00a0<br \/><strong>&#8211; Sont \u00e9lus au CHS<\/strong><br \/><em>TITULAIRES\u00a0 \u00a0<\/em> \u00a0 \u00a0 \u00a0 \u00a0 \u00a0 \u00a0 \u00a0 \u00a0 \u00a0 \u00a0 \u00a0 \u00a0 \u00a0 \u00a0 \u00a0 \u00a0 \u00a0 \u00a0 <em>SUPPL\u00c9ANTS<\/em><br \/>\u00a0<br \/>PAUSE ALICIA TGA1\u00a0\u00a0\u00a0\u00a0\u00a0\u00a0\u00a0\u00a0\u00a0\u00a0\u00a0\u00a0\u00a0\u00a0\u00a0\u00a0\u00a0\u00a0\u00a0\u00a0\u00a0\u00a0\u00a0 AMOURDOM EMILIE TLOG<br \/>VINGADESSIN AUDREY TLOG \u00a0 \u00a0 \u00a0 \u00a0 VIN AURELIEN 1SNB<br \/>\u00a0<\/p>\n<div>\n<p><span style=\"color: #800000\"><b>Id\u00e9es et projets souhait\u00e9s ou en cours.<\/b><\/span><\/p>\n<\/div>\n<p>Lors de la formation des d\u00e9l\u00e9gu\u00e9s et au cours de l\u2019assembl\u00e9e g\u00e9n\u00e9rale de la M.D.L, nous avons exprim\u00e9 notre envie d\u2019organiser des animations ponctuelles et f\u00e9d\u00e9ratrices au sein du Lyc\u00e9e. L\u2019objectif principal est sont non seulement de cr\u00e9er un climat scolaire plus serein et solidaire, mais aussi de s\u2019approprier des outils p\u00e9dagogiques et num\u00e9riques \u00e0 travers les diff\u00e9rentes \u00e9tapes de la maitrise de la\u00a0 p\u00e9dagogie de projet.<\/p>\n<p><b>Sous r\u00e9serve de l\u2019accord de M. Le Proviseur<\/b>, nous nous proposons de pr\u00e9senter des projets \u00e9labor\u00e9s sur les th\u00e8mes suivants\u00a0:<\/p>\n<p>&#8211;\u00a0\u00a0\u00a0\u00a0\u00a0\u00a0 F\u00eate de la Saint Valentin.<\/p>\n<p>&#8211;\u00a0\u00a0\u00a0\u00a0\u00a0\u00a0 Bal de fin d\u2019ann\u00e9e.<\/p>\n<p>&#8211;\u00a0\u00a0\u00a0\u00a0\u00a0 Une action citoyenne (en cours de d\u00e9finition).<\/p>\n<p>&#8211;\u00a0\u00a0\u00a0\u00a0\u00a0 Cr\u00e9ation de deux clubs\u00a0: musique et danse.<\/p>\n<p>&#8211;\u00a0\u00a0 Cr\u00e9ation d\u2019un site <b>MDL Jean Perrin<\/b><b>.<\/b><\/p>\n<p align=\"center\">\u00a0<span style=\"color: #800000\"><b>Les lyc\u00e9ens de la MDL Jean Perrin<\/b><\/span><\/p>\n\n\n<p><\/p>\n","protected":false},"excerpt":{"rendered":"<p>La Maison des Lyc\u00e9ens du Lyc\u00e9e Jean Perrin pour objet\u00a0de f\u00e9d\u00e9rer les initiatives\u00a0 port\u00e9es par les lyc\u00e9ens de l\u2019\u00e9tablissement au\u00a0 service de l\u2019int\u00e9r\u00eat collectif,\u00a0 notamment dans les domaines culturels, artistiques, sportifs et humanitaires. L\u2019association se fixe comme moyens d\u2019action de : &#8211; d\u00e9velopper la prise de responsabilit\u00e9 des \u00e9l\u00e8ves au sein de l\u2019\u00e9tablissement ; &#8211; [&hellip;]<\/p>\n","protected":false},"author":10045,"featured_media":0,"parent":0,"menu_order":0,"comment_status":"closed","ping_status":"closed","template":"","meta":{"_et_pb_use_builder":"","_et_pb_old_content":"","_et_gb_content_width":"","footnotes":""},"class_list":["post-1166","page","type-page","status-publish","hentry"],"_links":{"self":[{"href":"https:\/\/etab.ac-reunion.fr\/lyc-jean-perrin\/wp-json\/wp\/v2\/pages\/1166","targetHints":{"allow":["GET"]}}],"collection":[{"href":"https:\/\/etab.ac-reunion.fr\/lyc-jean-perrin\/wp-json\/wp\/v2\/pages"}],"about":[{"href":"https:\/\/etab.ac-reunion.fr\/lyc-jean-perrin\/wp-json\/wp\/v2\/types\/page"}],"author":[{"embeddable":true,"href":"https:\/\/etab.ac-reunion.fr\/lyc-jean-perrin\/wp-json\/wp\/v2\/users\/10045"}],"replies":[{"embeddable":true,"href":"https:\/\/etab.ac-reunion.fr\/lyc-jean-perrin\/wp-json\/wp\/v2\/comments?post=1166"}],"version-history":[{"count":8,"href":"https:\/\/etab.ac-reunion.fr\/lyc-jean-perrin\/wp-json\/wp\/v2\/pages\/1166\/revisions"}],"predecessor-version":[{"id":6328,"href":"https:\/\/etab.ac-reunion.fr\/lyc-jean-perrin\/wp-json\/wp\/v2\/pages\/1166\/revisions\/6328"}],"wp:attachment":[{"href":"https:\/\/etab.ac-reunion.fr\/lyc-jean-perrin\/wp-json\/wp\/v2\/media?parent=1166"}],"curies":[{"name":"wp","href":"https:\/\/api.w.org\/{rel}","templated":true}]}}