{"id":126,"date":"2013-05-05T10:19:22","date_gmt":"2013-05-05T06:19:22","guid":{"rendered":"https:\/\/portail.jperrin.ac-reunion.fr\/wordpress\/?page_id=126"},"modified":"2022-09-20T20:53:42","modified_gmt":"2022-09-20T16:53:42","slug":"permanence-du-copsy","status":"publish","type":"page","link":"https:\/\/etab.ac-reunion.fr\/lyc-jean-perrin\/permanence-du-copsy\/","title":{"rendered":"Permanence du PSYEN"},"content":{"rendered":"<p><span style=\"color: #800000\"><strong>Horaires de permanence du Psychologue de l\u2019\u00e9ducation nationale <\/strong><\/span><\/p>\n<p><span style=\"color: #800000\"><strong>sp\u00e9cialit\u00e9 \u00e9ducation d\u00e9veloppement et conseil en orientation, scolaire et professionnelle.<br \/>\n<\/strong><\/span><\/p>\n<hr \/>\n<p><span style=\"color: #3366ff\"><strong>Le Mardi de 13h30 \u00e0 16h30<\/strong><\/span><\/p>\n<p><span style=\"color: #3366ff\"><strong>Le Vendredi de 8h30 \u00e0 16h00<\/strong><\/span><\/p>\n<p><strong>Prendre rendez-vous au bureau de la Vie Scolaire pour un entretien personnalis\u00e9 avec le Psychologue de l\u2019\u00e9ducation nationale<br \/>\n<\/strong><\/p>\n<p style=\"text-align: right\"><strong>Mme ALQUIER<br \/>\n<\/strong><\/p>\n<div><\/div>\n","protected":false},"excerpt":{"rendered":"<p>Horaires de permanence du Psychologue de l\u2019\u00e9ducation nationale sp\u00e9cialit\u00e9 \u00e9ducation d\u00e9veloppement et conseil en orientation, scolaire et professionnelle. Le Mardi de 13h30 \u00e0 16h30 Le Vendredi de 8h30 \u00e0 16h00 Prendre rendez-vous au bureau de la Vie Scolaire pour un entretien personnalis\u00e9 avec le Psychologue de l\u2019\u00e9ducation nationale Mme ALQUIER<\/p>\n","protected":false},"author":10045,"featured_media":0,"parent":0,"menu_order":0,"comment_status":"closed","ping_status":"closed","template":"","meta":{"_et_pb_use_builder":"","_et_pb_old_content":"","_et_gb_content_width":"","footnotes":""},"class_list":["post-126","page","type-page","status-publish","hentry"],"_links":{"self":[{"href":"https:\/\/etab.ac-reunion.fr\/lyc-jean-perrin\/wp-json\/wp\/v2\/pages\/126","targetHints":{"allow":["GET"]}}],"collection":[{"href":"https:\/\/etab.ac-reunion.fr\/lyc-jean-perrin\/wp-json\/wp\/v2\/pages"}],"about":[{"href":"https:\/\/etab.ac-reunion.fr\/lyc-jean-perrin\/wp-json\/wp\/v2\/types\/page"}],"author":[{"embeddable":true,"href":"https:\/\/etab.ac-reunion.fr\/lyc-jean-perrin\/wp-json\/wp\/v2\/users\/10045"}],"replies":[{"embeddable":true,"href":"https:\/\/etab.ac-reunion.fr\/lyc-jean-perrin\/wp-json\/wp\/v2\/comments?post=126"}],"version-history":[{"count":6,"href":"https:\/\/etab.ac-reunion.fr\/lyc-jean-perrin\/wp-json\/wp\/v2\/pages\/126\/revisions"}],"predecessor-version":[{"id":10315,"href":"https:\/\/etab.ac-reunion.fr\/lyc-jean-perrin\/wp-json\/wp\/v2\/pages\/126\/revisions\/10315"}],"wp:attachment":[{"href":"https:\/\/etab.ac-reunion.fr\/lyc-jean-perrin\/wp-json\/wp\/v2\/media?parent=126"}],"curies":[{"name":"wp","href":"https:\/\/api.w.org\/{rel}","templated":true}]}}