{"id":199,"date":"2013-05-15T10:15:56","date_gmt":"2013-05-15T06:15:56","guid":{"rendered":"https:\/\/portail.jperrin.ac-reunion.fr\/wordpress\/?page_id=199"},"modified":"2025-07-31T14:20:51","modified_gmt":"2025-07-31T10:20:51","slug":"calendrier-scolaire","status":"publish","type":"page","link":"https:\/\/etab.ac-reunion.fr\/lyc-jean-perrin\/calendrier-scolaire\/","title":{"rendered":"Calendrier scolaire"},"content":{"rendered":"<p style=\"text-align: center\"><img loading=\"lazy\" decoding=\"async\" class=\"aligncenter size-full wp-image-201\" style=\"border: 0px none\" src=\"https:\/\/etab.ac-reunion.fr\/lyc-jean-perrin\/wp-content\/uploads\/sites\/40\/2013\/05\/academiepetitcoul2.gif\" alt=\"\" width=\"110\" height=\"91\" \/><\/p>\n<p style=\"text-align: center\"><span style=\"text-decoration: underline\"><span style=\"color: #000080\"><strong>Calendrier scolaire 2025-2026<\/strong><\/span><\/span><\/p>\n<p style=\"text-align: center\"><span style=\"color: #000000\"><strong>Rentr\u00e9e des Enseignants<\/strong><\/span> :<span style=\"color: #008000\"><strong>Lundi 18 ao\u00fbt 2025<\/strong><\/span><\/p>\n<p style=\"text-align: center\"><span style=\"color: #000000\"><strong>Rentr\u00e9e des \u00e9l\u00e8ves<\/strong><\/span> :<span style=\"color: #008000\"><strong>Mardi 19 ao\u00fbt 2025<\/strong><\/span><\/p>\n<p style=\"text-align: center\"><span style=\"text-decoration: underline\"><span style=\"color: #000000\"><strong>Vacances 1\u00e8re p\u00e9riode<\/strong><\/span><\/span> :<\/p>\n<p align=\"center\"><span style=\"color: #008000\"><strong>Samedi 11 octobre 2025<br \/>\n<\/strong><\/span><\/p>\n<p align=\"center\"><span style=\"color: #008000\"><strong><span style=\"color: #000000\">Reprise<\/span> : <span style=\"color: #008000\">Lundi 27 octobre 2025<br \/>\n<\/span><\/strong><\/span><\/p>\n<p align=\"center\"><span style=\"text-decoration: underline\"><span style=\"color: #000000\"><strong>Vacances d&rsquo;\u00e9t\u00e9 austral<\/strong><\/span><\/span> :<\/p>\n<p align=\"center\"><span style=\"color: #008000\"><strong>Vendredi 19 d\u00e9cembre 2025<br \/>\n<\/strong><\/span><\/p>\n<p align=\"center\"><span style=\"color: #008000\"><strong><span style=\"color: #000000\">Reprise<\/span> <span style=\"color: #000000\">:<\/span> <span style=\"color: #008000\">Mercredi 21 janvier 2026<\/span><\/strong><\/span><\/p>\n<p align=\"center\"><span style=\"text-decoration: underline\"><span style=\"color: #000000\"><strong>Vacances 3\u00e8me p\u00e9riode<\/strong><\/span><\/span> :<\/p>\n<p align=\"center\"><span style=\"color: #008000\"><strong>Samedi 28 f\u00e9vrier 2026<br \/>\n<\/strong><\/span><\/p>\n<p align=\"center\"><strong><span style=\"color: #008000\"><span style=\"color: #000000\">Reprise<\/span><span style=\"color: #000000\"> :<\/span>Lundi 16 mars 2026<br \/>\n<\/span><\/strong><\/p>\n<p align=\"center\"><span style=\"color: #000000\"><strong><span style=\"text-decoration: underline\">Vacances 4\u00e8me p\u00e9riode<\/span> :<\/strong><\/span><\/p>\n<p align=\"center\"><span style=\"color: #008000\"><strong>Samedi 02 mai 2026<br \/>\n<\/strong><\/span><\/p>\n<p align=\"center\"><span style=\"color: #008000\"><strong><span style=\"color: #000000\">Reprise<\/span><span style=\"color: #000000\"><strong> : <\/strong><\/span>Lun<span style=\"color: #008000\">di 18 mai 2026<br \/>\n<\/span><\/strong><\/span><\/p>\n<p align=\"center\"><span style=\"color: #000000\"><span style=\"text-decoration: underline\"><strong>Vacances d&rsquo;hiver austral<\/strong><\/span> :<\/span><\/p>\n<p align=\"center\"><span style=\"color: #008000\"><strong>Samedi 4 juillet 2026<br \/>\n<\/strong><\/span><\/p>\n","protected":false},"excerpt":{"rendered":"<p>Calendrier scolaire 2025-2026 Rentr\u00e9e des Enseignants :Lundi 18 ao\u00fbt 2025 Rentr\u00e9e des \u00e9l\u00e8ves :Mardi 19 ao\u00fbt 2025 Vacances 1\u00e8re p\u00e9riode : Samedi 11 octobre 2025 Reprise : Lundi 27 octobre 2025 Vacances d&rsquo;\u00e9t\u00e9 austral : Vendredi 19 d\u00e9cembre 2025 Reprise : Mercredi 21 janvier 2026 Vacances 3\u00e8me p\u00e9riode : Samedi 28 f\u00e9vrier 2026 Reprise :Lundi [&hellip;]<\/p>\n","protected":false},"author":10045,"featured_media":0,"parent":0,"menu_order":0,"comment_status":"closed","ping_status":"closed","template":"","meta":{"_et_pb_use_builder":"","_et_pb_old_content":"","_et_gb_content_width":"","footnotes":""},"class_list":["post-199","page","type-page","status-publish","hentry"],"_links":{"self":[{"href":"https:\/\/etab.ac-reunion.fr\/lyc-jean-perrin\/wp-json\/wp\/v2\/pages\/199","targetHints":{"allow":["GET"]}}],"collection":[{"href":"https:\/\/etab.ac-reunion.fr\/lyc-jean-perrin\/wp-json\/wp\/v2\/pages"}],"about":[{"href":"https:\/\/etab.ac-reunion.fr\/lyc-jean-perrin\/wp-json\/wp\/v2\/types\/page"}],"author":[{"embeddable":true,"href":"https:\/\/etab.ac-reunion.fr\/lyc-jean-perrin\/wp-json\/wp\/v2\/users\/10045"}],"replies":[{"embeddable":true,"href":"https:\/\/etab.ac-reunion.fr\/lyc-jean-perrin\/wp-json\/wp\/v2\/comments?post=199"}],"version-history":[{"count":31,"href":"https:\/\/etab.ac-reunion.fr\/lyc-jean-perrin\/wp-json\/wp\/v2\/pages\/199\/revisions"}],"predecessor-version":[{"id":13216,"href":"https:\/\/etab.ac-reunion.fr\/lyc-jean-perrin\/wp-json\/wp\/v2\/pages\/199\/revisions\/13216"}],"wp:attachment":[{"href":"https:\/\/etab.ac-reunion.fr\/lyc-jean-perrin\/wp-json\/wp\/v2\/media?parent=199"}],"curies":[{"name":"wp","href":"https:\/\/api.w.org\/{rel}","templated":true}]}}