{"id":1735,"date":"2016-03-21T15:29:04","date_gmt":"2016-03-21T11:29:04","guid":{"rendered":"http:\/\/lycee-leverger.ac-reunion.fr\/?page_id=1735"},"modified":"2022-02-06T17:46:23","modified_gmt":"2022-02-06T13:46:23","slug":"luniversite-de-la-reunion","status":"publish","type":"page","link":"https:\/\/etab.ac-reunion.fr\/lyc-le-verger\/orientations\/luniversite-de-la-reunion\/","title":{"rendered":"L&rsquo;universit\u00e9 de la R\u00e9union"},"content":{"rendered":"<p style=\"text-align: center\">Retrouver le film de pr\u00e9sentation de l&rsquo;universit\u00e9 de la r\u00e9union<\/p>\n<p style=\"text-align: center\"><a href=\"http:\/\/www.univ-reunion.fr\/lefilm\/\" target=\"_blank\" rel=\"noopener\">http:\/\/www.univ-reunion.fr\/lefilm\/<\/a><\/p>\n<p style=\"text-align: center\">Cliquer sur les boutons ci-dessous pour ouvrir les fichiers .pdf<\/p>\n<p style=\"text-align: center\"><a href='https:\/\/etab.ac-reunion.fr\/lyc-le-verger\/wp-content\/uploads\/sites\/32\/2022\/02\/Flyer-Licence_Sciences-Pour-lIngenieur_FST_UR.pdf' class='icon-button paper-icon'>Licence SPI<span class='et-icon'><\/span><\/a>\n<p style=\"text-align: center\">\n<!-- iframe plugin v.5.2 wordpress.org\/plugins\/iframe\/ -->\n<iframe loading=\"lazy\" src=\"https:\/\/etab.ac-reunion.fr\/lyc-le-verger\/wp-content\/uploads\/sites\/32\/2022\/02\/Flyer-Licence_Sciences-Pour-lIngenieur_FST_UR.pdf\" width=\"500\" height=\"700\" scrolling=\"auto\" class=\"iframe-class\" frameborder=\"0\"><\/iframe>\n\n<p style=\"text-align: center\"><a href='https:\/\/etab.ac-reunion.fr\/lyc-le-verger\/wp-content\/uploads\/sites\/32\/2016\/03\/UR_chemise.pdf' class='icon-button paper-icon'>Chemise<span class='et-icon'><\/span><\/a>\n<p style=\"text-align: center\">\n<!-- iframe plugin v.5.2 wordpress.org\/plugins\/iframe\/ -->\n<iframe loading=\"lazy\" src=\"https:\/\/etab.ac-reunion.fr\/lyc-le-verger\/wp-content\/uploads\/sites\/32\/2016\/03\/UR_chemise.pdf\" width=\"500\" height=\"700\" scrolling=\"auto\" class=\"iframe-class\" frameborder=\"0\"><\/iframe>\n\n<p style=\"text-align: center\"><a href='https:\/\/etab.ac-reunion.fr\/lyc-le-verger\/wp-content\/uploads\/sites\/32\/2016\/03\/UR_flyers_inscription.pdf' class='icon-button paper-icon'>S&rsquo;inscrire \u00e0 l&rsquo;Universit\u00e9<span class='et-icon'><\/span><\/a>\n<p style=\"text-align: center\">\n<!-- iframe plugin v.5.2 wordpress.org\/plugins\/iframe\/ -->\n<iframe loading=\"lazy\" src=\"https:\/\/etab.ac-reunion.fr\/lyc-le-verger\/wp-content\/uploads\/sites\/32\/2016\/03\/UR_flyers_inscription.pdf\" width=\"500\" height=\"700\" scrolling=\"auto\" class=\"iframe-class\" frameborder=\"0\"><\/iframe>\n\n<p style=\"text-align: center\"><a href='https:\/\/etab.ac-reunion.fr\/lyc-le-verger\/wp-content\/uploads\/sites\/32\/2016\/03\/UR_Pass_Univ_2015_12p_V01.pdf' class='icon-button paper-icon'>Pass&rsquo;Univ<span class='et-icon'><\/span><\/a>\n<p style=\"text-align: center\">\n<!-- iframe plugin v.5.2 wordpress.org\/plugins\/iframe\/ -->\n<iframe loading=\"lazy\" src=\"https:\/\/etab.ac-reunion.fr\/lyc-le-verger\/wp-content\/uploads\/sites\/32\/2016\/03\/UR_Pass_Univ_2015_12p_V01.pdf\" width=\"500\" height=\"700\" scrolling=\"auto\" class=\"iframe-class\" frameborder=\"0\"><\/iframe>\n\n<!-- AddThis Advanced Settings generic via filter on the_content --><!-- AddThis Share Buttons generic via filter on the_content -->","protected":false},"excerpt":{"rendered":"<p>Retrouver le film de pr\u00e9sentation de l&rsquo;universit\u00e9 de la r\u00e9union http:\/\/www.univ-reunion.fr\/lefilm\/ Cliquer sur les boutons ci-dessous pour ouvrir les fichiers .pdf<!-- AddThis Advanced Settings generic via filter on get_the_excerpt --><!-- AddThis Share Buttons generic via filter on get_the_excerpt --><\/p>\n","protected":false},"author":157,"featured_media":1742,"parent":752,"menu_order":0,"comment_status":"closed","ping_status":"closed","template":"","meta":{"footnotes":"","_links_to":"","_links_to_target":""},"class_list":["post-1735","page","type-page","status-publish","has-post-thumbnail","hentry"],"_links":{"self":[{"href":"https:\/\/etab.ac-reunion.fr\/lyc-le-verger\/wp-json\/wp\/v2\/pages\/1735","targetHints":{"allow":["GET"]}}],"collection":[{"href":"https:\/\/etab.ac-reunion.fr\/lyc-le-verger\/wp-json\/wp\/v2\/pages"}],"about":[{"href":"https:\/\/etab.ac-reunion.fr\/lyc-le-verger\/wp-json\/wp\/v2\/types\/page"}],"author":[{"embeddable":true,"href":"https:\/\/etab.ac-reunion.fr\/lyc-le-verger\/wp-json\/wp\/v2\/users\/157"}],"replies":[{"embeddable":true,"href":"https:\/\/etab.ac-reunion.fr\/lyc-le-verger\/wp-json\/wp\/v2\/comments?post=1735"}],"version-history":[{"count":5,"href":"https:\/\/etab.ac-reunion.fr\/lyc-le-verger\/wp-json\/wp\/v2\/pages\/1735\/revisions"}],"predecessor-version":[{"id":4978,"href":"https:\/\/etab.ac-reunion.fr\/lyc-le-verger\/wp-json\/wp\/v2\/pages\/1735\/revisions\/4978"}],"up":[{"embeddable":true,"href":"https:\/\/etab.ac-reunion.fr\/lyc-le-verger\/wp-json\/wp\/v2\/pages\/752"}],"wp:featuredmedia":[{"embeddable":true,"href":"https:\/\/etab.ac-reunion.fr\/lyc-le-verger\/wp-json\/wp\/v2\/media\/1742"}],"wp:attachment":[{"href":"https:\/\/etab.ac-reunion.fr\/lyc-le-verger\/wp-json\/wp\/v2\/media?parent=1735"}],"curies":[{"name":"wp","href":"https:\/\/api.w.org\/{rel}","templated":true}]}}