{"id":3679,"date":"2019-09-03T19:35:29","date_gmt":"2019-09-03T15:35:29","guid":{"rendered":"http:\/\/lycee-leverger.ac-reunion.fr\/?page_id=3679"},"modified":"2019-09-03T19:49:10","modified_gmt":"2019-09-03T15:49:10","slug":"mobilite-reunion-quebec-cegep","status":"publish","type":"page","link":"https:\/\/etab.ac-reunion.fr\/lyc-le-verger\/mobilite-reunion-quebec-cegep\/","title":{"rendered":"Mobilit\u00e9 R\u00e9union Qu\u00e9bec CEGEP"},"content":{"rendered":"\n<p class=\"has-text-color has-background has-vivid-red-color has-very-light-gray-background-color\">Une information \u00e0 l&rsquo;attention des \u00e9l\u00e8ves de 1\u00e8re et terminale int\u00e9ress\u00e9s par les CEGEP sera donn\u00e9e au lyc\u00e9e le mardi 1er octobre 2019 \u00e0 partir de 15h10.<\/p>\n\n\n\n<div class=\"wp-block-file\"><a href=\"https:\/\/etab.ac-reunion.fr\/lyc-le-verger\/wp-content\/uploads\/sites\/32\/2019\/09\/2019_CEGEP_Beauce-Appalaches.pdf\">2019_CEGEP_Beauce-Appalaches<\/a><a href=\"https:\/\/etab.ac-reunion.fr\/lyc-le-verger\/wp-content\/uploads\/sites\/32\/2019\/09\/2019_CEGEP_Beauce-Appalaches.pdf\" class=\"wp-block-file__button\" download>T\u00e9l\u00e9charger<\/a><\/div>\n\n\n\n<p>Visionnez notre capsule de pr\u00e9sentation : <a rel=\"noreferrer noopener\" href=\"https:\/\/www.youtube.com\/watch?feature=youtu.be&amp;v=D9oa0253DJM&amp;app=desktop\" target=\"_blank\">Cliquez ici et visionnez la vid\u00e9o<\/a><\/p>\n\n\n\n<p>Prenez connaissance des diff\u00e9rents programmes d\u2019\u00e9tudes \u00e0 partir de notre site Internet et les conditions d\u2019admission : <a rel=\"noreferrer noopener\" aria-label=\" (s\u2019ouvre dans un nouvel onglet)\" href=\"https:\/\/cegepba.qc.ca\/futurs-etudiants\/programmes-detudes\/\" target=\"_blank\">Cliquez ici et informez-vous sur nos programmes d&rsquo;\u00e9tudes<\/a><\/p>\n\n\n\n<p>Prenez connaissance des d\u00e9marches et des co\u00fbts en  cliquant sur le lien ci-dessous : &nbsp; <a href=\"https:\/cegepba.qc.ca\/futurs-etudiants\/etudiants-internationaux\/ile-de-la-reunion\/\" target=\"_blank\" rel=\"noreferrer noopener\" aria-label=\" (s\u2019ouvre dans un nouvel onglet)\">Cliquez ici et informez-vous sur les d\u00e9marches \u00e0 effectuer<\/a><\/p>\n\n\n\n<p>Participez \u00e0 nos webinaires (s\u00e9ances d&rsquo;information en ligne) de pr\u00e9sentation de notre \u00e9tablissement et des services d&rsquo;accompagnement pour les \u00e9tudiants internationaux :<\/p>\n\n\n\n<ul class=\"wp-block-list\"><li>Mardi 17 septembre 2019 de 12 h \u00e0 13 h (heure du Qu\u00e9bec), soit 18h heure de France<\/li><li>Mercredi 16 octobre 2019 de 12 h \u00e0 13 h (heure du Qu\u00e9bec), soit 18h heure de France<\/li><li>Mercredi 06 novembre 2019 de 12 h \u00e0 13 h (heure du Qu\u00e9bec), soit 18h           heure de France<\/li><li> Mercredi 11 d\u00e9cembre 2019 de 12 h \u00e0 13 h (heure du Qu\u00e9bec), soit 18h             heure de France<\/li><\/ul>\n\n\n\n<p>Pour vous inscrire \u00e0 une webinaire: <a rel=\"noreferrer noopener\" href=\"https:\/\/forms.office.com\/Pages\/ResponsePage.aspx?id=IsY6BGG9JEyBmDoFCnNq3dspBWegVvdAqjEZmcxLDWdUMlFCVDg1SUtFUkNZRzVIQTc3NUtUUDBLVS4u\" target=\"_blank\">Cliquez et compl\u00e9tez le formulaire<\/a><\/p>\n\n\n\n<p><a href=\"http:\/\/www.cegepba.qc.ca\" target=\"_blank\" rel=\"noreferrer noopener\" aria-label=\"www.cegepba.qc.ca (s\u2019ouvre dans un nouvel onglet)\">www.cegepba.qc.ca<\/a><\/p>\n<!-- AddThis Advanced Settings generic via filter on the_content --><!-- AddThis Share Buttons generic via filter on the_content -->","protected":false},"excerpt":{"rendered":"<p>Une information \u00e0 l&rsquo;attention des \u00e9l\u00e8ves de 1\u00e8re et terminale int\u00e9ress\u00e9s par les CEGEP sera donn\u00e9e au lyc\u00e9e le mardi 1er octobre 2019 \u00e0 partir de 15h10. Visionnez notre capsule de pr\u00e9sentation : Cliquez ici et visionnez la vid\u00e9o Prenez connaissance des diff\u00e9rents programmes d\u2019\u00e9tudes \u00e0 partir de notre site &hellip;<!-- AddThis Advanced Settings generic via filter on get_the_excerpt --><!-- AddThis Share Buttons generic via filter on get_the_excerpt --><\/p>\n","protected":false},"author":157,"featured_media":3683,"parent":0,"menu_order":0,"comment_status":"closed","ping_status":"closed","template":"","meta":{"footnotes":"","_links_to":"","_links_to_target":""},"class_list":["post-3679","page","type-page","status-publish","has-post-thumbnail","hentry"],"_links":{"self":[{"href":"https:\/\/etab.ac-reunion.fr\/lyc-le-verger\/wp-json\/wp\/v2\/pages\/3679","targetHints":{"allow":["GET"]}}],"collection":[{"href":"https:\/\/etab.ac-reunion.fr\/lyc-le-verger\/wp-json\/wp\/v2\/pages"}],"about":[{"href":"https:\/\/etab.ac-reunion.fr\/lyc-le-verger\/wp-json\/wp\/v2\/types\/page"}],"author":[{"embeddable":true,"href":"https:\/\/etab.ac-reunion.fr\/lyc-le-verger\/wp-json\/wp\/v2\/users\/157"}],"replies":[{"embeddable":true,"href":"https:\/\/etab.ac-reunion.fr\/lyc-le-verger\/wp-json\/wp\/v2\/comments?post=3679"}],"version-history":[{"count":3,"href":"https:\/\/etab.ac-reunion.fr\/lyc-le-verger\/wp-json\/wp\/v2\/pages\/3679\/revisions"}],"predecessor-version":[{"id":3689,"href":"https:\/\/etab.ac-reunion.fr\/lyc-le-verger\/wp-json\/wp\/v2\/pages\/3679\/revisions\/3689"}],"wp:featuredmedia":[{"embeddable":true,"href":"https:\/\/etab.ac-reunion.fr\/lyc-le-verger\/wp-json\/wp\/v2\/media\/3683"}],"wp:attachment":[{"href":"https:\/\/etab.ac-reunion.fr\/lyc-le-verger\/wp-json\/wp\/v2\/media?parent=3679"}],"curies":[{"name":"wp","href":"https:\/\/api.w.org\/{rel}","templated":true}]}}