{"id":5776,"date":"2024-08-28T16:28:12","date_gmt":"2024-08-28T12:28:12","guid":{"rendered":"https:\/\/etab.ac-reunion.fr\/lyc-le-verger\/?page_id=5776"},"modified":"2024-08-28T16:31:20","modified_gmt":"2024-08-28T12:31:20","slug":"2024-physique-etonnante-pour-un-grand-oral-percutant","status":"publish","type":"page","link":"https:\/\/etab.ac-reunion.fr\/lyc-le-verger\/2024-physique-etonnante-pour-un-grand-oral-percutant\/","title":{"rendered":"2024 Physique \u00e9tonnante pour un grand oral percutant"},"content":{"rendered":"\n<figure class=\"wp-block-image size-large\"><img loading=\"lazy\" decoding=\"async\" width=\"1024\" height=\"576\" src=\"https:\/\/etab.ac-reunion.fr\/lyc-le-verger\/wp-content\/uploads\/sites\/32\/2024\/08\/2024_GO_percutant_prix-1024x576.jpg\" alt=\"\" class=\"wp-image-5774\" srcset=\"https:\/\/etab.ac-reunion.fr\/lyc-le-verger\/wp-content\/uploads\/sites\/32\/2024\/08\/2024_GO_percutant_prix-1024x576.jpg 1024w, https:\/\/etab.ac-reunion.fr\/lyc-le-verger\/wp-content\/uploads\/sites\/32\/2024\/08\/2024_GO_percutant_prix-300x169.jpg 300w, https:\/\/etab.ac-reunion.fr\/lyc-le-verger\/wp-content\/uploads\/sites\/32\/2024\/08\/2024_GO_percutant_prix-768x432.jpg 768w, https:\/\/etab.ac-reunion.fr\/lyc-le-verger\/wp-content\/uploads\/sites\/32\/2024\/08\/2024_GO_percutant_prix-1536x864.jpg 1536w, https:\/\/etab.ac-reunion.fr\/lyc-le-verger\/wp-content\/uploads\/sites\/32\/2024\/08\/2024_GO_percutant_prix-95x54.jpg 95w, https:\/\/etab.ac-reunion.fr\/lyc-le-verger\/wp-content\/uploads\/sites\/32\/2024\/08\/2024_GO_percutant_prix.jpg 1920w\" sizes=\"auto, (max-width: 1024px) 100vw, 1024px\" \/><\/figure>\n\n\n\n<figure class=\"wp-block-image size-full\"><img loading=\"lazy\" decoding=\"async\" width=\"899\" height=\"990\" src=\"https:\/\/etab.ac-reunion.fr\/lyc-le-verger\/wp-content\/uploads\/sites\/32\/2024\/08\/2024-06-20_231112.jpg\" alt=\"\" class=\"wp-image-5773\" srcset=\"https:\/\/etab.ac-reunion.fr\/lyc-le-verger\/wp-content\/uploads\/sites\/32\/2024\/08\/2024-06-20_231112.jpg 899w, https:\/\/etab.ac-reunion.fr\/lyc-le-verger\/wp-content\/uploads\/sites\/32\/2024\/08\/2024-06-20_231112-272x300.jpg 272w, https:\/\/etab.ac-reunion.fr\/lyc-le-verger\/wp-content\/uploads\/sites\/32\/2024\/08\/2024-06-20_231112-768x846.jpg 768w\" sizes=\"auto, (max-width: 899px) 100vw, 899px\" \/><\/figure>\n\n\n\n<p>Le 29 mai 2024 a eu lieu la remise du prix du concours \u00ab\u00a0Physique \u00e9tonnante pour un grand oral percutant\u00a0\u00bb organis\u00e9 par le CNRS et le Minist\u00e8re de l&rsquo;Education Nationale et de la jeunesse dans le cadre de l&rsquo;Ann\u00e9e de la Physique.<\/p>\n\n\n<div class=\"wp-block-image\">\n<figure class=\"aligncenter size-full\"><img loading=\"lazy\" decoding=\"async\" width=\"655\" height=\"593\" src=\"https:\/\/etab.ac-reunion.fr\/lyc-le-verger\/wp-content\/uploads\/sites\/32\/2024\/08\/2023-physiques-etonnantes-1024x768-1.jpg\" alt=\"\" class=\"wp-image-5775\" srcset=\"https:\/\/etab.ac-reunion.fr\/lyc-le-verger\/wp-content\/uploads\/sites\/32\/2024\/08\/2023-physiques-etonnantes-1024x768-1.jpg 655w, https:\/\/etab.ac-reunion.fr\/lyc-le-verger\/wp-content\/uploads\/sites\/32\/2024\/08\/2023-physiques-etonnantes-1024x768-1-300x272.jpg 300w\" sizes=\"auto, (max-width: 655px) 100vw, 655px\" \/><\/figure>\n<\/div>\n\n\n<p>Deux \u00e9l\u00e8ves de premi\u00e8re Laly LP et Luan LP ont repr\u00e9sent\u00e9 l&rsquo;Acad\u00e9mie de La R\u00e9union. Le jury compos\u00e9 d&rsquo;IGESR, d&rsquo;IA-IPR du groupe Physique-Chimie, de physicien de l&rsquo;universit\u00e9 de Grenoble-Alpes, de physiciennes de l&rsquo;Universit\u00e9 de Paris-Saclay et du CNRS a  \u00e9t\u00e9 impressionn\u00e9 par la pertinence des r\u00e9ponses de Laly et Luan \u00e0 leurs questions. La prestation  \u00e9tait vraiment d&rsquo;excellente qualit\u00e9.<\/p>\n\n\n\n<p><\/p>\n\n\n\n<p>Les \u00e9l\u00e8ves ont pr\u00e9sent\u00e9 une courte vid\u00e9o de moins de trois minutes sur les noyaux dans tout leurs \u00e9tats . La vid\u00e9o de ces \u00e9l\u00e8ves du lyc\u00e9e Le Verger a \u00e9t\u00e9 retenue parmi plus de trente vid\u00e9os d&rsquo;\u00e9l\u00e8ves de cinq lyc\u00e9es de l&rsquo;\u00cele pour repr\u00e9senter l&rsquo;Acad\u00e9mie de La R\u00e9union.<\/p>\n\n\n\n<p class=\"has-text-align-right\"><a href=\"https:\/\/pedagogie.ac-reunion.fr\/spc\/actualite-pedagogie\/news\/detail\/News\/concours-la-physique-etonnante-pour-un-grand-oral-percutant.html\" data-type=\"link\" data-id=\"https:\/\/pedagogie.ac-reunion.fr\/spc\/actualite-pedagogie\/news\/detail\/News\/concours-la-physique-etonnante-pour-un-grand-oral-percutant.html\" target=\"_blank\" rel=\"noreferrer noopener\">En savoir plus sur ce concours<\/a><\/p>\n<!-- AddThis Advanced Settings generic via filter on the_content --><!-- AddThis Share Buttons generic via filter on the_content -->","protected":false},"excerpt":{"rendered":"<p>Le 29 mai 2024 a eu lieu la remise du prix du concours \u00ab\u00a0Physique \u00e9tonnante pour un grand oral percutant\u00a0\u00bb organis\u00e9 par le CNRS et le Minist\u00e8re de l&rsquo;Education Nationale et de la jeunesse dans le cadre de l&rsquo;Ann\u00e9e de la Physique. Deux \u00e9l\u00e8ves de premi\u00e8re Laly LP et Luan &hellip;<!-- AddThis Advanced Settings generic via filter on get_the_excerpt --><!-- AddThis Share Buttons generic via filter on get_the_excerpt --><\/p>\n","protected":false},"author":157,"featured_media":5774,"parent":0,"menu_order":0,"comment_status":"closed","ping_status":"closed","template":"","meta":{"footnotes":"","_links_to":"","_links_to_target":""},"class_list":["post-5776","page","type-page","status-publish","has-post-thumbnail","hentry"],"_links":{"self":[{"href":"https:\/\/etab.ac-reunion.fr\/lyc-le-verger\/wp-json\/wp\/v2\/pages\/5776","targetHints":{"allow":["GET"]}}],"collection":[{"href":"https:\/\/etab.ac-reunion.fr\/lyc-le-verger\/wp-json\/wp\/v2\/pages"}],"about":[{"href":"https:\/\/etab.ac-reunion.fr\/lyc-le-verger\/wp-json\/wp\/v2\/types\/page"}],"author":[{"embeddable":true,"href":"https:\/\/etab.ac-reunion.fr\/lyc-le-verger\/wp-json\/wp\/v2\/users\/157"}],"replies":[{"embeddable":true,"href":"https:\/\/etab.ac-reunion.fr\/lyc-le-verger\/wp-json\/wp\/v2\/comments?post=5776"}],"version-history":[{"count":3,"href":"https:\/\/etab.ac-reunion.fr\/lyc-le-verger\/wp-json\/wp\/v2\/pages\/5776\/revisions"}],"predecessor-version":[{"id":5780,"href":"https:\/\/etab.ac-reunion.fr\/lyc-le-verger\/wp-json\/wp\/v2\/pages\/5776\/revisions\/5780"}],"wp:featuredmedia":[{"embeddable":true,"href":"https:\/\/etab.ac-reunion.fr\/lyc-le-verger\/wp-json\/wp\/v2\/media\/5774"}],"wp:attachment":[{"href":"https:\/\/etab.ac-reunion.fr\/lyc-le-verger\/wp-json\/wp\/v2\/media?parent=5776"}],"curies":[{"name":"wp","href":"https:\/\/api.w.org\/{rel}","templated":true}]}}