{"id":758,"date":"2014-08-27T09:45:17","date_gmt":"2014-08-27T05:45:17","guid":{"rendered":"http:\/\/lycee-leverger.ac-reunion.fr\/?page_id=758"},"modified":"2022-01-27T22:01:34","modified_gmt":"2022-01-27T18:01:34","slug":"fiche-dialogue","status":"publish","type":"page","link":"https:\/\/etab.ac-reunion.fr\/lyc-le-verger\/orientations\/fiche-dialogue\/","title":{"rendered":"Fiche dialogue"},"content":{"rendered":"<p style=\"border: 0px none;font-family: 'Open Sans','Helvetica Neue',Helvetica,Arial,sans-serif;font-size: 14px;font-style: normal;font-weight: normal;margin: 0px 0px 1.5em;padding: 0px;vertical-align: baseline;color: #444444;font-variant: normal;letter-spacing: normal;line-height: 23.996px;text-indent: 0px;background-color: #ffffff;text-align: justify\">Afin de pr\u00e9parer au mieux le d\u00e9roulement de la scolarit\u00e9 de votre enfant, vous pouvez saisir vos intentions de voeux. Le passage d\u2019une classe (ou d\u2019un cycle) \u00e0 l\u2019autre est l\u2019occasion de phases de dialogue entre la famille et le lyc\u00e9e Le Verger.<\/p>\n<p style=\"border: 0px none;font-family: 'Open Sans','Helvetica Neue',Helvetica,Arial,sans-serif;font-size: 14px;font-style: normal;font-weight: normal;margin: 0px 0px 1.5em;padding: 0px;vertical-align: baseline;color: #444444;font-variant: normal;letter-spacing: normal;line-height: 23.996px;text-indent: 0px;background-color: #ffffff;text-align: justify\"><strong style=\"border: 0px;font-family: inherit;font-size: 14px;font-style: inherit;font-weight: bold;margin: 0px;padding: 0px;vertical-align: baseline\">Au 2\u00e8me trimestre<\/strong>, la famille indique<span class=\"Apple-converted-space\">\u00a0<\/span><strong style=\"border: 0px;font-family: inherit;font-size: 14px;font-style: inherit;font-weight: bold;margin: 0px;padding: 0px;vertical-align: baseline\">ses intentions provisoires<\/strong><span class=\"Apple-converted-space\">\u00a0<\/span>\u00e0 l\u2019aide de la t\u00e9l\u00e9-orientation (\u00e0 privil\u00e9gier) ou la fiche de dialogue papier et le conseil de classe y r\u00e9pond par une<strong style=\"border: 0px;font-family: inherit;font-size: 14px;font-style: inherit;font-weight: bold;margin: 0px;padding: 0px;vertical-align: baseline\"><span class=\"Apple-converted-space\">\u00a0<\/span>proposition provisoire<\/strong>.<\/p>\n<p style=\"border: 0px none;font-family: 'Open Sans','Helvetica Neue',Helvetica,Arial,sans-serif;font-size: 14px;font-style: normal;font-weight: normal;margin: 0px 0px 1.5em;padding: 0px;vertical-align: baseline;color: #444444;font-variant: normal;letter-spacing: normal;line-height: 23.996px;text-indent: 0px;background-color: #ffffff;text-align: justify\">Les fiches dialogues du deuxi\u00e8me trimestre sont \u00e0 rapporter au professeur principal de votre enfant.<\/p>\n<ul style=\"border: 0px none;font-family: 'Open Sans','Helvetica Neue',Helvetica,Arial,sans-serif;font-size: 14px;font-style: normal;font-weight: normal;margin: 0px 0px 1.5em 3em;padding: 0px;vertical-align: baseline;color: #444444;font-variant: normal;letter-spacing: normal;line-height: 23.996px;text-indent: 0px;background-color: #ffffff;text-align: justify\">\n<li style=\"border: 0px;font-family: inherit;font-size: 14px;font-style: inherit;font-weight: inherit;margin: 0px;padding: 0px;vertical-align: baseline\">Fiche dialogue de 2de : pr\u00e9ciser le latin , la DNL (Histoire-G\u00e9ographie en Allemand,\u00a0Histoire-G\u00e9ographie en Anglais, Histoire-G\u00e9ographie en Espagnol et Math\u00e9matiques en Anglais\u00a0 )<\/li>\n<li style=\"border: 0px;font-family: inherit;font-size: 14px;font-style: inherit;font-weight: inherit;margin: 0px;padding: 0px;vertical-align: baseline\">Fiche dialogue de 1ere : pr\u00e9ciser la sp\u00e9cialit\u00e9<\/li>\n<li style=\"border: 0px;font-family: inherit;font-size: 14px;font-style: inherit;font-weight: inherit;margin: 0px;padding: 0px;vertical-align: baseline\">Pour les terminales il n&rsquo;y a plus de fiche dialogue puisque l&rsquo;orientation se fait sur admission <a title=\"Lien vers la page d'admission post-bac\" href=\"https:\/\/etab.ac-reunion.fr\/lyc-le-verger\/orientations\/admission-post-bac-apb\/\">post-bac<\/a> :\n<div dir=\"ltr\" style=\"border: 0px;font-family: inherit;font-size: 14px;font-style: inherit;font-weight: inherit;margin: 0px;padding: 0px;vertical-align: baseline\">\n<ol style=\"border: 0px;font-family: inherit;font-size: 14px;font-style: inherit;font-weight: inherit;margin: 0px 0px 0px 1.5em;padding: 0px;vertical-align: baseline\">\n<li style=\"border: 0px;font-family: inherit;font-size: 14px;font-style: inherit;font-weight: inherit;margin: 0px;padding: 0px;vertical-align: baseline\">Vous indiquez vos<span class=\"Apple-converted-space\">\u00a0<\/span><strong style=\"border: 0px;font-family: inherit;font-size: 14px;font-style: inherit;font-weight: bold;margin: 0px;padding: 0px;vertical-align: baseline\">intentions d\u2019orientation avec les sp\u00e9cialit\u00e9s.<\/strong><\/li>\n<li style=\"border: 0px;font-family: inherit;font-size: 14px;font-style: inherit;font-weight: inherit;margin: 0px;padding: 0px;vertical-align: baseline\">\n<div dir=\"ltr\" style=\"border: 0px;font-family: inherit;font-size: 14px;font-style: inherit;font-weight: inherit;margin: 0px;padding: 0px;vertical-align: baseline\">Le conseil de classe du 2nd trimestre r\u00e9pondra en formulant un avis <strong>provisoire<\/strong> d\u2019orientation. C\u2019est la premi\u00e8re \u00e9tape du dialogue entre vous et l\u2019\u00e9quipe \u00e9ducative. N\u2019h\u00e9sitez pas \u00e0 prendre contact avec toutes les personnes qui peuvent vous aider (professeur principal, conseiller d\u2019orientation psychologue\u2026)<\/div>\n<\/li>\n<\/ol>\n<\/div>\n<\/li>\n<\/ul>\n<p style=\"border: 0px none;font-family: 'Open Sans','Helvetica Neue',Helvetica,Arial,sans-serif;font-size: 14px;font-style: normal;font-weight: normal;margin: 0px 0px 1.5em;padding: 0px;vertical-align: baseline;color: #444444;font-variant: normal;letter-spacing: normal;line-height: 23.996px;text-indent: 0px;background-color: #ffffff;text-align: justify\"><strong style=\"border: 0px;font-family: inherit;font-size: 14px;font-style: inherit;font-weight: bold;margin: 0px;padding: 0px;vertical-align: baseline\">Au 3\u00e8me trimestre,<\/strong><span class=\"Apple-converted-space\">\u00a0<\/span>la famille fait conna\u00eetre<span class=\"Apple-converted-space\">\u00a0<\/span><strong style=\"border: 0px;font-family: inherit;font-size: 14px;font-style: inherit;font-weight: bold;margin: 0px;padding: 0px;vertical-align: baseline\">ses v\u0153ux d\u00e9finitifs<\/strong><span class=\"Apple-converted-space\">\u00a0<\/span>auxquels le chef d\u2019\u00e9tablissement r\u00e9pond par un avis d\u00e9finitif d\u2019orientation.<\/p>\n<p style=\"border: 0px none;font-family: 'Open Sans','Helvetica Neue',Helvetica,Arial,sans-serif;font-size: 14px;font-style: normal;font-weight: normal;margin: 0px 0px 1.5em;padding: 0px;vertical-align: baseline;color: #444444;font-variant: normal;letter-spacing: normal;line-height: 23.996px;text-indent: 0px;background-color: #ffffff;text-align: justify\">Concernant chaque classe, les d\u00e9cisions sont prises au troisi\u00e8me trimestre <span style=\"text-decoration: underline\"><em><strong>mais il faut mettre \u00e0 profit toute l\u2019ann\u00e9e pour construire son proje<\/strong><strong>t<\/strong><\/em><\/span>.<\/p>\n<p style=\"border: 0px none;font-family: 'Open Sans','Helvetica Neue',Helvetica,Arial,sans-serif;font-size: 14px;font-style: normal;font-weight: normal;margin: 0px 0px 1.5em;padding: 0px;vertical-align: baseline;color: #444444;font-variant: normal;letter-spacing: normal;line-height: 23.996px;text-indent: 0px;background-color: #ffffff;text-align: justify\">1. Au troisi\u00e8me trimestre :<\/p>\n<ul style=\"border: 0px none;font-family: 'Open Sans','Helvetica Neue',Helvetica,Arial,sans-serif;font-size: 14px;font-style: normal;font-weight: normal;margin: 0px 0px 1.5em 3em;padding: 0px;vertical-align: baseline;color: #444444;font-variant: normal;letter-spacing: normal;line-height: 23.996px;text-indent: 0px;background-color: #ffffff;text-align: justify\">\n<li style=\"border: 0px;font-family: inherit;font-size: 14px;font-style: inherit;font-weight: inherit;margin: 0px;padding: 0px;vertical-align: baseline\">Vous formulez votre demande d\u2019orientation sur la fiche du 3\u00e8me trimestre .<\/li>\n<li style=\"border: 0px;font-family: inherit;font-size: 14px;font-style: inherit;font-weight: inherit;margin: 0px;padding: 0px;vertical-align: baseline\">Vous pouvez cocher plusieurs voies de formation en les priorisant.<\/li>\n<\/ul>\n<p style=\"border: 0px none;font-family: 'Open Sans','Helvetica Neue',Helvetica,Arial,sans-serif;font-size: 14px;font-style: normal;font-weight: normal;margin: 0px 0px 1.5em;padding: 0px;vertical-align: baseline;color: #444444;font-variant: normal;letter-spacing: normal;line-height: 23.996px;text-indent: 0px;background-color: #ffffff;text-align: justify\">2. Le conseil de classe du 3\u00e8me trimestre examine votre demande et formule une proposition d\u2019orientation.<\/p>\n<ul style=\"border: 0px;font-family: 'Open Sans', 'Helvetica Neue', Helvetica, Arial, sans-serif;font-size: 14px;font-style: normal;font-weight: normal;margin: 0px 0px 1.5em 3em;padding: 0px;vertical-align: baseline;color: #444444;font-variant: normal;letter-spacing: normal;line-height: 23.99599838256836px;text-align: start;text-indent: 0px;background-color: #ffffff\">\n<li style=\"border: 0px none;font-family: inherit;font-size: 14px;font-style: inherit;font-weight: inherit;margin: 0px;padding: 0px;vertical-align: baseline;text-align: justify\">Si la proposition est conforme \u00e0 votre choix, elle devient la d\u00e9cision d\u2019orientation.<\/li>\n<li style=\"border: 0px none;font-family: inherit;font-size: 14px;font-style: inherit;font-weight: inherit;margin: 0px;padding: 0px;vertical-align: baseline;text-align: justify\">Si la proposition est diff\u00e9rente de votre choix, vous serez re\u00e7u en entretien par le professeur principal puis par le proviseur<\/li>\n<li style=\"border: 0px none;font-family: inherit;font-size: 14px;font-style: inherit;font-weight: inherit;margin: 0px;padding: 0px;vertical-align: baseline;text-align: justify\">Si le d\u00e9saccord persiste, \u00e0 l\u2019issue de l\u2019entretien, vous pourrez recourir \u00e0 la commission d\u2019appel ou opter pour un doublement.<\/li>\n<\/ul>\n\n\n<div class=\"wp-block-file\"><a href=\"https:\/\/etab.ac-reunion.fr\/lyc-le-verger\/wp-content\/uploads\/sites\/32\/2022\/01\/flyer_tso_2de_2022.pdf\">flyer_tso_2de_2022<\/a><a href=\"https:\/\/etab.ac-reunion.fr\/lyc-le-verger\/wp-content\/uploads\/sites\/32\/2022\/01\/flyer_tso_2de_2022.pdf\" class=\"wp-block-file__button\" download>T\u00e9l\u00e9charger<\/a><\/div>\n\n\n\n<figure class=\"wp-block-gallery columns-2 is-cropped wp-block-gallery-1 is-layout-flex wp-block-gallery-is-layout-flex\"><ul class=\"blocks-gallery-grid\"><li class=\"blocks-gallery-item\"><figure><img loading=\"lazy\" decoding=\"async\" width=\"603\" height=\"852\" src=\"https:\/\/etab.ac-reunion.fr\/lyc-le-verger\/wp-content\/uploads\/sites\/32\/2022\/01\/flyer_tso_2de_2022_1sur2.jpg\" alt=\"\" data-id=\"4965\" data-full-url=\"https:\/\/etab.ac-reunion.fr\/lyc-le-verger\/wp-content\/uploads\/sites\/32\/2022\/01\/flyer_tso_2de_2022_1sur2.jpg\" data-link=\"https:\/\/etab.ac-reunion.fr\/lyc-le-verger\/orientations\/fiche-dialogue\/flyer_tso_2de_2022_1sur2\/\" class=\"wp-image-4965\" srcset=\"https:\/\/etab.ac-reunion.fr\/lyc-le-verger\/wp-content\/uploads\/sites\/32\/2022\/01\/flyer_tso_2de_2022_1sur2.jpg 603w, https:\/\/etab.ac-reunion.fr\/lyc-le-verger\/wp-content\/uploads\/sites\/32\/2022\/01\/flyer_tso_2de_2022_1sur2-212x300.jpg 212w\" sizes=\"auto, (max-width: 603px) 100vw, 603px\" \/><\/figure><\/li><li class=\"blocks-gallery-item\"><figure><img loading=\"lazy\" decoding=\"async\" width=\"605\" height=\"849\" src=\"https:\/\/etab.ac-reunion.fr\/lyc-le-verger\/wp-content\/uploads\/sites\/32\/2022\/01\/flyer_tso_2de_2022_2sur2.jpg\" alt=\"\" data-id=\"4964\" data-full-url=\"https:\/\/etab.ac-reunion.fr\/lyc-le-verger\/wp-content\/uploads\/sites\/32\/2022\/01\/flyer_tso_2de_2022_2sur2.jpg\" data-link=\"https:\/\/etab.ac-reunion.fr\/lyc-le-verger\/orientations\/fiche-dialogue\/flyer_tso_2de_2022_2sur2\/\" class=\"wp-image-4964\" srcset=\"https:\/\/etab.ac-reunion.fr\/lyc-le-verger\/wp-content\/uploads\/sites\/32\/2022\/01\/flyer_tso_2de_2022_2sur2.jpg 605w, https:\/\/etab.ac-reunion.fr\/lyc-le-verger\/wp-content\/uploads\/sites\/32\/2022\/01\/flyer_tso_2de_2022_2sur2-214x300.jpg 214w\" sizes=\"auto, (max-width: 605px) 100vw, 605px\" \/><\/figure><\/li><\/ul><\/figure>\n\n\n\n<div class=\"wp-block-file\"><a href=\"https:\/\/etab.ac-reunion.fr\/lyc-le-verger\/wp-content\/uploads\/sites\/32\/2022\/01\/presentation_orientation-en-ligne-2de-phase-provisoire-2022-2.pdf\">presentation_orientation-en-ligne-2de-phase-provisoire-2022<\/a><a href=\"https:\/\/etab.ac-reunion.fr\/lyc-le-verger\/wp-content\/uploads\/sites\/32\/2022\/01\/presentation_orientation-en-ligne-2de-phase-provisoire-2022-2.pdf\" class=\"wp-block-file__button\" download>T\u00e9l\u00e9charger<\/a><\/div>\n<!-- AddThis Advanced Settings generic via filter on the_content --><!-- AddThis Share Buttons generic via filter on the_content -->","protected":false},"excerpt":{"rendered":"<p>Afin de pr\u00e9parer au mieux le d\u00e9roulement de la scolarit\u00e9 de votre enfant, vous pouvez saisir vos intentions de voeux. Le passage d\u2019une classe (ou d\u2019un cycle) \u00e0 l\u2019autre est l\u2019occasion de phases de dialogue entre la famille et le lyc\u00e9e Le Verger. Au 2\u00e8me trimestre, la famille indique\u00a0ses intentions &hellip;<!-- AddThis Advanced Settings generic via filter on get_the_excerpt --><!-- AddThis Share Buttons generic via filter on get_the_excerpt --><\/p>\n","protected":false},"author":157,"featured_media":0,"parent":752,"menu_order":0,"comment_status":"closed","ping_status":"closed","template":"","meta":{"footnotes":"","_links_to":"","_links_to_target":""},"class_list":["post-758","page","type-page","status-publish","hentry"],"_links":{"self":[{"href":"https:\/\/etab.ac-reunion.fr\/lyc-le-verger\/wp-json\/wp\/v2\/pages\/758","targetHints":{"allow":["GET"]}}],"collection":[{"href":"https:\/\/etab.ac-reunion.fr\/lyc-le-verger\/wp-json\/wp\/v2\/pages"}],"about":[{"href":"https:\/\/etab.ac-reunion.fr\/lyc-le-verger\/wp-json\/wp\/v2\/types\/page"}],"author":[{"embeddable":true,"href":"https:\/\/etab.ac-reunion.fr\/lyc-le-verger\/wp-json\/wp\/v2\/users\/157"}],"replies":[{"embeddable":true,"href":"https:\/\/etab.ac-reunion.fr\/lyc-le-verger\/wp-json\/wp\/v2\/comments?post=758"}],"version-history":[{"count":6,"href":"https:\/\/etab.ac-reunion.fr\/lyc-le-verger\/wp-json\/wp\/v2\/pages\/758\/revisions"}],"predecessor-version":[{"id":4968,"href":"https:\/\/etab.ac-reunion.fr\/lyc-le-verger\/wp-json\/wp\/v2\/pages\/758\/revisions\/4968"}],"up":[{"embeddable":true,"href":"https:\/\/etab.ac-reunion.fr\/lyc-le-verger\/wp-json\/wp\/v2\/pages\/752"}],"wp:attachment":[{"href":"https:\/\/etab.ac-reunion.fr\/lyc-le-verger\/wp-json\/wp\/v2\/media?parent=758"}],"curies":[{"name":"wp","href":"https:\/\/api.w.org\/{rel}","templated":true}]}}