{"id":783,"date":"2020-08-26T20:08:00","date_gmt":"2020-08-26T16:08:00","guid":{"rendered":"http:\/\/lycee-leverger.ac-reunion.fr\/?page_id=783"},"modified":"2025-11-16T20:39:27","modified_gmt":"2025-11-16T16:39:27","slug":"educonnect","status":"publish","type":"page","link":"https:\/\/etab.ac-reunion.fr\/lyc-le-verger\/parents\/educonnect\/","title":{"rendered":"Acc\u00e9der \u00e0 EDUCONNECT"},"content":{"rendered":"\n<p> <strong>Les responsables l\u00e9gaux et les \u00e9l\u00e8ves peuvent acc\u00e9der \u00e0 leurs comptes Educonnect en cliquant sur le lien suivant :<\/strong><\/p>\n\n\n<div class=\"wp-block-image is-style-default\">\n<figure class=\"alignleft size-large is-resized\"><a href=\"https:\/\/educonnect.education.gouv.fr\/idp\/profile\/SAML2\/Redirect\/SSO?execution=e1s1\" target=\"_blank\" rel=\"noreferrer noopener\"><img loading=\"lazy\" decoding=\"async\" width=\"349\" height=\"59\" src=\"https:\/\/etab.ac-reunion.fr\/lyc-le-verger\/wp-content\/uploads\/sites\/32\/2020\/08\/EDUCONNECT.png\" alt=\"\" class=\"wp-image-4309\" style=\"width:293px;height:auto\" srcset=\"https:\/\/etab.ac-reunion.fr\/lyc-le-verger\/wp-content\/uploads\/sites\/32\/2020\/08\/EDUCONNECT.png 349w, https:\/\/etab.ac-reunion.fr\/lyc-le-verger\/wp-content\/uploads\/sites\/32\/2020\/08\/EDUCONNECT-300x51.png 300w\" sizes=\"auto, (max-width: 349px) 100vw, 349px\" \/><\/a><\/figure>\n<\/div>\n\n\n<p><\/p>\n\n\n\n<p><\/p>\n\n\n<div class=\"wp-block-image is-style-default\">\n<figure class=\"alignleft size-large is-resized\"><a href=\"https:\/\/sso.ac-reunion.fr\/login?service=https%3A%2F%2Fhubole.ac-reunion.fr%2Fedispatcher%2Fng%2Fhub\" target=\"_blank\" rel=\"noreferrer noopener\"><img loading=\"lazy\" decoding=\"async\" width=\"306\" height=\"81\" src=\"https:\/\/etab.ac-reunion.fr\/lyc-le-verger\/wp-content\/uploads\/sites\/32\/2014\/09\/M\u00e9tice.jpg\" alt=\"\" class=\"wp-image-787\" style=\"width:147px;height:auto\" srcset=\"https:\/\/etab.ac-reunion.fr\/lyc-le-verger\/wp-content\/uploads\/sites\/32\/2014\/09\/M\u00e9tice.jpg 306w, https:\/\/etab.ac-reunion.fr\/lyc-le-verger\/wp-content\/uploads\/sites\/32\/2014\/09\/M\u00e9tice-300x79.jpg 300w\" sizes=\"auto, (max-width: 306px) 100vw, 306px\" \/><\/a><\/figure>\n<\/div>\n\n\n<p><\/p>\n\n\n\n<p><\/p>\n\n\n\n<h5 class=\"wp-block-heading has-headings-color has-text-color has-link-color wp-elements-2bc5e5940593b0cfee3691368a006d67\">EN CAS D&rsquo;OUBLI D&rsquo;IDENTIFIANT OU DE MOT DE PASSE, VOUS POUVEZ LES  RECUPERER EN SUIVANT LES INSTRUCTIONS CI-DESSOUS :<\/h5>\n\n\n\n<p><strong>Pour les comptes \u00ab\u00a0\u00e9l\u00e8ves \u00ab\u00a0, merci de cliquer sur les liens suivant : <\/strong><\/p>\n\n\n\n<div class=\"wp-block-buttons is-horizontal is-content-justification-center is-layout-flex wp-container-core-buttons-is-layout-499968f5 wp-block-buttons-is-layout-flex\">\n<div class=\"wp-block-button\"><a class=\"wp-block-button__link has-vivid-green-cyan-background-color has-background has-text-align-left wp-element-button\" href=\"https:\/\/moncompte.educonnect.education.gouv.fr\/educt-self-service\/oubliLogin\/recupererLoginEleve\" target=\"_blank\" rel=\"noreferrer noopener\">\u00c9l\u00e8ves: Identifiant oubli\u00e9<\/a><\/div>\n<\/div>\n\n\n\n<div class=\"wp-block-buttons is-content-justification-center is-layout-flex wp-container-core-buttons-is-layout-16018d1d wp-block-buttons-is-layout-flex\">\n<div class=\"wp-block-button\"><a class=\"wp-block-button__link has-background wp-element-button\" href=\"https:\/\/moncompte.educonnect.education.gouv.fr\/educt-self-service\/oubliMdp\/recupererMotDePasseEleve\" style=\"background-color:#00d084\" target=\"_blank\" rel=\"noreferrer noopener\">\u00c9l\u00e8ves: Mot de passe oubli\u00e9<\/a><\/div>\n<\/div>\n\n\n\n<p><strong>Pour les comptes \u00ab\u00a0parents \u00ab\u00a0, merci de cliquer sur les liens suivant :<\/strong><\/p>\n\n\n\n<div class=\"wp-block-buttons is-horizontal is-content-justification-center is-layout-flex wp-container-core-buttons-is-layout-499968f5 wp-block-buttons-is-layout-flex\">\n<div class=\"wp-block-button\"><a class=\"wp-block-button__link has-vivid-cyan-blue-background-color has-background wp-element-button\" href=\"https:\/\/moncompte.educonnect.education.gouv.fr\/educt-self-service\/oubliLogin\/recupererLoginResponsable\" target=\"_blank\" rel=\"noreferrer noopener\">Parents: Identifiant oubli\u00e9<\/a><\/div>\n<\/div>\n\n\n\n<div class=\"wp-block-buttons is-content-justification-center is-layout-flex wp-container-core-buttons-is-layout-16018d1d wp-block-buttons-is-layout-flex\">\n<div class=\"wp-block-button is-style-fill\"><a class=\"wp-block-button__link has-background wp-element-button\" href=\"https:\/\/moncompte.educonnect.education.gouv.fr\/educt-self-service\/oubliMdp\/recupererMotDePasseResponsable\" style=\"background-color:#0693e3\" target=\"_blank\" rel=\"noreferrer noopener\">Parents: Mot de passe oubli\u00e9<\/a><\/div>\n<\/div>\n\n\n\n<p><\/p>\n\n\n\n<p><strong>En cas de difficult\u00e9 persistante, merci de contacter l&rsquo;assistance :<\/strong><\/p>\n\n\n\n<div class=\"wp-block-buttons is-horizontal is-content-justification-center is-layout-flex wp-container-core-buttons-is-layout-499968f5 wp-block-buttons-is-layout-flex\">\n<div class=\"wp-block-button\"><a class=\"wp-block-button__link has-vivid-green-cyan-background-color has-background wp-element-button\" href=\"https:\/\/www.ac-reunion.fr\/assistance-educonnect.html\" target=\"_blank\" rel=\"noreferrer noopener\">Assistance Educonnect<\/a><\/div>\n<\/div>\n\n\n\n<p><\/p>\n\n\n\n<p><\/p>\n\n\n\n<p><\/p>\n\n\n\n<p><strong>Ci-dessous, merci de trouver la proc\u00e9dure de cr\u00e9ation de compte Educonnect :<\/strong><\/p>\n\n\n\n<div class=\"wp-block-buttons is-horizontal is-content-justification-center is-layout-flex wp-container-core-buttons-is-layout-499968f5 wp-block-buttons-is-layout-flex\">\n<div class=\"wp-block-button\"><a class=\"wp-block-button__link has-white-color has-text-color has-background wp-element-button\" href=\"https:\/\/www.ac-reunion.fr\/fileadmin\/ANNEXES-ACADEMIQUES\/01-SERVICES-ACADEMIQUES\/service-dsi\/Applications\/EduConnect\/creer-un-compte-sur-educonnect.pdf\" style=\"background-color:#9329ae\" target=\"_blank\" rel=\"noreferrer noopener\">Comment cr\u00e9er son compte  <img loading=\"lazy\" decoding=\"async\" width=\"349\" height=\"59\" class=\"wp-image-4309\" style=\"width: 150px\" src=\"https:\/\/etab.ac-reunion.fr\/lyc-le-verger\/wp-content\/uploads\/sites\/32\/2020\/08\/EDUCONNECT.png\" alt=\"\" srcset=\"https:\/\/etab.ac-reunion.fr\/lyc-le-verger\/wp-content\/uploads\/sites\/32\/2020\/08\/EDUCONNECT.png 349w, https:\/\/etab.ac-reunion.fr\/lyc-le-verger\/wp-content\/uploads\/sites\/32\/2020\/08\/EDUCONNECT-300x51.png 300w\" sizes=\"auto, (max-width: 349px) 100vw, 349px\" \/>?<\/a><\/div>\n<\/div>\n\n\n\n<figure class=\"wp-block-image size-large\"><img loading=\"lazy\" decoding=\"async\" width=\"1024\" height=\"725\" src=\"https:\/\/etab.ac-reunion.fr\/lyc-le-verger\/wp-content\/uploads\/sites\/32\/2020\/08\/Flyer-LLV-1-1024x725.png\" alt=\"\" class=\"wp-image-4298\" srcset=\"https:\/\/etab.ac-reunion.fr\/lyc-le-verger\/wp-content\/uploads\/sites\/32\/2020\/08\/Flyer-LLV-1-1024x725.png 1024w, https:\/\/etab.ac-reunion.fr\/lyc-le-verger\/wp-content\/uploads\/sites\/32\/2020\/08\/Flyer-LLV-1-300x213.png 300w, https:\/\/etab.ac-reunion.fr\/lyc-le-verger\/wp-content\/uploads\/sites\/32\/2020\/08\/Flyer-LLV-1-768x544.png 768w, https:\/\/etab.ac-reunion.fr\/lyc-le-verger\/wp-content\/uploads\/sites\/32\/2020\/08\/Flyer-LLV-1.png 1293w\" sizes=\"auto, (max-width: 1024px) 100vw, 1024px\" \/><\/figure>\n\n\n\n<figure class=\"wp-block-image size-large\"><img loading=\"lazy\" decoding=\"async\" width=\"1024\" height=\"722\" src=\"https:\/\/etab.ac-reunion.fr\/lyc-le-verger\/wp-content\/uploads\/sites\/32\/2020\/08\/Flyer-LLV-2-1024x722.png\" alt=\"\" class=\"wp-image-4299\" srcset=\"https:\/\/etab.ac-reunion.fr\/lyc-le-verger\/wp-content\/uploads\/sites\/32\/2020\/08\/Flyer-LLV-2-1024x722.png 1024w, https:\/\/etab.ac-reunion.fr\/lyc-le-verger\/wp-content\/uploads\/sites\/32\/2020\/08\/Flyer-LLV-2-300x212.png 300w, https:\/\/etab.ac-reunion.fr\/lyc-le-verger\/wp-content\/uploads\/sites\/32\/2020\/08\/Flyer-LLV-2-768x542.png 768w, https:\/\/etab.ac-reunion.fr\/lyc-le-verger\/wp-content\/uploads\/sites\/32\/2020\/08\/Flyer-LLV-2.png 1294w\" sizes=\"auto, (max-width: 1024px) 100vw, 1024px\" \/><\/figure>\n\n\n\n<p><\/p>\n<!-- AddThis Advanced Settings generic via filter on the_content --><!-- AddThis Share Buttons generic via filter on the_content -->","protected":false},"excerpt":{"rendered":"<p>Les responsables l\u00e9gaux et les \u00e9l\u00e8ves peuvent acc\u00e9der \u00e0 leurs comptes Educonnect en cliquant sur le lien suivant : EN CAS D&rsquo;OUBLI D&rsquo;IDENTIFIANT OU DE MOT DE PASSE, VOUS POUVEZ LES RECUPERER EN SUIVANT LES INSTRUCTIONS CI-DESSOUS : Pour les comptes \u00ab\u00a0\u00e9l\u00e8ves \u00ab\u00a0, merci de cliquer sur les liens suivant &hellip;<!-- AddThis Advanced Settings generic via filter on get_the_excerpt --><!-- AddThis Share Buttons generic via filter on get_the_excerpt --><\/p>\n","protected":false},"author":37495,"featured_media":4309,"parent":487,"menu_order":0,"comment_status":"closed","ping_status":"closed","template":"","meta":{"footnotes":"","_links_to":"","_links_to_target":""},"class_list":["post-783","page","type-page","status-publish","has-post-thumbnail","hentry"],"_links":{"self":[{"href":"https:\/\/etab.ac-reunion.fr\/lyc-le-verger\/wp-json\/wp\/v2\/pages\/783","targetHints":{"allow":["GET"]}}],"collection":[{"href":"https:\/\/etab.ac-reunion.fr\/lyc-le-verger\/wp-json\/wp\/v2\/pages"}],"about":[{"href":"https:\/\/etab.ac-reunion.fr\/lyc-le-verger\/wp-json\/wp\/v2\/types\/page"}],"author":[{"embeddable":true,"href":"https:\/\/etab.ac-reunion.fr\/lyc-le-verger\/wp-json\/wp\/v2\/users\/37495"}],"replies":[{"embeddable":true,"href":"https:\/\/etab.ac-reunion.fr\/lyc-le-verger\/wp-json\/wp\/v2\/comments?post=783"}],"version-history":[{"count":75,"href":"https:\/\/etab.ac-reunion.fr\/lyc-le-verger\/wp-json\/wp\/v2\/pages\/783\/revisions"}],"predecessor-version":[{"id":6273,"href":"https:\/\/etab.ac-reunion.fr\/lyc-le-verger\/wp-json\/wp\/v2\/pages\/783\/revisions\/6273"}],"up":[{"embeddable":true,"href":"https:\/\/etab.ac-reunion.fr\/lyc-le-verger\/wp-json\/wp\/v2\/pages\/487"}],"wp:featuredmedia":[{"embeddable":true,"href":"https:\/\/etab.ac-reunion.fr\/lyc-le-verger\/wp-json\/wp\/v2\/media\/4309"}],"wp:attachment":[{"href":"https:\/\/etab.ac-reunion.fr\/lyc-le-verger\/wp-json\/wp\/v2\/media?parent=783"}],"curies":[{"name":"wp","href":"https:\/\/api.w.org\/{rel}","templated":true}]}}