{"id":91,"date":"2014-04-08T15:50:23","date_gmt":"2014-04-08T11:50:23","guid":{"rendered":"http:\/\/lycee-leverger.ac-reunion.fr\/?page_id=91"},"modified":"2023-07-05T13:22:31","modified_gmt":"2023-07-05T09:22:31","slug":"mentions-legales","status":"publish","type":"page","link":"https:\/\/etab.ac-reunion.fr\/lyc-le-verger\/mentions-legales\/","title":{"rendered":"Mentions l\u00e9gales"},"content":{"rendered":"\n<ul class=\"wp-block-list\">\n<li><strong>\u00c9diteur:<\/strong><\/li>\n<\/ul>\n\n\n\n<p>Lyc\u00e9e le verger<br>1 avenue des corossols<br>97438 Saint-Marie<br>T\u00e9l: 0262 53 20 60<br>Courriel: ce.9741185V(a)ac-reunion.fr remplacer (a) par @<br>Fax: 02 62 53 20 69<\/p>\n\n\n\n<p><\/p>\n\n\n\n<p><\/p>\n\n\n\n<p><strong>Directrice de la publication: <\/strong>Odile DELPIERRE, Proviseure du lyc\u00e9e<\/p>\n\n\n\n<p><strong>Conception et r\u00e9alisation : <\/strong>Eric ROUSSEL, webmestre<\/p>\n\n\n\n<ul class=\"wp-block-list\">\n<li><strong>Fournisseur de l\u2019h\u00e9bergement:<\/strong><\/li>\n<\/ul>\n\n\n\n<p>Rectorat de l\u2019Acad\u00e9mie de La R\u00e9union<br>Secr\u00e9tariat g\u00e9n\u00e9ral \u2013 Service Communication<br>24, Avenue Georges Brassens \u2013 97702 \u2013 St-Denis \u2013 Messag Cedex 9<\/p>\n\n\n\n<ul class=\"wp-block-list\">\n<li><strong>Respect des lois en vigueur<\/strong><\/li>\n<\/ul>\n\n\n\n<p>Le site <a href=\"https:\/\/etab.ac-reunion.fr\/lyc-le-verger\/\" target=\"_blank\" rel=\"noopener\">https:\/\/etab.ac-reunion.fr\/lyc-le-verger\/<\/a> https:\/\/etab.ac-reunion.fr\/lyc-le-verger\/ <i>respecte la vie priv\u00e9e de l&rsquo;internaute et se conforme strictement aux lois en vigueur sur la protection de la vie priv\u00e9e et des libert\u00e9s individuelles. Aucune information personnelle n&rsquo;est collect\u00e9e \u00e0 votre insu. Aucune information personnelle n&rsquo;est c\u00e9d\u00e9e \u00e0 des tiers. Les courriels, les adresses \u00e9lectroniques ou autres informations nominatives dont ce site est destinataire ne font l&rsquo;objet d&rsquo;aucune exploitation.<\/i><\/p>\n\n\n\n<ul class=\"wp-block-list\">\n<li><strong>Droit des internautes: droit d&rsquo;acc\u00e8s et de rectification<\/strong><\/li>\n<\/ul>\n\n\n\n<p>Conform\u00e9ment aux dispositions de la loi n\u00b078-17 du 6 janvier 1978 relative \u00e0 l&rsquo;informatique, aux fichiers et aux libert\u00e9s, les internautes disposent d&rsquo;un droit d&rsquo;acc\u00e8s, de modification, de rectification et de suppression des donn\u00e9es qui les concernent.<br>Ce droit s&rsquo;exerce par voie postale, en justifiant de son identit\u00e9, \u00e0 l&rsquo;adresse cit\u00e9e dans la partie \u00e9diteur.<\/p>\n\n\n\n<ul class=\"wp-block-list\">\n<li><strong>Responsabilit\u00e9s face aux liens vers d&rsquo;autres sites<\/strong><\/li>\n<\/ul>\n\n\n\n<p>Le site <a href=\"https:\/\/etab.ac-reunion.fr\/lyc-le-verger\/\" target=\"_blank\" rel=\"noopener\">https:\/\/etab.ac-reunion.fr\/lyc-le-verger\/<\/a> propose de nombreux liens vers d&rsquo;autres sites, essentiellement des sites officiels (gouvernement, institutions, organismes publics, etc.) mais aussi vers des sites, fran\u00e7ais ou \u00e9trangers, d&rsquo;associations, d&rsquo;organismes professionnels du secteur \u00e9ducatif ou d&rsquo;entreprises partenaires sur des op\u00e9rations ponctuelles.<br>Chaque fois, il est&nbsp; pr\u00e9cis\u00e9 vers quel site nous vous proposons d&rsquo;aller. Ces pages ne font pas partie du site <a href=\"https:\/\/etab.ac-reunion.fr\/lyc-le-verger\/\" target=\"_blank\" rel=\"noopener\">https:\/\/etab.ac-reunion.fr\/lyc-le-verger\/<\/a>&nbsp; : elles n&rsquo;engagent pas la responsabilit\u00e9 de la r\u00e9daction du site qui ne peut \u00eatre tenue pour responsable des contenus vers lesquels ces liens pointent. Ils ne visent qu&rsquo;\u00e0 permettre \u00e0 l&rsquo;internaute d&rsquo;acc\u00e9der plus facilement \u00e0 d&rsquo;autres ressources documentaires sur le sujet consult\u00e9.<\/p>\n\n\n\n<ul class=\"wp-block-list\">\n<li><strong>Demande d&rsquo;autorisation de reproduction des contenus<\/strong><\/li>\n<\/ul>\n\n\n\n<p>Toute copie partielle ou int\u00e9grale sur support papier ou sous forme \u00e9lectronique de pages du site <a href=\"https:\/\/etab.ac-reunion.fr\/lyc-le-verger\/\" target=\"_blank\" rel=\"noopener\">https:\/\/etab.ac-reunion.fr\/lyc-le-verger\/<\/a>&nbsp;<i><i> doit faire l&rsquo;objet d&rsquo;une d\u00e9claration. Les demandes d&rsquo;autorisation de reproduction d&rsquo;un contenu doivent \u00eatre adress\u00e9es au directeur de la publication , en \u00e9crivant \u00e0 l&rsquo;adresse cit\u00e9e dans la partie \u00e9diteur.<br><\/i><\/i><\/p>\n\n\n\n<p>La demande devra pr\u00e9ciser le contenu vis\u00e9 ainsi que la publication ou le site sur lequel ce dernier figurera. Une fois cette autorisation obtenue, la reproduction d&rsquo;un contenu doit ob\u00e9ir aux principes suivants :<br>&#8211; gratuit\u00e9 de la diffusion ;<br>&#8211; respect de l&rsquo;int\u00e9grit\u00e9 des documents reproduits (aucune modification, ni alt\u00e9ration d&rsquo;aucune sorte) ;<br>&#8211; mention obligatoire : \u00ab\u00a0\u00a9&nbsp;https:\/\/etab.ac-reunion.fr\/lyc-le-verger&nbsp; &#8211; Acad\u00e9mie de La R\u00e9union &#8211; droits r\u00e9serv\u00e9s\u00a0\u00bb .<\/p>\n<!-- AddThis Advanced Settings generic via filter on the_content --><!-- AddThis Share Buttons generic via filter on the_content -->","protected":false},"excerpt":{"rendered":"<p>Lyc\u00e9e le verger1 avenue des corossols97438 Saint-MarieT\u00e9l: 0262 53 20 60Courriel: ce.9741185V(a)ac-reunion.fr remplacer (a) par @Fax: 02 62 53 20 69 Directrice de la publication: Odile DELPIERRE, Proviseure du lyc\u00e9e Conception et r\u00e9alisation : Eric ROUSSEL, webmestre Rectorat de l\u2019Acad\u00e9mie de La R\u00e9unionSecr\u00e9tariat g\u00e9n\u00e9ral \u2013 Service Communication24, Avenue Georges Brassens &hellip;<!-- AddThis Advanced Settings generic via filter on get_the_excerpt --><!-- AddThis Share Buttons generic via filter on get_the_excerpt --><\/p>\n","protected":false},"author":157,"featured_media":398,"parent":0,"menu_order":0,"comment_status":"closed","ping_status":"closed","template":"","meta":{"footnotes":"","_links_to":"","_links_to_target":""},"class_list":["post-91","page","type-page","status-publish","has-post-thumbnail","hentry"],"_links":{"self":[{"href":"https:\/\/etab.ac-reunion.fr\/lyc-le-verger\/wp-json\/wp\/v2\/pages\/91","targetHints":{"allow":["GET"]}}],"collection":[{"href":"https:\/\/etab.ac-reunion.fr\/lyc-le-verger\/wp-json\/wp\/v2\/pages"}],"about":[{"href":"https:\/\/etab.ac-reunion.fr\/lyc-le-verger\/wp-json\/wp\/v2\/types\/page"}],"author":[{"embeddable":true,"href":"https:\/\/etab.ac-reunion.fr\/lyc-le-verger\/wp-json\/wp\/v2\/users\/157"}],"replies":[{"embeddable":true,"href":"https:\/\/etab.ac-reunion.fr\/lyc-le-verger\/wp-json\/wp\/v2\/comments?post=91"}],"version-history":[{"count":22,"href":"https:\/\/etab.ac-reunion.fr\/lyc-le-verger\/wp-json\/wp\/v2\/pages\/91\/revisions"}],"predecessor-version":[{"id":5644,"href":"https:\/\/etab.ac-reunion.fr\/lyc-le-verger\/wp-json\/wp\/v2\/pages\/91\/revisions\/5644"}],"wp:featuredmedia":[{"embeddable":true,"href":"https:\/\/etab.ac-reunion.fr\/lyc-le-verger\/wp-json\/wp\/v2\/media\/398"}],"wp:attachment":[{"href":"https:\/\/etab.ac-reunion.fr\/lyc-le-verger\/wp-json\/wp\/v2\/media?parent=91"}],"curies":[{"name":"wp","href":"https:\/\/api.w.org\/{rel}","templated":true}]}}