{"id":924,"date":"2014-11-10T20:35:50","date_gmt":"2014-11-10T16:35:50","guid":{"rendered":"http:\/\/lycee-leverger.ac-reunion.fr\/?page_id=924"},"modified":"2023-02-22T11:04:51","modified_gmt":"2023-02-22T07:04:51","slug":"apres-le-bac","status":"publish","type":"page","link":"https:\/\/etab.ac-reunion.fr\/lyc-le-verger\/orientations\/apres-le-bac\/","title":{"rendered":"Apr\u00e8s le bac"},"content":{"rendered":"\n<div class=\"wp-block-group\"><div class=\"wp-block-group__inner-container is-layout-constrained wp-block-group-is-layout-constrained\">\n<p><span style=\"color: #ff0000\">\u00a0<\/span><\/p>\n<div style=\"text-align: center\">\n<div style=\"margin: 8px 0px 4px\">\n<div style=\"margin: 8px 0px 4px\">\n<div style=\"text-align: center\">\n<div style=\"margin: 8px 0px 4px;text-align: left\">\n<p style=\"text-align: justify\">Le kit parents vous permet de trouver facilement des conseils et des informations, pour aider votre enfant et l&rsquo;accompagner dans ses choix d&rsquo;orientation apr\u00e8s le bac. Il aide \u00e0 faire des choix avec des conseils pour aider l&rsquo;enfant \u00e0 finaliser et \u00e0 r\u00e9aliser son projet d&rsquo;orientation, l\u2019accompagner dans ses d\u00e9marches pour les demandes de bourses ou de logement universitaire, pour suivre les temps forts de son ann\u00e9e de Terminale et identifier les personnes qui pourront vous aider.<\/p>\n<p><a href=\"http:\/\/kitparents.onisep.fr\/apreslebac\" target=\"_blank\" rel=\"noopener noreferrer\"><img loading=\"lazy\" decoding=\"async\" class=\"aligncenter wp-image-2054 size-full\" src=\"https:\/\/etab.ac-reunion.fr\/lyc-le-verger\/wp-content\/uploads\/sites\/32\/2017\/01\/kitparents_ONISEP.jpg\" width=\"500\" height=\"317\" srcset=\"https:\/\/etab.ac-reunion.fr\/lyc-le-verger\/wp-content\/uploads\/sites\/32\/2017\/01\/kitparents_ONISEP.jpg 500w, https:\/\/etab.ac-reunion.fr\/lyc-le-verger\/wp-content\/uploads\/sites\/32\/2017\/01\/kitparents_ONISEP-300x190.jpg 300w\" sizes=\"auto, (max-width: 500px) 100vw, 500px\" \/><\/a><\/p>\n<p>Le guide Apr\u00e8s le bac de la R\u00e9gion R\u00e9union est publi\u00e9<\/p>\n<\/div>\n<div style=\"margin: 8px 0px 4px\">\n<a href='https:\/\/jeunes360.re\/downloads\/OrientAnou_Kossa_nou_fe_apre_le_bac_Rentree2023.pdf' class='icon-button download-icon' target=\"_blank\">OrientAnou Apr\u00e8s le bac 2023<span class='et-icon'><\/span><\/a>\n<p>\u00a0<\/p>\n\n<!-- iframe plugin v.5.2 wordpress.org\/plugins\/iframe\/ -->\n<iframe loading=\"lazy\" src=\"https:\/\/jeunes360.re\/downloads\/OrientAnou_Kossa_nou_fe_apre_le_bac_Rentree2023.pdf\" width=\"570\" height=\"800\" scrolling=\"auto\" class=\"iframe-class\" frameborder=\"0\"><\/iframe>\n\n<\/div>\n<p>\u00a0<\/p>\n<div>\n<div>\n<div>\n<div>\n<div>\n<p>\u00a0<\/p>\n<p style=\"text-align: left\">Le guide CAP vers un m\u00e9tier de la R\u00e9gion R\u00e9union est publi\u00e9<\/p>\n<\/div>\n<div>\n<a href='https:\/\/jeunes360.re\/downloads\/OrientAnou_CAP_vers_un_metier_Rentree2023.pdf' class='icon-button download-icon' target=\"_blank\">OrientAnou\u00a0 CAP vers un m\u00e9tier 2023<span class='et-icon'><\/span><\/a>\n<p>\u00a0<\/p>\n\n<!-- iframe plugin v.5.2 wordpress.org\/plugins\/iframe\/ -->\n<iframe loading=\"lazy\" src=\"https:\/\/jeunes360.re\/downloads\/OrientAnou_CAP_vers_un_metier_Rentree2023.pdf\" width=\"570\" height=\"800\" scrolling=\"auto\" class=\"iframe-class\" frameborder=\"0\"><\/iframe>\n\n<p>\u00a0<\/p>\n<\/div>\n<\/div>\n<\/div>\n<\/div>\n<\/div>\n<div style=\"margin: 8px 0px 4px\">\n<p>\u00a0<\/p>\n<\/div>\n<\/div>\n<\/div>\n<\/div>\n<\/div>\n<\/div><\/div>\n<!-- AddThis Advanced Settings generic via filter on the_content --><!-- AddThis Share Buttons generic via filter on the_content -->","protected":false},"excerpt":{"rendered":"<p>\u00a0 Le kit parents vous permet de trouver facilement des conseils et des informations, pour aider votre enfant et l&rsquo;accompagner dans ses choix d&rsquo;orientation apr\u00e8s le bac. Il aide \u00e0 faire des choix avec des conseils pour aider l&rsquo;enfant \u00e0 finaliser et \u00e0 r\u00e9aliser son projet d&rsquo;orientation, l\u2019accompagner dans ses &hellip;<!-- AddThis Advanced Settings generic via filter on get_the_excerpt --><!-- AddThis Share Buttons generic via filter on get_the_excerpt --><\/p>\n","protected":false},"author":157,"featured_media":0,"parent":752,"menu_order":0,"comment_status":"closed","ping_status":"closed","template":"page-full.php","meta":{"footnotes":"","_links_to":"","_links_to_target":""},"class_list":["post-924","page","type-page","status-publish","hentry"],"_links":{"self":[{"href":"https:\/\/etab.ac-reunion.fr\/lyc-le-verger\/wp-json\/wp\/v2\/pages\/924","targetHints":{"allow":["GET"]}}],"collection":[{"href":"https:\/\/etab.ac-reunion.fr\/lyc-le-verger\/wp-json\/wp\/v2\/pages"}],"about":[{"href":"https:\/\/etab.ac-reunion.fr\/lyc-le-verger\/wp-json\/wp\/v2\/types\/page"}],"author":[{"embeddable":true,"href":"https:\/\/etab.ac-reunion.fr\/lyc-le-verger\/wp-json\/wp\/v2\/users\/157"}],"replies":[{"embeddable":true,"href":"https:\/\/etab.ac-reunion.fr\/lyc-le-verger\/wp-json\/wp\/v2\/comments?post=924"}],"version-history":[{"count":28,"href":"https:\/\/etab.ac-reunion.fr\/lyc-le-verger\/wp-json\/wp\/v2\/pages\/924\/revisions"}],"predecessor-version":[{"id":5422,"href":"https:\/\/etab.ac-reunion.fr\/lyc-le-verger\/wp-json\/wp\/v2\/pages\/924\/revisions\/5422"}],"up":[{"embeddable":true,"href":"https:\/\/etab.ac-reunion.fr\/lyc-le-verger\/wp-json\/wp\/v2\/pages\/752"}],"wp:attachment":[{"href":"https:\/\/etab.ac-reunion.fr\/lyc-le-verger\/wp-json\/wp\/v2\/media?parent=924"}],"curies":[{"name":"wp","href":"https:\/\/api.w.org\/{rel}","templated":true}]}}