{"id":2477,"date":"2018-04-21T15:41:19","date_gmt":"2018-04-21T11:41:19","guid":{"rendered":"http:\/\/lycee-llisle.ac-reunion.fr\/?page_id=2477"},"modified":"2018-06-02T10:02:28","modified_gmt":"2018-06-02T06:02:28","slug":"unss-danse-2018","status":"publish","type":"page","link":"https:\/\/etab.ac-reunion.fr\/lyc-leconte-de-lisle\/unss\/unss-danse-2018\/","title":{"rendered":"UNSS Danse 2018"},"content":{"rendered":"<h1 style=\"text-align: center\"><strong>F\u00e9licitations \u00e0 nos jeunes danseurs et danseuses<\/strong><\/h1>\n<h2 style=\"text-align: center\">Champions de France de Danse Chor\u00e9graphi\u00e9e<\/h2>\n<h2 style=\"text-align: center\">Pour la deuxi\u00e8me ann\u00e9e cons\u00e9cutive!<\/h2>\n<div class=\"su-document su-u-responsive-media-yes\"><iframe loading=\"lazy\" src=\"\/\/docs.google.com\/viewer?embedded=true&url=https:\/\/etab.ac-reunion.fr\/lyc-leconte-de-lisle\/wp-content\/uploads\/sites\/53\/2018\/06\/COUPURE-JOURNAL-DE-LILE-MARDI-29-MAI-2018.pdf\" width=\"700\" height=\"1600\" class=\"su-document\" title=\"\"><\/iframe><\/div>\n<p>&nbsp;<\/p>\n<p>&nbsp;<\/p>\n<p>&nbsp;<\/p>\n<p>&nbsp;<\/p>\n<p>&nbsp;<\/p>\n<h3>Chor\u00e9graphie r\u00e9alis\u00e9e au Championnat acad\u00e9mique:<\/h3>\n<div class=\"su-vimeo su-u-responsive-media-yes\"><iframe loading=\"lazy\" width=\"880\" height=\"440\" src=\"\/\/player.vimeo.com\/video\/265881408?title=0&amp;byline=0&amp;portrait=0&amp;color=ffffff&amp;autoplay=1&amp;dnt=0&amp;muted=0&amp;texttrack=\" frameborder=\"0\" allow=\"autoplay; fullscreen\" allowfullscreen title=\"\"><\/iframe><\/div>\n<p>&nbsp;<\/p>\n","protected":false},"excerpt":{"rendered":"<p>F\u00e9licitations \u00e0 nos jeunes danseurs et danseuses Champions de France de Danse Chor\u00e9graphi\u00e9e Pour la deuxi\u00e8me ann\u00e9e cons\u00e9cutive! &nbsp; &nbsp; &nbsp; &nbsp; &nbsp; Chor\u00e9graphie r\u00e9alis\u00e9e au Championnat acad\u00e9mique: &nbsp;<\/p>\n","protected":false},"author":16240,"featured_media":0,"parent":1687,"menu_order":0,"comment_status":"closed","ping_status":"closed","template":"","meta":{"_et_pb_use_builder":"","_et_pb_old_content":"","_et_gb_content_width":"","footnotes":""},"class_list":["post-2477","page","type-page","status-publish","hentry"],"_links":{"self":[{"href":"https:\/\/etab.ac-reunion.fr\/lyc-leconte-de-lisle\/wp-json\/wp\/v2\/pages\/2477","targetHints":{"allow":["GET"]}}],"collection":[{"href":"https:\/\/etab.ac-reunion.fr\/lyc-leconte-de-lisle\/wp-json\/wp\/v2\/pages"}],"about":[{"href":"https:\/\/etab.ac-reunion.fr\/lyc-leconte-de-lisle\/wp-json\/wp\/v2\/types\/page"}],"author":[{"embeddable":true,"href":"https:\/\/etab.ac-reunion.fr\/lyc-leconte-de-lisle\/wp-json\/wp\/v2\/users\/16240"}],"replies":[{"embeddable":true,"href":"https:\/\/etab.ac-reunion.fr\/lyc-leconte-de-lisle\/wp-json\/wp\/v2\/comments?post=2477"}],"version-history":[{"count":3,"href":"https:\/\/etab.ac-reunion.fr\/lyc-leconte-de-lisle\/wp-json\/wp\/v2\/pages\/2477\/revisions"}],"predecessor-version":[{"id":2560,"href":"https:\/\/etab.ac-reunion.fr\/lyc-leconte-de-lisle\/wp-json\/wp\/v2\/pages\/2477\/revisions\/2560"}],"up":[{"embeddable":true,"href":"https:\/\/etab.ac-reunion.fr\/lyc-leconte-de-lisle\/wp-json\/wp\/v2\/pages\/1687"}],"wp:attachment":[{"href":"https:\/\/etab.ac-reunion.fr\/lyc-leconte-de-lisle\/wp-json\/wp\/v2\/media?parent=2477"}],"curies":[{"name":"wp","href":"https:\/\/api.w.org\/{rel}","templated":true}]}}