{"id":3056,"date":"2019-09-12T19:19:46","date_gmt":"2019-09-12T15:19:46","guid":{"rendered":"http:\/\/lycee-llisle.ac-reunion.fr\/?page_id=3056"},"modified":"2019-09-12T19:25:45","modified_gmt":"2019-09-12T15:25:45","slug":"sentez-vous-sport","status":"publish","type":"page","link":"https:\/\/etab.ac-reunion.fr\/lyc-leconte-de-lisle\/sentez-vous-sport\/","title":{"rendered":"Sentez vous sport"},"content":{"rendered":"\n<h2 class=\"wp-block-heading\">Le lyc\u00e9e Leconte de Lisle obtient le label \u00ab\u00a0Sentez-vous sport !\u00a0\u00bb<\/h2>\n\n\n\n<div class=\"wp-block-image\"><figure class=\"aligncenter\"><img decoding=\"async\" src=\"https:\/\/etab.ac-reunion.fr\/lyc-leconte-de-lisle\/wp-content\/uploads\/sites\/53\/2019\/09\/sentezsport.png\" alt=\"\" class=\"wp-image-3057\" \/><\/figure><\/div>\n\n\n\n<p>La rentr\u00e9e sportive Sentez-Vous Sport est une <strong>op\u00e9ration nationale de promotion du sport pour tous<\/strong>. <br>Organis\u00e9e  par le Comit\u00e9 national olympique et sportif fran\u00e7ais (CNOSF) depuis  2010 avec le soutien du mouvement sportif, Sentez-Vous Sport est  l&rsquo;occasion d&rsquo;encourager les Fran\u00e7ais \u00e0 pratiquer une activit\u00e9 physique  et sportive. De nombreuses animations et conf\u00e9rences sont organis\u00e9es, <strong>gratuitement<\/strong>,  partout en France, afin de sensibiliser le grand public, les \u00e9tudiants,  les scolaires et les entreprises aux bienfaits de l&rsquo;activit\u00e9 physique  et sportive r\u00e9guli\u00e8re. <\/p>\n\n\n\n<h4 class=\"wp-block-heading\">Pour en savoir plus&#8230;<\/h4>\n\n\n\n<p><a href=\"http:\/\/cnosf.franceolympique.com\/cnosf\/cat\/5\/405.php\">http:\/\/cnosf.franceolympique.com\/cnosf\/cat\/5\/405.php<\/a><\/p>\n\n\n\n<figure class=\"wp-block-image\"><img decoding=\"async\" src=\"https:\/\/etab.ac-reunion.fr\/lyc-leconte-de-lisle\/wp-content\/uploads\/sites\/53\/2019\/09\/image.png\" alt=\"\" class=\"wp-image-3061\" \/><\/figure>\n\n\n\n<p><a href=\"https:\/\/twitter.com\/SentezVousSport\">https:\/\/twitter.com\/SentezVousSport<\/a><\/p>\n\n\n\n<figure class=\"wp-block-image\"><img decoding=\"async\" src=\"https:\/\/etab.ac-reunion.fr\/lyc-leconte-de-lisle\/wp-content\/uploads\/sites\/53\/2019\/09\/image-1.png\" alt=\"\" class=\"wp-image-3062\" \/><\/figure>\n\n\n\n<p><a href=\"https:\/\/www.facebook.com\/pages\/Sentez-vous-Sport\/687461021268314?fref=ts\">https:\/\/www.facebook.com\/pages\/Sentez-vous-Sport\/687461021268314?fref=ts<\/a><\/p>\n\n\n\n<div class=\"wp-block-image\"><figure class=\"aligncenter\"><img decoding=\"async\" src=\"https:\/\/etab.ac-reunion.fr\/lyc-leconte-de-lisle\/wp-content\/uploads\/sites\/53\/2019\/09\/180x250.jpg\" alt=\"\" class=\"wp-image-3065\" \/><\/figure><\/div>\n","protected":false},"excerpt":{"rendered":"<p>Le lyc\u00e9e Leconte de Lisle obtient le label \u00ab\u00a0Sentez-vous sport !\u00a0\u00bb La rentr\u00e9e sportive Sentez-Vous Sport est une op\u00e9ration nationale de promotion du sport pour tous. Organis\u00e9e par le Comit\u00e9 national olympique et sportif fran\u00e7ais (CNOSF) depuis 2010 avec le soutien du mouvement sportif, Sentez-Vous Sport est l&rsquo;occasion d&rsquo;encourager les Fran\u00e7ais \u00e0 pratiquer une activit\u00e9 [&hellip;]<\/p>\n","protected":false},"author":20423,"featured_media":0,"parent":0,"menu_order":0,"comment_status":"closed","ping_status":"closed","template":"","meta":{"_et_pb_use_builder":"","_et_pb_old_content":"","_et_gb_content_width":"","footnotes":""},"class_list":["post-3056","page","type-page","status-publish","hentry"],"_links":{"self":[{"href":"https:\/\/etab.ac-reunion.fr\/lyc-leconte-de-lisle\/wp-json\/wp\/v2\/pages\/3056","targetHints":{"allow":["GET"]}}],"collection":[{"href":"https:\/\/etab.ac-reunion.fr\/lyc-leconte-de-lisle\/wp-json\/wp\/v2\/pages"}],"about":[{"href":"https:\/\/etab.ac-reunion.fr\/lyc-leconte-de-lisle\/wp-json\/wp\/v2\/types\/page"}],"author":[{"embeddable":true,"href":"https:\/\/etab.ac-reunion.fr\/lyc-leconte-de-lisle\/wp-json\/wp\/v2\/users\/20423"}],"replies":[{"embeddable":true,"href":"https:\/\/etab.ac-reunion.fr\/lyc-leconte-de-lisle\/wp-json\/wp\/v2\/comments?post=3056"}],"version-history":[{"count":6,"href":"https:\/\/etab.ac-reunion.fr\/lyc-leconte-de-lisle\/wp-json\/wp\/v2\/pages\/3056\/revisions"}],"predecessor-version":[{"id":3068,"href":"https:\/\/etab.ac-reunion.fr\/lyc-leconte-de-lisle\/wp-json\/wp\/v2\/pages\/3056\/revisions\/3068"}],"wp:attachment":[{"href":"https:\/\/etab.ac-reunion.fr\/lyc-leconte-de-lisle\/wp-json\/wp\/v2\/media?parent=3056"}],"curies":[{"name":"wp","href":"https:\/\/api.w.org\/{rel}","templated":true}]}}