{"id":448,"date":"2014-06-16T17:14:18","date_gmt":"2014-06-16T13:14:18","guid":{"rendered":"http:\/\/lycee-llisle.ac-reunion.fr\/?page_id=448"},"modified":"2026-01-29T11:47:10","modified_gmt":"2026-01-29T07:47:10","slug":"cpge","status":"publish","type":"page","link":"https:\/\/etab.ac-reunion.fr\/lyc-leconte-de-lisle\/post-bac\/cpge\/","title":{"rendered":"CPGE"},"content":{"rendered":"\n<p class=\"has-text-align-center\"><strong>Journ\u00e9e portes ouvertes : 7 f\u00e9vrier 2026 : 8 h 30 \u00e0 16 h 30 !&nbsp;<\/strong><\/p>\n\n\n\n<p><em><em>Les CPGE du lyc\u00e9e Leconte de Lisle<\/em> organisent des immersions (\u00e0 destination des \u00e9l\u00e8ves de Terminale) qui se d\u00e9rouleront sur une demi-journ\u00e9e lors de s\u00e9ances en demi ou tiers de classe (TP ou TD) afin que les lyc\u00e9ennes, lyc\u00e9ens puissent plus facilement \u00e9changer avec nos \u00e9tudiantes, \u00e9tudiants et leurs enseignant\u00b7e\u00b7s. Il leur suffit de s\u2019inscrire\u00a0<\/em><strong>via le formulaire\u00a0<\/strong><a href=\"https:\/\/magmatic.ac-reunion.fr\/limesurvey\/592918?lang=fr\"><strong>https:\/\/magmatic.ac-reunion.fr\/limesurvey\/592918?lang=fr<\/strong><\/a>\u00a0(ou s&rsquo;il y a un probl\u00e8me avec le lien fourni, directement \u00e9crire au chef des travaux : cdtx.lecontedelisle[at]ac-reunion.fr (remplacer le [at] par @)<\/p>\n\n\n\n<figure class=\"wp-block-image size-large\"><img loading=\"lazy\" decoding=\"async\" width=\"1024\" height=\"875\" src=\"https:\/\/etab.ac-reunion.fr\/lyc-leconte-de-lisle\/wp-content\/uploads\/sites\/53\/2025\/11\/Pre-affiche-JPO-2026-1024x875.jpg\" alt=\"\" class=\"wp-image-7066\" srcset=\"https:\/\/etab.ac-reunion.fr\/lyc-leconte-de-lisle\/wp-content\/uploads\/sites\/53\/2025\/11\/Pre-affiche-JPO-2026-980x837.jpg 980w, https:\/\/etab.ac-reunion.fr\/lyc-leconte-de-lisle\/wp-content\/uploads\/sites\/53\/2025\/11\/Pre-affiche-JPO-2026-480x410.jpg 480w\" sizes=\"(min-width: 0px) and (max-width: 480px) 480px, (min-width: 481px) and (max-width: 980px) 980px, (min-width: 981px) 1024px, 100vw\" \/><\/figure>\n\n\n\n<p>Sur 2 (voire 3) ans, les classes pr\u00e9paratoires aux grandes \u00e9coles (CPGE) visent la r\u00e9ussite aux concours d&rsquo;entr\u00e9e des \u00e9coles de commerce et d&rsquo;ing\u00e9nieurs, mais aussi v\u00e9t\u00e9rinaires ou militaires, \u00e9coles normales sup\u00e9rieures (ENS), \u00c9cole des chartes, \u00e9coles de traduction, Instituts d\u2019Etude Politique, \u00e9coles de cin\u00e9ma, \u00e9coles de journalisme, \u00e9coles de communication et de l\u2019\u00e9v\u00e9nementiel.<\/p>\n\n\n\n<p>Les CPGE sont un parcours s\u00e9curis\u00e9 qui donnent une \u00e9quivalence en Licence et qui permettent aussi des poursuites d\u2019\u00e9tudes \u00e0 l\u2019universit\u00e9 notamment en L3 ou en Master s\u00e9lectifs. Nos \u00e9tudiant.e.s partent \u00e9galement en mobilit\u00e9 internationale et obtiennent des double-dipl\u00f4me.<\/p>\n\n\n\n<p class=\"_04xlpA direction-ltr align-center para-style-body\"><span style=\"font-size: revert\">Elles offrent une formation pluridisciplinaire d&rsquo;excellence et un accompagnement dans les projets d&rsquo;\u00e9tudes par les professeurs. L\u2019\u00e9tudiant.e ne sera pas livr\u00e9 \u00e0 lui-m\u00eame, mais suivi individuellement. Les m\u00e9tiers accessibles apr\u00e8s une CPGE sont vari\u00e9s et g\u00e9n\u00e9ralement bien r\u00e9mun\u00e9r\u00e9s.<\/span><\/p>\n\n\n\n<p>Le lyc\u00e9e Leconte de Lisle propose des cursus non seulement en <a href=\"https:\/\/etab.ac-reunion.fr\/lyc-leconte-de-lisle\/cpge-d1-droit\/\">droit<\/a>, mais aussi des cursus <a href=\"https:\/\/etab.ac-reunion.fr\/lyc-leconte-de-lisle\/cpge-scientifiques\/\" rel=\"attachment wp-att-2293\">scientifiques <\/a>et <a href=\"https:\/\/etab.ac-reunion.fr\/lyc-leconte-de-lisle\/cpge-litteraires\/\" target=\"_blank\" rel=\"noopener noreferrer\">litt\u00e9raires. <\/a><em>(cliquez sur les liens pour obtenir plus d&rsquo;informations)&nbsp;<\/em>et \u00e9galement <a href=\"https:\/\/etab.ac-reunion.fr\/lyc-leconte-de-lisle\/bureau-des-eleves\/\">Bureau des \u00c9tudiantes et \u00c9tudiants des Classes Pr\u00e9paratoire aux Grandes \u00c9coles (ou BDE)<\/a> tr\u00e8s dynamique pour renforcer la coh\u00e9sion entre les promotions. Il s\u2019agit d\u2019un grand p\u00f4le sup\u00e9rieur qui compte plus de 350 \u00e9tudiant.e.s.<\/p>\n\n\n\n<ul class=\"wp-block-list\">\n<li>Visites de <a href=\"https:\/\/www.isit-paris.fr\/\">l&rsquo;ISIT<\/a>, de <a href=\"https:\/\/www.montpellier-bs.com\/\">Montpellier Business School<\/a> et de <a href=\"https:\/\/www.excelia-group.fr\/\">Excelia<\/a> \u00e0 Leconte de Lisle. Ces \u00e9coles offrent de poursuites d&rsquo;\u00e9tudes s\u00e9curis\u00e9es \u00e0 nos \u00e9tudiant.e.s apr\u00e8s la kh\u00e2gne (2e ann\u00e9e) ou la kh\u00fbbe (3e ann\u00e9e).<\/li>\n<\/ul>\n\n\n\n<figure class=\"wp-block-image\"><img loading=\"lazy\" decoding=\"async\" width=\"300\" height=\"225\" src=\"https:\/\/etab.ac-reunion.fr\/lyc-leconte-de-lisle\/wp-content\/uploads\/sites\/53\/2023\/12\/8A03C227-4880-4EE3-BB15-704943636351-300x225.jpg\" alt=\"\" class=\"wp-image-6026\" \/><\/figure>\n\n\n\n<figure class=\"wp-block-image\"><img loading=\"lazy\" decoding=\"async\" width=\"225\" height=\"300\" src=\"https:\/\/etab.ac-reunion.fr\/lyc-leconte-de-lisle\/wp-content\/uploads\/sites\/53\/2023\/12\/IMG_1399-225x300.jpg\" alt=\"\" class=\"wp-image-6025\" \/><\/figure>\n\n\n\n<p><\/p>\n\n\n\n<ul class=\"wp-block-list\">\n<li>Notre participation au salon de l&rsquo;Etudiant a \u00e9galement port\u00e9 ses fruits. Nos \u00e9tudiants ont pu \u00e9changer avec les lyc\u00e9ens et leurs parents.<\/li>\n<\/ul>\n\n\n\n<figure class=\"wp-block-image\"><img loading=\"lazy\" decoding=\"async\" width=\"169\" height=\"300\" src=\"https:\/\/etab.ac-reunion.fr\/lyc-leconte-de-lisle\/wp-content\/uploads\/sites\/53\/2023\/12\/3DF3ECA8-1CAD-4440-BFCF-33A44E199200-169x300.jpg\" alt=\"\" class=\"wp-image-6027\" \/><\/figure>\n\n\n\n<p><\/p>\n\n\n\n<ul class=\"wp-block-list\">\n<li>Des conf\u00e9rences scientifiques, ici autour de l&rsquo;intelligence artificielle<\/li>\n<\/ul>\n\n\n\n<figure class=\"wp-block-image\"><img loading=\"lazy\" decoding=\"async\" width=\"300\" height=\"204\" src=\"https:\/\/etab.ac-reunion.fr\/lyc-leconte-de-lisle\/wp-content\/uploads\/sites\/53\/2024\/01\/conf-300x204.png\" alt=\"\" class=\"wp-image-6075\" \/><\/figure>\n\n\n\n<p><\/p>\n","protected":false},"excerpt":{"rendered":"<p>Journ\u00e9e portes ouvertes : 7 f\u00e9vrier 2026 : 8 h 30 \u00e0 16 h 30 !&nbsp; Les CPGE du lyc\u00e9e Leconte de Lisle organisent des immersions (\u00e0 destination des \u00e9l\u00e8ves de Terminale) qui se d\u00e9rouleront sur une demi-journ\u00e9e lors de s\u00e9ances en demi ou tiers de classe (TP ou TD) afin que les lyc\u00e9ennes, lyc\u00e9ens [&hellip;]<\/p>\n","protected":false},"author":762,"featured_media":0,"parent":155,"menu_order":2,"comment_status":"open","ping_status":"open","template":"","meta":{"_et_pb_use_builder":"","_et_pb_old_content":"","_et_gb_content_width":"","footnotes":""},"class_list":["post-448","page","type-page","status-publish","hentry"],"_links":{"self":[{"href":"https:\/\/etab.ac-reunion.fr\/lyc-leconte-de-lisle\/wp-json\/wp\/v2\/pages\/448","targetHints":{"allow":["GET"]}}],"collection":[{"href":"https:\/\/etab.ac-reunion.fr\/lyc-leconte-de-lisle\/wp-json\/wp\/v2\/pages"}],"about":[{"href":"https:\/\/etab.ac-reunion.fr\/lyc-leconte-de-lisle\/wp-json\/wp\/v2\/types\/page"}],"author":[{"embeddable":true,"href":"https:\/\/etab.ac-reunion.fr\/lyc-leconte-de-lisle\/wp-json\/wp\/v2\/users\/762"}],"replies":[{"embeddable":true,"href":"https:\/\/etab.ac-reunion.fr\/lyc-leconte-de-lisle\/wp-json\/wp\/v2\/comments?post=448"}],"version-history":[{"count":62,"href":"https:\/\/etab.ac-reunion.fr\/lyc-leconte-de-lisle\/wp-json\/wp\/v2\/pages\/448\/revisions"}],"predecessor-version":[{"id":7132,"href":"https:\/\/etab.ac-reunion.fr\/lyc-leconte-de-lisle\/wp-json\/wp\/v2\/pages\/448\/revisions\/7132"}],"up":[{"embeddable":true,"href":"https:\/\/etab.ac-reunion.fr\/lyc-leconte-de-lisle\/wp-json\/wp\/v2\/pages\/155"}],"wp:attachment":[{"href":"https:\/\/etab.ac-reunion.fr\/lyc-leconte-de-lisle\/wp-json\/wp\/v2\/media?parent=448"}],"curies":[{"name":"wp","href":"https:\/\/api.w.org\/{rel}","templated":true}]}}